{"id":332,"date":"2012-06-26T17:23:44","date_gmt":"2012-06-26T21:23:44","guid":{"rendered":"http:\/\/medicina.udd.cl\/centro-epidemiologia-politicas-salud\/"},"modified":"2012-06-26T17:23:44","modified_gmt":"2012-06-26T21:23:44","slug":"descripcion-2","status":"publish","type":"page","link":"https:\/\/medicina.udd.cl\/centro-epidemiologia-politicas-salud\/descripcion-2\/","title":{"rendered":"Descripci\u00f3n"},"content":{"rendered":"<p style=\"text-align: justify;\"><a href=\"http:\/\/medicina.udd.cl\/centro-epidemiologia-politicas-salud\/files\/2012\/06\/DSC01785.jpg\"><img loading=\"lazy\" decoding=\"async\" class=\"alignright size-medium wp-image-333\" title=\"reuniones\" src=\"http:\/\/medicina.udd.cl\/centro-epidemiologia-politicas-salud\/files\/2012\/06\/DSC01785-300x225.jpg\" alt=\"\" width=\"300\" height=\"225\" srcset=\"https:\/\/medicina.udd.cl\/centro-epidemiologia-politicas-salud\/files\/2012\/06\/DSC01785-300x225.jpg 300w, https:\/\/medicina.udd.cl\/centro-epidemiologia-politicas-salud\/files\/2012\/06\/DSC01785-768x576.jpg 768w, https:\/\/medicina.udd.cl\/centro-epidemiologia-politicas-salud\/files\/2012\/06\/DSC01785-1024x768.jpg 1024w, https:\/\/medicina.udd.cl\/centro-epidemiologia-politicas-salud\/files\/2012\/06\/DSC01785-960x720.jpg 960w\" sizes=\"auto, (max-width: 300px) 100vw, 300px\" \/><\/a>Con el prop\u00f3sito de contribuir al fortalecimiento de las competencias relacionales del equipo directivo de la Red Asistencial dependiente del Servicio de Salud Chilo\u00e9, la Universidad del Desarrollo a trav\u00e9s\u00a0 del Centro de Epidemiolog\u00eda y Pol\u00edticas de Salud P\u00fablica (CEPS) de la Facultad de Medicina Cl\u00ednica Alemana Universidad del Desarrollo en conjunto con la Facultad de Gobierno desarroll\u00f3 el programa de post\u00edtulo que se presenta a continuaci\u00f3n.<\/p>\n<p style=\"text-align: justify;\">El programa tuvo por finalidad desarrollar y fortalecer competencias relacionales que permitieran a los equipos directivos perfeccionar la articulaci\u00f3n, integraci\u00f3n y la gesti\u00f3n en redes, incorporando herramientas y habilidades gerenciales para optimizar el trabajo en equipo, traduciendo lo aprendido en la ejecuci\u00f3n de proyectos espec\u00edficos de intervenci\u00f3n basados en la identificaci\u00f3n local de temas cr\u00edticos para el mejoramiento de la calidad, el acceso a la atenci\u00f3n de salud y el buen trato al usuario, que ser\u00e1n acompa\u00f1ados por el equipo docente.<\/p>\n<p style=\"text-align: justify;\">A trav\u00e9s del programa, difundimos el estilo emprendedor y colaborador para desarrollar una cultura directiva con capacidad de dise\u00f1ar, planificar, ejecutar y evaluar la gesti\u00f3n de sus instituciones de atenci\u00f3n de salud y que permitan ejercer una gesti\u00f3n en redes de calidad y en beneficio de la poblaci\u00f3n sujeto de demandas y necesidades en salud que deben ser garantizadas y adecuadamente satisfechas.<\/p>\n<p style=\"text-align: justify;\">Tanto los equipos directivos de las instituciones de salud\u00a0 como los procesos asistenciales en red, est\u00e1n sometidos a constantes tensiones, ya sea en su \u00e1rea estructural administrativa-financiera como en el \u00e1rea program\u00e1tica de provisi\u00f3n de servicios de salud; por ello se requiere de profesionales directivos capacitados, din\u00e1micos y capaces de enfrentar estas tensiones con habilidades gerenciales, preparados para tomar decisiones de trascendencia y para conducir a sus instituciones hacia est\u00e1ndares de excelencia en la gesti\u00f3n tanto en sus procesos como en los resultados de atenci\u00f3n, promoci\u00f3n y prevenci\u00f3n en salud, que aseguren el acceso de todos los que lo necesitan, otorgando servicios con oportunidad\u00a0 y con niveles de calidad adecuados.<\/p>\n","protected":false},"excerpt":{"rendered":"<p>Con el prop\u00f3sito de contribuir al fortalecimiento de las competencias relacionales del equipo directivo de la Red Asistencial dependiente del Servicio de Salud Chilo\u00e9, la Universidad del Desarrollo a trav\u00e9s\u00a0 del Centro de Epidemiolog\u00eda y Pol\u00edticas de Salud P\u00fablica (CEPS) de la Facultad de Medicina Cl\u00ednica Alemana Universidad del Desarrollo en conjunto con la Facultad [&hellip;]<\/p>\n","protected":false},"author":1,"featured_media":0,"parent":0,"menu_order":0,"comment_status":"open","ping_status":"open","template":"wide-default.php","meta":{"footnotes":""},"class_list":["post-332","page","type-page","status-publish","hentry"],"yoast_head":"<!-- This site is optimized with the Yoast SEO plugin v26.9 - https:\/\/yoast.com\/product\/yoast-seo-wordpress\/ -->\n<title>Descripci\u00f3n - Centro de Epidemiolog\u00eda y Pol\u00edticas de Salud<\/title>\n<meta name=\"robots\" content=\"index, follow, max-snippet:-1, max-image-preview:large, max-video-preview:-1\" \/>\n<link rel=\"canonical\" href=\"https:\/\/medicina.udd.cl\/centro-epidemiologia-politicas-salud\/descripcion-2\/\" \/>\n<meta property=\"og:locale\" content=\"es_ES\" \/>\n<meta property=\"og:type\" content=\"article\" \/>\n<meta property=\"og:title\" content=\"Descripci\u00f3n - Centro de Epidemiolog\u00eda y Pol\u00edticas de Salud\" \/>\n<meta property=\"og:description\" content=\"Con el prop\u00f3sito de contribuir al fortalecimiento de las competencias relacionales del equipo directivo de la Red Asistencial dependiente del Servicio de Salud Chilo\u00e9, la Universidad del Desarrollo a trav\u00e9s\u00a0 del Centro de Epidemiolog\u00eda y Pol\u00edticas de Salud P\u00fablica (CEPS) de la Facultad de Medicina Cl\u00ednica Alemana Universidad del Desarrollo en conjunto con la Facultad [&hellip;]\" \/>\n<meta property=\"og:url\" content=\"https:\/\/medicina.udd.cl\/centro-epidemiologia-politicas-salud\/descripcion-2\/\" \/>\n<meta property=\"og:site_name\" content=\"Centro de Epidemiolog\u00eda y Pol\u00edticas de Salud\" \/>\n<meta property=\"og:image\" content=\"http:\/\/medicina.udd.cl\/centro-epidemiologia-politicas-salud\/files\/2012\/06\/DSC01785-300x225.jpg\" \/>\n<meta name=\"twitter:label1\" content=\"Tiempo de lectura\" \/>\n\t<meta name=\"twitter:data1\" content=\"2 minutos\" \/>\n<script type=\"application\/ld+json\" class=\"yoast-schema-graph\">{\"@context\":\"https:\/\/schema.org\",\"@graph\":[{\"@type\":\"WebPage\",\"@id\":\"https:\/\/medicina.udd.cl\/centro-epidemiologia-politicas-salud\/descripcion-2\/\",\"url\":\"https:\/\/medicina.udd.cl\/centro-epidemiologia-politicas-salud\/descripcion-2\/\",\"name\":\"Descripci\u00f3n - Centro de Epidemiolog\u00eda y Pol\u00edticas de Salud\",\"isPartOf\":{\"@id\":\"https:\/\/medicina.udd.cl\/centro-epidemiologia-politicas-salud\/#website\"},\"primaryImageOfPage\":{\"@id\":\"https:\/\/medicina.udd.cl\/centro-epidemiologia-politicas-salud\/descripcion-2\/#primaryimage\"},\"image\":{\"@id\":\"https:\/\/medicina.udd.cl\/centro-epidemiologia-politicas-salud\/descripcion-2\/#primaryimage\"},\"thumbnailUrl\":\"http:\/\/medicina.udd.cl\/centro-epidemiologia-politicas-salud\/files\/2012\/06\/DSC01785-300x225.jpg\",\"datePublished\":\"2012-06-26T21:23:44+00:00\",\"breadcrumb\":{\"@id\":\"https:\/\/medicina.udd.cl\/centro-epidemiologia-politicas-salud\/descripcion-2\/#breadcrumb\"},\"inLanguage\":\"es\",\"potentialAction\":[{\"@type\":\"ReadAction\",\"target\":[\"https:\/\/medicina.udd.cl\/centro-epidemiologia-politicas-salud\/descripcion-2\/\"]}]},{\"@type\":\"ImageObject\",\"inLanguage\":\"es\",\"@id\":\"https:\/\/medicina.udd.cl\/centro-epidemiologia-politicas-salud\/descripcion-2\/#primaryimage\",\"url\":\"http:\/\/medicina.udd.cl\/centro-epidemiologia-politicas-salud\/files\/2012\/06\/DSC01785-300x225.jpg\",\"contentUrl\":\"http:\/\/medicina.udd.cl\/centro-epidemiologia-politicas-salud\/files\/2012\/06\/DSC01785-300x225.jpg\"},{\"@type\":\"BreadcrumbList\",\"@id\":\"https:\/\/medicina.udd.cl\/centro-epidemiologia-politicas-salud\/descripcion-2\/#breadcrumb\",\"itemListElement\":[{\"@type\":\"ListItem\",\"position\":1,\"name\":\"Inicio\",\"item\":\"https:\/\/medicina.udd.cl\/centro-epidemiologia-politicas-salud\/\"},{\"@type\":\"ListItem\",\"position\":2,\"name\":\"Descripci\u00f3n\"}]},{\"@type\":\"WebSite\",\"@id\":\"https:\/\/medicina.udd.cl\/centro-epidemiologia-politicas-salud\/#website\",\"url\":\"https:\/\/medicina.udd.cl\/centro-epidemiologia-politicas-salud\/\",\"name\":\"Centro de Epidemiolog\u00eda y Pol\u00edticas de Salud\",\"description\":\"Otro blog m\u00e1s de Medicina\",\"inLanguage\":\"es\"}]}<\/script>\n<!-- \/ Yoast SEO plugin. -->","yoast_head_json":{"title":"Descripci\u00f3n - Centro de Epidemiolog\u00eda y Pol\u00edticas de Salud","robots":{"index":"index","follow":"follow","max-snippet":"max-snippet:-1","max-image-preview":"max-image-preview:large","max-video-preview":"max-video-preview:-1"},"canonical":"https:\/\/medicina.udd.cl\/centro-epidemiologia-politicas-salud\/descripcion-2\/","og_locale":"es_ES","og_type":"article","og_title":"Descripci\u00f3n - Centro de Epidemiolog\u00eda y Pol\u00edticas de Salud","og_description":"Con el prop\u00f3sito de contribuir al fortalecimiento de las competencias relacionales del equipo directivo de la Red Asistencial dependiente del Servicio de Salud Chilo\u00e9, la Universidad del Desarrollo a trav\u00e9s\u00a0 del Centro de Epidemiolog\u00eda y Pol\u00edticas de Salud P\u00fablica (CEPS) de la Facultad de Medicina Cl\u00ednica Alemana Universidad del Desarrollo en conjunto con la Facultad [&hellip;]","og_url":"https:\/\/medicina.udd.cl\/centro-epidemiologia-politicas-salud\/descripcion-2\/","og_site_name":"Centro de Epidemiolog\u00eda y Pol\u00edticas de Salud","og_image":[{"url":"http:\/\/medicina.udd.cl\/centro-epidemiologia-politicas-salud\/files\/2012\/06\/DSC01785-300x225.jpg","type":"","width":"","height":""}],"twitter_misc":{"Tiempo de lectura":"2 minutos"},"schema":{"@context":"https:\/\/schema.org","@graph":[{"@type":"WebPage","@id":"https:\/\/medicina.udd.cl\/centro-epidemiologia-politicas-salud\/descripcion-2\/","url":"https:\/\/medicina.udd.cl\/centro-epidemiologia-politicas-salud\/descripcion-2\/","name":"Descripci\u00f3n - Centro de Epidemiolog\u00eda y Pol\u00edticas de Salud","isPartOf":{"@id":"https:\/\/medicina.udd.cl\/centro-epidemiologia-politicas-salud\/#website"},"primaryImageOfPage":{"@id":"https:\/\/medicina.udd.cl\/centro-epidemiologia-politicas-salud\/descripcion-2\/#primaryimage"},"image":{"@id":"https:\/\/medicina.udd.cl\/centro-epidemiologia-politicas-salud\/descripcion-2\/#primaryimage"},"thumbnailUrl":"http:\/\/medicina.udd.cl\/centro-epidemiologia-politicas-salud\/files\/2012\/06\/DSC01785-300x225.jpg","datePublished":"2012-06-26T21:23:44+00:00","breadcrumb":{"@id":"https:\/\/medicina.udd.cl\/centro-epidemiologia-politicas-salud\/descripcion-2\/#breadcrumb"},"inLanguage":"es","potentialAction":[{"@type":"ReadAction","target":["https:\/\/medicina.udd.cl\/centro-epidemiologia-politicas-salud\/descripcion-2\/"]}]},{"@type":"ImageObject","inLanguage":"es","@id":"https:\/\/medicina.udd.cl\/centro-epidemiologia-politicas-salud\/descripcion-2\/#primaryimage","url":"http:\/\/medicina.udd.cl\/centro-epidemiologia-politicas-salud\/files\/2012\/06\/DSC01785-300x225.jpg","contentUrl":"http:\/\/medicina.udd.cl\/centro-epidemiologia-politicas-salud\/files\/2012\/06\/DSC01785-300x225.jpg"},{"@type":"BreadcrumbList","@id":"https:\/\/medicina.udd.cl\/centro-epidemiologia-politicas-salud\/descripcion-2\/#breadcrumb","itemListElement":[{"@type":"ListItem","position":1,"name":"Inicio","item":"https:\/\/medicina.udd.cl\/centro-epidemiologia-politicas-salud\/"},{"@type":"ListItem","position":2,"name":"Descripci\u00f3n"}]},{"@type":"WebSite","@id":"https:\/\/medicina.udd.cl\/centro-epidemiologia-politicas-salud\/#website","url":"https:\/\/medicina.udd.cl\/centro-epidemiologia-politicas-salud\/","name":"Centro de Epidemiolog\u00eda y Pol\u00edticas de Salud","description":"Otro blog m\u00e1s de Medicina","inLanguage":"es"}]}},"_links":{"self":[{"href":"https:\/\/medicina.udd.cl\/centro-epidemiologia-politicas-salud\/wp-json\/wp\/v2\/pages\/332","targetHints":{"allow":["GET"]}}],"collection":[{"href":"https:\/\/medicina.udd.cl\/centro-epidemiologia-politicas-salud\/wp-json\/wp\/v2\/pages"}],"about":[{"href":"https:\/\/medicina.udd.cl\/centro-epidemiologia-politicas-salud\/wp-json\/wp\/v2\/types\/page"}],"author":[{"embeddable":true,"href":"https:\/\/medicina.udd.cl\/centro-epidemiologia-politicas-salud\/wp-json\/wp\/v2\/users\/1"}],"replies":[{"embeddable":true,"href":"https:\/\/medicina.udd.cl\/centro-epidemiologia-politicas-salud\/wp-json\/wp\/v2\/comments?post=332"}],"version-history":[{"count":1,"href":"https:\/\/medicina.udd.cl\/centro-epidemiologia-politicas-salud\/wp-json\/wp\/v2\/pages\/332\/revisions"}],"predecessor-version":[{"id":334,"href":"https:\/\/medicina.udd.cl\/centro-epidemiologia-politicas-salud\/wp-json\/wp\/v2\/pages\/332\/revisions\/334"}],"wp:attachment":[{"href":"https:\/\/medicina.udd.cl\/centro-epidemiologia-politicas-salud\/wp-json\/wp\/v2\/media?parent=332"}],"curies":[{"name":"wp","href":"https:\/\/api.w.org\/{rel}","templated":true}]}}

Descripción

<p style="text-align: justify;"><a href="http://medicina.udd.cl/centro-epidemiologia-politicas-salud/files/2012/06/DSC01785.jpg"><img loading="lazy" decoding="async" class="alignright size-medium wp-image-333" title="reuniones" src="http://medicina.udd.cl/centro-epidemiologia-politicas-salud/files/2012/06/DSC01785-300x225.jpg" alt="" width="300" height="225" srcset="https://medicina.udd.cl/centro-epidemiologia-politicas-salud/files/2012/06/DSC01785-300x225.jpg 300w, https://medicina.udd.cl/centro-epidemiologia-politicas-salud/files/2012/06/DSC01785-768x576.jpg 768w, https://medicina.udd.cl/centro-epidemiologia-politicas-salud/files/2012/06/DSC01785-1024x768.jpg 1024w, https://medicina.udd.cl/centro-epidemiologia-politicas-salud/files/2012/06/DSC01785-960x720.jpg 960w" sizes="auto, (max-width: 300px) 100vw, 300px" /></a>Con el propósito de contribuir al fortalecimiento de las competencias relacionales del equipo directivo de la Red Asistencial dependiente del Servicio de Salud Chiloé, la Universidad del Desarrollo a través  del Centro de Epidemiología y Políticas de Salud Pública (CEPS) de la Facultad de Medicina Clínica Alemana Universidad del Desarrollo en conjunto con la Facultad de Gobierno desarrolló el programa de postítulo que se presenta a continuación.</p>
<p style="text-align: justify;">El programa tuvo por finalidad desarrollar y fortalecer competencias relacionales que permitieran a los equipos directivos perfeccionar la articulación, integración y la gestión en redes, incorporando herramientas y habilidades gerenciales para optimizar el trabajo en equipo, traduciendo lo aprendido en la ejecución de proyectos específicos de intervención basados en la identificación local de temas críticos para el mejoramiento de la calidad, el acceso a la atención de salud y el buen trato al usuario, que serán acompañados por el equipo docente.</p>
<p style="text-align: justify;">A través del programa, difundimos el estilo emprendedor y colaborador para desarrollar una cultura directiva con capacidad de diseñar, planificar, ejecutar y evaluar la gestión de sus instituciones de atención de salud y que permitan ejercer una gestión en redes de calidad y en beneficio de la población sujeto de demandas y necesidades en salud que deben ser garantizadas y adecuadamente satisfechas.</p>
<p style="text-align: justify;">Tanto los equipos directivos de las instituciones de salud  como los procesos asistenciales en red, están sometidos a constantes tensiones, ya sea en su área estructural administrativa-financiera como en el área programática de provisión de servicios de salud; por ello se requiere de profesionales directivos capacitados, dinámicos y capaces de enfrentar estas tensiones con habilidades gerenciales, preparados para tomar decisiones de trascendencia y para conducir a sus instituciones hacia estándares de excelencia en la gestión tanto en sus procesos como en los resultados de atención, promoción y prevención en salud, que aseguren el acceso de todos los que lo necesitan, otorgando servicios con oportunidad  y con niveles de calidad adecuados.</p>

<p>Con el propósito de contribuir al fortalecimiento de las competencias relacionales del equipo directivo de la Red Asistencial dependiente del Servicio de Salud Chiloé, la Universidad del Desarrollo a través  del Centro de Epidemiología y Políticas de Salud Pública (CEPS) de la Facultad de Medicina Clínica Alemana Universidad del Desarrollo en conjunto con la Facultad [&hellip;]</p>

<!-- This site is optimized with the Yoast SEO plugin v26.9 - https://yoast.com/product/yoast-seo-wordpress/ -->
<title>Descripción - Centro de Epidemiología y Políticas de Salud</title>
<meta name="robots" content="index, follow, max-snippet:-1, max-image-preview:large, max-video-preview:-1" />
<link rel="canonical" href="https://medicina.udd.cl/centro-epidemiologia-politicas-salud/descripcion-2/" />
<meta property="og:locale" content="es_ES" />
<meta property="og:type" content="article" />
<meta property="og:title" content="Descripción - Centro de Epidemiología y Políticas de Salud" />
<meta property="og:description" content="Con el propósito de contribuir al fortalecimiento de las competencias relacionales del equipo directivo de la Red Asistencial dependiente del Servicio de Salud Chiloé, la Universidad del Desarrollo a través  del Centro de Epidemiología y Políticas de Salud Pública (CEPS) de la Facultad de Medicina Clínica Alemana Universidad del Desarrollo en conjunto con la Facultad [&hellip;]" />
<meta property="og:url" content="https://medicina.udd.cl/centro-epidemiologia-politicas-salud/descripcion-2/" />
<meta property="og:site_name" content="Centro de Epidemiología y Políticas de Salud" />
<meta property="og:image" content="http://medicina.udd.cl/centro-epidemiologia-politicas-salud/files/2012/06/DSC01785-300x225.jpg" />
<meta name="twitter:label1" content="Tiempo de lectura" />
	<meta name="twitter:data1" content="2 minutos" />
<script type="application/ld+json" class="yoast-schema-graph">{"@context":"https://schema.org","@graph":[{"@type":"WebPage","@id":"https://medicina.udd.cl/centro-epidemiologia-politicas-salud/descripcion-2/","url":"https://medicina.udd.cl/centro-epidemiologia-politicas-salud/descripcion-2/","name":"Descripción - Centro de Epidemiología y Políticas de Salud","isPartOf":{"@id":"https://medicina.udd.cl/centro-epidemiologia-politicas-salud/#website"},"primaryImageOfPage":{"@id":"https://medicina.udd.cl/centro-epidemiologia-politicas-salud/descripcion-2/#primaryimage"},"image":{"@id":"https://medicina.udd.cl/centro-epidemiologia-politicas-salud/descripcion-2/#primaryimage"},"thumbnailUrl":"http://medicina.udd.cl/centro-epidemiologia-politicas-salud/files/2012/06/DSC01785-300x225.jpg","datePublished":"2012-06-26T21:23:44+00:00","breadcrumb":{"@id":"https://medicina.udd.cl/centro-epidemiologia-politicas-salud/descripcion-2/#breadcrumb"},"inLanguage":"es","potentialAction":[{"@type":"ReadAction","target":["https://medicina.udd.cl/centro-epidemiologia-politicas-salud/descripcion-2/"]}]},{"@type":"ImageObject","inLanguage":"es","@id":"https://medicina.udd.cl/centro-epidemiologia-politicas-salud/descripcion-2/#primaryimage","url":"http://medicina.udd.cl/centro-epidemiologia-politicas-salud/files/2012/06/DSC01785-300x225.jpg","contentUrl":"http://medicina.udd.cl/centro-epidemiologia-politicas-salud/files/2012/06/DSC01785-300x225.jpg"},{"@type":"BreadcrumbList","@id":"https://medicina.udd.cl/centro-epidemiologia-politicas-salud/descripcion-2/#breadcrumb","itemListElement":[{"@type":"ListItem","position":1,"name":"Inicio","item":"https://medicina.udd.cl/centro-epidemiologia-politicas-salud/"},{"@type":"ListItem","position":2,"name":"Descripción"}]},{"@type":"WebSite","@id":"https://medicina.udd.cl/centro-epidemiologia-politicas-salud/#website","url":"https://medicina.udd.cl/centro-epidemiologia-politicas-salud/","name":"Centro de Epidemiología y Políticas de Salud","description":"Otro blog más de Medicina","inLanguage":"es"}]}</script>
<!-- / Yoast SEO plugin. -->

Descripción - Centro de Epidemiología y Políticas de Salud

Con el propósito de contribuir al fortalecimiento de las competencias relacionales del equipo directivo de la Red Asistencial dependiente del Servicio de Salud Chiloé, la Universidad del Desarrollo a través  del Centro de Epidemiología y Políticas de Salud Pública (CEPS) de la Facultad de Medicina Clínica Alemana Universidad del Desarrollo en conjunto con la Facultad [&hellip;]

Centro de Epidemiología y Políticas de Salud

Otro blog más de Medicina
