{"id":344,"date":"2012-06-26T17:34:17","date_gmt":"2012-06-26T21:34:17","guid":{"rendered":"http:\/\/medicina.udd.cl\/centro-epidemiologia-politicas-salud\/"},"modified":"2012-06-26T17:34:27","modified_gmt":"2012-06-26T21:34:27","slug":"metodologia-de-formacion-%e2%80%93-accion","status":"publish","type":"page","link":"https:\/\/medicina.udd.cl\/centro-epidemiologia-politicas-salud\/metodologia-de-formacion-%e2%80%93-accion\/","title":{"rendered":"Metodolog\u00eda de Formaci\u00f3n \u2013 Acci\u00f3n"},"content":{"rendered":"<p style=\"text-align: justify;\">Promover una gesti\u00f3n de excelencia de la Red Asistencial de Chilo\u00e9, result\u00f3 un desaf\u00edo importante para la salud de sus m\u00e1s de ciento treinta mil habitantes, que en su mayor\u00eda se atienden en esta red constituida por cinco hospitales p\u00fablicos, 8 consultorios municipales de atenci\u00f3n primaria\u00a0 y 73 postas rurales.<\/p>\n<p style=\"text-align: justify;\">Tal como fue solicitado por los destinatarios del Diplomado, la metodolog\u00eda de formaci\u00f3n-acci\u00f3n del programa ofrecido por la UDD, se materializ\u00f3 mediante un proceso sistem\u00e1tico de perfeccionamiento y capacitaci\u00f3n\u00a0de los directivos de la Red Asistencial de Chilo\u00e9, mediante la construcci\u00f3n de competencias a partir del abordaje pr\u00e1ctico de un \u00e1rea, l\u00ednea de trabajo u objetivo de gesti\u00f3n de la red que busca resolver problemas reales de la red (temas trazadores ya validados por el MINSAL).<\/p>\n<p style=\"text-align: justify;\">Para ello se asesor\u00f3 y acompa\u00f1\u00f3 a los principales directivos del Servicio de Salud Chilo\u00e9 en el proceso de cambio que implica el trabajo en red asistencial. Esto contempl\u00f3 el desarrollo de trabajos en terreno con seguimiento t\u00e9cnico y acompa\u00f1amiento que permiti\u00f3 identificar los focos de mejora necesarios de abordar para trabajar en red e identificar soluciones.<\/p>\n<p style=\"text-align: center;\"><a href=\"http:\/\/medicina.udd.cl\/centro-epidemiologia-politicas-salud\/files\/2012\/06\/c\u00edrculo.jpg\"><img loading=\"lazy\" decoding=\"async\" class=\"size-full wp-image-345 aligncenter\" title=\"c\u00edrculo\" src=\"http:\/\/medicina.udd.cl\/centro-epidemiologia-politicas-salud\/files\/2012\/06\/c\u00edrculo.jpg\" alt=\"\" width=\"259\" height=\"178\" \/><\/a><\/p>\n<p style=\"text-align: justify;\"><strong>Malla curricular:<\/strong><\/p>\n<p style=\"text-align: center;\"><strong><a href=\"http:\/\/medicina.udd.cl\/centro-epidemiologia-politicas-salud\/files\/2012\/06\/Malla-diplomado-1.jpg\"><img loading=\"lazy\" decoding=\"async\" class=\"size-full wp-image-346 aligncenter\" title=\"Malla diplomado 1\" src=\"http:\/\/medicina.udd.cl\/centro-epidemiologia-politicas-salud\/files\/2012\/06\/Malla-diplomado-1.jpg\" alt=\"\" width=\"516\" height=\"376\" srcset=\"https:\/\/medicina.udd.cl\/centro-epidemiologia-politicas-salud\/files\/2012\/06\/Malla-diplomado-1.jpg 573w, https:\/\/medicina.udd.cl\/centro-epidemiologia-politicas-salud\/files\/2012\/06\/Malla-diplomado-1-300x219.jpg 300w, https:\/\/medicina.udd.cl\/centro-epidemiologia-politicas-salud\/files\/2012\/06\/Malla-diplomado-1-87x62.jpg 87w\" sizes=\"auto, (max-width: 516px) 100vw, 516px\" \/><\/a><br \/>\n<\/strong><\/p>\n","protected":false},"excerpt":{"rendered":"<p>Promover una gesti\u00f3n de excelencia de la Red Asistencial de Chilo\u00e9, result\u00f3 un desaf\u00edo importante para la salud de sus m\u00e1s de ciento treinta mil habitantes, que en su mayor\u00eda se atienden en esta red constituida por cinco hospitales p\u00fablicos, 8 consultorios municipales de atenci\u00f3n primaria\u00a0 y 73 postas rurales. Tal como fue solicitado por [&hellip;]<\/p>\n","protected":false},"author":1,"featured_media":0,"parent":0,"menu_order":0,"comment_status":"open","ping_status":"open","template":"wide-default.php","meta":{"footnotes":""},"class_list":["post-344","page","type-page","status-publish","hentry"],"yoast_head":"<!-- This site is optimized with the Yoast SEO plugin v26.9 - https:\/\/yoast.com\/product\/yoast-seo-wordpress\/ -->\n<title>Metodolog\u00eda de Formaci\u00f3n \u2013 Acci\u00f3n  - Centro de Epidemiolog\u00eda y Pol\u00edticas de Salud<\/title>\n<meta name=\"robots\" content=\"index, follow, max-snippet:-1, max-image-preview:large, max-video-preview:-1\" \/>\n<link rel=\"canonical\" href=\"https:\/\/medicina.udd.cl\/centro-epidemiologia-politicas-salud\/metodologia-de-formacion-\u2013-accion\/\" \/>\n<meta property=\"og:locale\" content=\"es_ES\" \/>\n<meta property=\"og:type\" content=\"article\" \/>\n<meta property=\"og:title\" content=\"Metodolog\u00eda de Formaci\u00f3n \u2013 Acci\u00f3n  - Centro de Epidemiolog\u00eda y Pol\u00edticas de Salud\" \/>\n<meta property=\"og:description\" content=\"Promover una gesti\u00f3n de excelencia de la Red Asistencial de Chilo\u00e9, result\u00f3 un desaf\u00edo importante para la salud de sus m\u00e1s de ciento treinta mil habitantes, que en su mayor\u00eda se atienden en esta red constituida por cinco hospitales p\u00fablicos, 8 consultorios municipales de atenci\u00f3n primaria\u00a0 y 73 postas rurales. Tal como fue solicitado por [&hellip;]\" \/>\n<meta property=\"og:url\" content=\"https:\/\/medicina.udd.cl\/centro-epidemiologia-politicas-salud\/metodologia-de-formacion-\u2013-accion\/\" \/>\n<meta property=\"og:site_name\" content=\"Centro de Epidemiolog\u00eda y Pol\u00edticas de Salud\" \/>\n<meta property=\"article:modified_time\" content=\"2012-06-26T21:34:27+00:00\" \/>\n<meta property=\"og:image\" content=\"http:\/\/medicina.udd.cl\/centro-epidemiologia-politicas-salud\/files\/2012\/06\/Malla-diplomado-1.jpg\" \/>\n<meta name=\"twitter:label1\" content=\"Tiempo de lectura\" \/>\n\t<meta name=\"twitter:data1\" content=\"1 minuto\" \/>\n<script type=\"application\/ld+json\" class=\"yoast-schema-graph\">{\"@context\":\"https:\/\/schema.org\",\"@graph\":[{\"@type\":\"WebPage\",\"@id\":\"https:\/\/medicina.udd.cl\/centro-epidemiologia-politicas-salud\/metodologia-de-formacion-%e2%80%93-accion\/\",\"url\":\"https:\/\/medicina.udd.cl\/centro-epidemiologia-politicas-salud\/metodologia-de-formacion-%e2%80%93-accion\/\",\"name\":\"Metodolog\u00eda de Formaci\u00f3n \u2013 Acci\u00f3n - Centro de Epidemiolog\u00eda y Pol\u00edticas de Salud\",\"isPartOf\":{\"@id\":\"https:\/\/medicina.udd.cl\/centro-epidemiologia-politicas-salud\/#website\"},\"primaryImageOfPage\":{\"@id\":\"https:\/\/medicina.udd.cl\/centro-epidemiologia-politicas-salud\/metodologia-de-formacion-%e2%80%93-accion\/#primaryimage\"},\"image\":{\"@id\":\"https:\/\/medicina.udd.cl\/centro-epidemiologia-politicas-salud\/metodologia-de-formacion-%e2%80%93-accion\/#primaryimage\"},\"thumbnailUrl\":\"http:\/\/medicina.udd.cl\/centro-epidemiologia-politicas-salud\/files\/2012\/06\/Malla-diplomado-1.jpg\",\"datePublished\":\"2012-06-26T21:34:17+00:00\",\"dateModified\":\"2012-06-26T21:34:27+00:00\",\"breadcrumb\":{\"@id\":\"https:\/\/medicina.udd.cl\/centro-epidemiologia-politicas-salud\/metodologia-de-formacion-%e2%80%93-accion\/#breadcrumb\"},\"inLanguage\":\"es\",\"potentialAction\":[{\"@type\":\"ReadAction\",\"target\":[\"https:\/\/medicina.udd.cl\/centro-epidemiologia-politicas-salud\/metodologia-de-formacion-%e2%80%93-accion\/\"]}]},{\"@type\":\"ImageObject\",\"inLanguage\":\"es\",\"@id\":\"https:\/\/medicina.udd.cl\/centro-epidemiologia-politicas-salud\/metodologia-de-formacion-%e2%80%93-accion\/#primaryimage\",\"url\":\"http:\/\/medicina.udd.cl\/centro-epidemiologia-politicas-salud\/files\/2012\/06\/Malla-diplomado-1.jpg\",\"contentUrl\":\"http:\/\/medicina.udd.cl\/centro-epidemiologia-politicas-salud\/files\/2012\/06\/Malla-diplomado-1.jpg\"},{\"@type\":\"BreadcrumbList\",\"@id\":\"https:\/\/medicina.udd.cl\/centro-epidemiologia-politicas-salud\/metodologia-de-formacion-%e2%80%93-accion\/#breadcrumb\",\"itemListElement\":[{\"@type\":\"ListItem\",\"position\":1,\"name\":\"Inicio\",\"item\":\"https:\/\/medicina.udd.cl\/centro-epidemiologia-politicas-salud\/\"},{\"@type\":\"ListItem\",\"position\":2,\"name\":\"Metodolog\u00eda de Formaci\u00f3n \u2013 Acci\u00f3n\"}]},{\"@type\":\"WebSite\",\"@id\":\"https:\/\/medicina.udd.cl\/centro-epidemiologia-politicas-salud\/#website\",\"url\":\"https:\/\/medicina.udd.cl\/centro-epidemiologia-politicas-salud\/\",\"name\":\"Centro de Epidemiolog\u00eda y Pol\u00edticas de Salud\",\"description\":\"Otro blog m\u00e1s de Medicina\",\"inLanguage\":\"es\"}]}<\/script>\n<!-- \/ Yoast SEO plugin. -->","yoast_head_json":{"title":"Metodolog\u00eda de Formaci\u00f3n \u2013 Acci\u00f3n  - Centro de Epidemiolog\u00eda y Pol\u00edticas de Salud","robots":{"index":"index","follow":"follow","max-snippet":"max-snippet:-1","max-image-preview":"max-image-preview:large","max-video-preview":"max-video-preview:-1"},"canonical":"https:\/\/medicina.udd.cl\/centro-epidemiologia-politicas-salud\/metodologia-de-formacion-\u2013-accion\/","og_locale":"es_ES","og_type":"article","og_title":"Metodolog\u00eda de Formaci\u00f3n \u2013 Acci\u00f3n  - Centro de Epidemiolog\u00eda y Pol\u00edticas de Salud","og_description":"Promover una gesti\u00f3n de excelencia de la Red Asistencial de Chilo\u00e9, result\u00f3 un desaf\u00edo importante para la salud de sus m\u00e1s de ciento treinta mil habitantes, que en su mayor\u00eda se atienden en esta red constituida por cinco hospitales p\u00fablicos, 8 consultorios municipales de atenci\u00f3n primaria\u00a0 y 73 postas rurales. Tal como fue solicitado por [&hellip;]","og_url":"https:\/\/medicina.udd.cl\/centro-epidemiologia-politicas-salud\/metodologia-de-formacion-\u2013-accion\/","og_site_name":"Centro de Epidemiolog\u00eda y Pol\u00edticas de Salud","article_modified_time":"2012-06-26T21:34:27+00:00","og_image":[{"url":"http:\/\/medicina.udd.cl\/centro-epidemiologia-politicas-salud\/files\/2012\/06\/Malla-diplomado-1.jpg","type":"","width":"","height":""}],"twitter_misc":{"Tiempo de lectura":"1 minuto"},"schema":{"@context":"https:\/\/schema.org","@graph":[{"@type":"WebPage","@id":"https:\/\/medicina.udd.cl\/centro-epidemiologia-politicas-salud\/metodologia-de-formacion-%e2%80%93-accion\/","url":"https:\/\/medicina.udd.cl\/centro-epidemiologia-politicas-salud\/metodologia-de-formacion-%e2%80%93-accion\/","name":"Metodolog\u00eda de Formaci\u00f3n \u2013 Acci\u00f3n - Centro de Epidemiolog\u00eda y Pol\u00edticas de Salud","isPartOf":{"@id":"https:\/\/medicina.udd.cl\/centro-epidemiologia-politicas-salud\/#website"},"primaryImageOfPage":{"@id":"https:\/\/medicina.udd.cl\/centro-epidemiologia-politicas-salud\/metodologia-de-formacion-%e2%80%93-accion\/#primaryimage"},"image":{"@id":"https:\/\/medicina.udd.cl\/centro-epidemiologia-politicas-salud\/metodologia-de-formacion-%e2%80%93-accion\/#primaryimage"},"thumbnailUrl":"http:\/\/medicina.udd.cl\/centro-epidemiologia-politicas-salud\/files\/2012\/06\/Malla-diplomado-1.jpg","datePublished":"2012-06-26T21:34:17+00:00","dateModified":"2012-06-26T21:34:27+00:00","breadcrumb":{"@id":"https:\/\/medicina.udd.cl\/centro-epidemiologia-politicas-salud\/metodologia-de-formacion-%e2%80%93-accion\/#breadcrumb"},"inLanguage":"es","potentialAction":[{"@type":"ReadAction","target":["https:\/\/medicina.udd.cl\/centro-epidemiologia-politicas-salud\/metodologia-de-formacion-%e2%80%93-accion\/"]}]},{"@type":"ImageObject","inLanguage":"es","@id":"https:\/\/medicina.udd.cl\/centro-epidemiologia-politicas-salud\/metodologia-de-formacion-%e2%80%93-accion\/#primaryimage","url":"http:\/\/medicina.udd.cl\/centro-epidemiologia-politicas-salud\/files\/2012\/06\/Malla-diplomado-1.jpg","contentUrl":"http:\/\/medicina.udd.cl\/centro-epidemiologia-politicas-salud\/files\/2012\/06\/Malla-diplomado-1.jpg"},{"@type":"BreadcrumbList","@id":"https:\/\/medicina.udd.cl\/centro-epidemiologia-politicas-salud\/metodologia-de-formacion-%e2%80%93-accion\/#breadcrumb","itemListElement":[{"@type":"ListItem","position":1,"name":"Inicio","item":"https:\/\/medicina.udd.cl\/centro-epidemiologia-politicas-salud\/"},{"@type":"ListItem","position":2,"name":"Metodolog\u00eda de Formaci\u00f3n \u2013 Acci\u00f3n"}]},{"@type":"WebSite","@id":"https:\/\/medicina.udd.cl\/centro-epidemiologia-politicas-salud\/#website","url":"https:\/\/medicina.udd.cl\/centro-epidemiologia-politicas-salud\/","name":"Centro de Epidemiolog\u00eda y Pol\u00edticas de Salud","description":"Otro blog m\u00e1s de Medicina","inLanguage":"es"}]}},"_links":{"self":[{"href":"https:\/\/medicina.udd.cl\/centro-epidemiologia-politicas-salud\/wp-json\/wp\/v2\/pages\/344","targetHints":{"allow":["GET"]}}],"collection":[{"href":"https:\/\/medicina.udd.cl\/centro-epidemiologia-politicas-salud\/wp-json\/wp\/v2\/pages"}],"about":[{"href":"https:\/\/medicina.udd.cl\/centro-epidemiologia-politicas-salud\/wp-json\/wp\/v2\/types\/page"}],"author":[{"embeddable":true,"href":"https:\/\/medicina.udd.cl\/centro-epidemiologia-politicas-salud\/wp-json\/wp\/v2\/users\/1"}],"replies":[{"embeddable":true,"href":"https:\/\/medicina.udd.cl\/centro-epidemiologia-politicas-salud\/wp-json\/wp\/v2\/comments?post=344"}],"version-history":[{"count":3,"href":"https:\/\/medicina.udd.cl\/centro-epidemiologia-politicas-salud\/wp-json\/wp\/v2\/pages\/344\/revisions"}],"predecessor-version":[{"id":1102,"href":"https:\/\/medicina.udd.cl\/centro-epidemiologia-politicas-salud\/wp-json\/wp\/v2\/pages\/344\/revisions\/1102"}],"wp:attachment":[{"href":"https:\/\/medicina.udd.cl\/centro-epidemiologia-politicas-salud\/wp-json\/wp\/v2\/media?parent=344"}],"curies":[{"name":"wp","href":"https:\/\/api.w.org\/{rel}","templated":true}]}}