{"id":353,"date":"2012-06-26T17:37:59","date_gmt":"2012-06-26T21:37:59","guid":{"rendered":"http:\/\/medicina.udd.cl\/centro-epidemiologia-politicas-salud\/"},"modified":"2012-06-26T17:40:08","modified_gmt":"2012-06-26T21:40:08","slug":"resumen-programa-formativo-a-la-red-asistencial","status":"publish","type":"page","link":"https:\/\/medicina.udd.cl\/centro-epidemiologia-politicas-salud\/resumen-programa-formativo-a-la-red-asistencial\/","title":{"rendered":"Resumen Programa Formativo a la Red Asistencial"},"content":{"rendered":"<p style=\"text-align: justify;\">Junto al desarrollo del trabajo formativo en aula que se trabaj\u00f3 bajo la modalidad de sesiones expositivas, trabajo de taller y revisi\u00f3n de casos y el acompa\u00f1amiento a distancia (e-learning), se contempl\u00f3 el acompa\u00f1amiento de parte de dos profesionales de la UDD que actuaron como tutor-couch durante todo el proceso formativo y que fueron los responsables de la asesor\u00eda en terreno para el apoyo en el diagn\u00f3stico situacional y\u00a0 la implementaci\u00f3n del Plan de Acci\u00f3n y los proyectos de intervenci\u00f3n que se concordaron con los equipos directivos.<\/p>\n<p style=\"text-align: justify;\">El programa consider\u00f3 un\u00a0 total de 336 horas de acompa\u00f1amiento en terreno, considerando al menos 4 d\u00edas al mes para cada uno de los equipos territoriales que se definieron como responsables de los proyectos de intervenci\u00f3n que se llevaron a cabo durante todo el per\u00edodo que dur\u00f3 el programa formativo.<\/p>\n<p style=\"text-align: justify;\">El programa se resume as\u00ed:<\/p>\n<table style=\"width: 344px;\" border=\"0\" cellspacing=\"0\" cellpadding=\"0\" align=\"left\">\n<tbody>\n<tr>\n<td width=\"271\"><strong>TALLERES<\/strong><\/td>\n<td width=\"73\" valign=\"bottom\">Horas<\/td>\n<\/tr>\n<tr>\n<td width=\"271\">Pol\u00edticas   de salud, reforma salud, enfoque de equidad en salud<\/td>\n<td width=\"73\" valign=\"bottom\">12<\/td>\n<\/tr>\n<tr>\n<td width=\"271\">Situaci\u00f3n   de salud, epidemiolog\u00eda y diagn\u00f3stico de salud<\/td>\n<td width=\"73\" valign=\"bottom\">12<\/td>\n<\/tr>\n<tr>\n<td width=\"271\">Taller   de planificaci\u00f3n estrat\u00e9gica<\/td>\n<td width=\"73\" valign=\"bottom\">24<\/td>\n<\/tr>\n<tr>\n<td width=\"271\">Gesti\u00f3n   de redes asistenciales con enfoque de salud<\/td>\n<td width=\"73\" valign=\"bottom\">24<\/td>\n<\/tr>\n<tr>\n<td width=\"271\">Fortalecimiento   competencias relacionales<\/td>\n<td width=\"73\" valign=\"bottom\">24<\/td>\n<\/tr>\n<tr>\n<td width=\"271\">Intersectorialidad   y participaci\u00f3n<\/td>\n<td width=\"73\" valign=\"bottom\">12<\/td>\n<\/tr>\n<tr>\n<td width=\"271\">Evaluaci\u00f3n   de resultados<\/td>\n<td width=\"73\" valign=\"bottom\">12<\/td>\n<\/tr>\n<tr>\n<td width=\"271\"><\/td>\n<td width=\"73\" valign=\"bottom\"><strong>120<\/strong><\/td>\n<\/tr>\n<tr>\n<td width=\"271\"><strong>E-learning<\/strong><\/td>\n<td width=\"73\" valign=\"bottom\"><\/td>\n<\/tr>\n<tr>\n<td width=\"271\">Pol\u00edticas   de salud, reforma salud, enfoque de equidad en salud<\/td>\n<td width=\"73\" valign=\"bottom\">10<\/td>\n<\/tr>\n<tr>\n<td width=\"271\">Situaci\u00f3n   de salud, epidemiolog\u00eda y diagn\u00f3stico de salud<\/td>\n<td width=\"73\" valign=\"bottom\">10<\/td>\n<\/tr>\n<tr>\n<td width=\"271\">Taller   de planificaci\u00f3n estrat\u00e9gica<\/td>\n<td width=\"73\" valign=\"bottom\">20<\/td>\n<\/tr>\n<tr>\n<td width=\"271\">Gesti\u00f3n   de redes asistenciales con enfoque de salud<\/td>\n<td width=\"73\" valign=\"bottom\">30<\/td>\n<\/tr>\n<tr>\n<td width=\"271\">Fortalecimiento   competencias relacionales<\/td>\n<td width=\"73\" valign=\"bottom\">20<\/td>\n<\/tr>\n<tr>\n<td width=\"271\">Intersectorialidad,   participaci\u00f3n<\/td>\n<td width=\"73\" valign=\"bottom\">10<\/td>\n<\/tr>\n<tr>\n<td width=\"271\">Evaluaci\u00f3n   de resultados<\/td>\n<td width=\"73\" valign=\"bottom\">10<\/td>\n<\/tr>\n<tr>\n<td width=\"271\"><\/td>\n<td width=\"73\" valign=\"bottom\"><strong>110<\/strong><\/td>\n<\/tr>\n<tr>\n<td width=\"271\"><strong>Acompa\u00f1amiento en terreno<\/strong><\/td>\n<td width=\"73\" valign=\"bottom\"><\/td>\n<\/tr>\n<tr>\n<td width=\"271\">4   d\u00edas al mes por 12 horas<\/td>\n<td width=\"73\" valign=\"bottom\"><strong>280<\/strong><\/td>\n<\/tr>\n<tr>\n<td width=\"271\"><strong>Coordinaci\u00f3n del Programa<\/strong><\/td>\n<td width=\"73\" valign=\"bottom\"><strong>30<\/strong><\/td>\n<\/tr>\n<tr>\n<td width=\"271\"><strong>Total horas Programa de Formaci\u00f3n<\/strong><\/td>\n<td width=\"73\" valign=\"bottom\"><strong>540<\/strong><\/td>\n<\/tr>\n<\/tbody>\n<\/table>\n","protected":false},"excerpt":{"rendered":"<p>Junto al desarrollo del trabajo formativo en aula que se trabaj\u00f3 bajo la modalidad de sesiones expositivas, trabajo de taller y revisi\u00f3n de casos y el acompa\u00f1amiento a distancia (e-learning), se contempl\u00f3 el acompa\u00f1amiento de parte de dos profesionales de la UDD que actuaron como tutor-couch durante todo el proceso formativo y que fueron los [&hellip;]<\/p>\n","protected":false},"author":1,"featured_media":0,"parent":0,"menu_order":0,"comment_status":"open","ping_status":"open","template":"wide-default.php","meta":{"footnotes":""},"class_list":["post-353","page","type-page","status-publish","hentry"],"yoast_head":"<!-- This site is optimized with the Yoast SEO plugin v26.9 - https:\/\/yoast.com\/product\/yoast-seo-wordpress\/ -->\n<title>Resumen Programa Formativo a la Red Asistencial  - Centro de Epidemiolog\u00eda y Pol\u00edticas de Salud<\/title>\n<meta name=\"robots\" content=\"index, follow, max-snippet:-1, max-image-preview:large, max-video-preview:-1\" \/>\n<link rel=\"canonical\" href=\"https:\/\/medicina.udd.cl\/centro-epidemiologia-politicas-salud\/resumen-programa-formativo-a-la-red-asistencial\/\" \/>\n<meta property=\"og:locale\" content=\"es_ES\" \/>\n<meta property=\"og:type\" content=\"article\" \/>\n<meta property=\"og:title\" content=\"Resumen Programa Formativo a la Red Asistencial  - Centro de Epidemiolog\u00eda y Pol\u00edticas de Salud\" \/>\n<meta property=\"og:description\" content=\"Junto al desarrollo del trabajo formativo en aula que se trabaj\u00f3 bajo la modalidad de sesiones expositivas, trabajo de taller y revisi\u00f3n de casos y el acompa\u00f1amiento a distancia (e-learning), se contempl\u00f3 el acompa\u00f1amiento de parte de dos profesionales de la UDD que actuaron como tutor-couch durante todo el proceso formativo y que fueron los [&hellip;]\" \/>\n<meta property=\"og:url\" content=\"https:\/\/medicina.udd.cl\/centro-epidemiologia-politicas-salud\/resumen-programa-formativo-a-la-red-asistencial\/\" \/>\n<meta property=\"og:site_name\" content=\"Centro de Epidemiolog\u00eda y Pol\u00edticas de Salud\" \/>\n<meta property=\"article:modified_time\" content=\"2012-06-26T21:40:08+00:00\" \/>\n<meta name=\"twitter:label1\" content=\"Tiempo de lectura\" \/>\n\t<meta name=\"twitter:data1\" content=\"1 minuto\" \/>\n<script type=\"application\/ld+json\" class=\"yoast-schema-graph\">{\"@context\":\"https:\/\/schema.org\",\"@graph\":[{\"@type\":\"WebPage\",\"@id\":\"https:\/\/medicina.udd.cl\/centro-epidemiologia-politicas-salud\/resumen-programa-formativo-a-la-red-asistencial\/\",\"url\":\"https:\/\/medicina.udd.cl\/centro-epidemiologia-politicas-salud\/resumen-programa-formativo-a-la-red-asistencial\/\",\"name\":\"Resumen Programa Formativo a la Red Asistencial - Centro de Epidemiolog\u00eda y Pol\u00edticas de Salud\",\"isPartOf\":{\"@id\":\"https:\/\/medicina.udd.cl\/centro-epidemiologia-politicas-salud\/#website\"},\"datePublished\":\"2012-06-26T21:37:59+00:00\",\"dateModified\":\"2012-06-26T21:40:08+00:00\",\"breadcrumb\":{\"@id\":\"https:\/\/medicina.udd.cl\/centro-epidemiologia-politicas-salud\/resumen-programa-formativo-a-la-red-asistencial\/#breadcrumb\"},\"inLanguage\":\"es\",\"potentialAction\":[{\"@type\":\"ReadAction\",\"target\":[\"https:\/\/medicina.udd.cl\/centro-epidemiologia-politicas-salud\/resumen-programa-formativo-a-la-red-asistencial\/\"]}]},{\"@type\":\"BreadcrumbList\",\"@id\":\"https:\/\/medicina.udd.cl\/centro-epidemiologia-politicas-salud\/resumen-programa-formativo-a-la-red-asistencial\/#breadcrumb\",\"itemListElement\":[{\"@type\":\"ListItem\",\"position\":1,\"name\":\"Inicio\",\"item\":\"https:\/\/medicina.udd.cl\/centro-epidemiologia-politicas-salud\/\"},{\"@type\":\"ListItem\",\"position\":2,\"name\":\"Resumen Programa Formativo a la Red Asistencial\"}]},{\"@type\":\"WebSite\",\"@id\":\"https:\/\/medicina.udd.cl\/centro-epidemiologia-politicas-salud\/#website\",\"url\":\"https:\/\/medicina.udd.cl\/centro-epidemiologia-politicas-salud\/\",\"name\":\"Centro de Epidemiolog\u00eda y Pol\u00edticas de Salud\",\"description\":\"Otro blog m\u00e1s de Medicina\",\"inLanguage\":\"es\"}]}<\/script>\n<!-- \/ Yoast SEO plugin. -->","yoast_head_json":{"title":"Resumen Programa Formativo a la Red Asistencial  - Centro de Epidemiolog\u00eda y Pol\u00edticas de Salud","robots":{"index":"index","follow":"follow","max-snippet":"max-snippet:-1","max-image-preview":"max-image-preview:large","max-video-preview":"max-video-preview:-1"},"canonical":"https:\/\/medicina.udd.cl\/centro-epidemiologia-politicas-salud\/resumen-programa-formativo-a-la-red-asistencial\/","og_locale":"es_ES","og_type":"article","og_title":"Resumen Programa Formativo a la Red Asistencial  - Centro de Epidemiolog\u00eda y Pol\u00edticas de Salud","og_description":"Junto al desarrollo del trabajo formativo en aula que se trabaj\u00f3 bajo la modalidad de sesiones expositivas, trabajo de taller y revisi\u00f3n de casos y el acompa\u00f1amiento a distancia (e-learning), se contempl\u00f3 el acompa\u00f1amiento de parte de dos profesionales de la UDD que actuaron como tutor-couch durante todo el proceso formativo y que fueron los [&hellip;]","og_url":"https:\/\/medicina.udd.cl\/centro-epidemiologia-politicas-salud\/resumen-programa-formativo-a-la-red-asistencial\/","og_site_name":"Centro de Epidemiolog\u00eda y Pol\u00edticas de Salud","article_modified_time":"2012-06-26T21:40:08+00:00","twitter_misc":{"Tiempo de lectura":"1 minuto"},"schema":{"@context":"https:\/\/schema.org","@graph":[{"@type":"WebPage","@id":"https:\/\/medicina.udd.cl\/centro-epidemiologia-politicas-salud\/resumen-programa-formativo-a-la-red-asistencial\/","url":"https:\/\/medicina.udd.cl\/centro-epidemiologia-politicas-salud\/resumen-programa-formativo-a-la-red-asistencial\/","name":"Resumen Programa Formativo a la Red Asistencial - Centro de Epidemiolog\u00eda y Pol\u00edticas de Salud","isPartOf":{"@id":"https:\/\/medicina.udd.cl\/centro-epidemiologia-politicas-salud\/#website"},"datePublished":"2012-06-26T21:37:59+00:00","dateModified":"2012-06-26T21:40:08+00:00","breadcrumb":{"@id":"https:\/\/medicina.udd.cl\/centro-epidemiologia-politicas-salud\/resumen-programa-formativo-a-la-red-asistencial\/#breadcrumb"},"inLanguage":"es","potentialAction":[{"@type":"ReadAction","target":["https:\/\/medicina.udd.cl\/centro-epidemiologia-politicas-salud\/resumen-programa-formativo-a-la-red-asistencial\/"]}]},{"@type":"BreadcrumbList","@id":"https:\/\/medicina.udd.cl\/centro-epidemiologia-politicas-salud\/resumen-programa-formativo-a-la-red-asistencial\/#breadcrumb","itemListElement":[{"@type":"ListItem","position":1,"name":"Inicio","item":"https:\/\/medicina.udd.cl\/centro-epidemiologia-politicas-salud\/"},{"@type":"ListItem","position":2,"name":"Resumen Programa Formativo a la Red Asistencial"}]},{"@type":"WebSite","@id":"https:\/\/medicina.udd.cl\/centro-epidemiologia-politicas-salud\/#website","url":"https:\/\/medicina.udd.cl\/centro-epidemiologia-politicas-salud\/","name":"Centro de Epidemiolog\u00eda y Pol\u00edticas de Salud","description":"Otro blog m\u00e1s de Medicina","inLanguage":"es"}]}},"_links":{"self":[{"href":"https:\/\/medicina.udd.cl\/centro-epidemiologia-politicas-salud\/wp-json\/wp\/v2\/pages\/353","targetHints":{"allow":["GET"]}}],"collection":[{"href":"https:\/\/medicina.udd.cl\/centro-epidemiologia-politicas-salud\/wp-json\/wp\/v2\/pages"}],"about":[{"href":"https:\/\/medicina.udd.cl\/centro-epidemiologia-politicas-salud\/wp-json\/wp\/v2\/types\/page"}],"author":[{"embeddable":true,"href":"https:\/\/medicina.udd.cl\/centro-epidemiologia-politicas-salud\/wp-json\/wp\/v2\/users\/1"}],"replies":[{"embeddable":true,"href":"https:\/\/medicina.udd.cl\/centro-epidemiologia-politicas-salud\/wp-json\/wp\/v2\/comments?post=353"}],"version-history":[{"count":3,"href":"https:\/\/medicina.udd.cl\/centro-epidemiologia-politicas-salud\/wp-json\/wp\/v2\/pages\/353\/revisions"}],"predecessor-version":[{"id":356,"href":"https:\/\/medicina.udd.cl\/centro-epidemiologia-politicas-salud\/wp-json\/wp\/v2\/pages\/353\/revisions\/356"}],"wp:attachment":[{"href":"https:\/\/medicina.udd.cl\/centro-epidemiologia-politicas-salud\/wp-json\/wp\/v2\/media?parent=353"}],"curies":[{"name":"wp","href":"https:\/\/api.w.org\/{rel}","templated":true}]}}