{"id":443,"date":"2012-11-14T17:19:09","date_gmt":"2012-11-14T20:19:09","guid":{"rendered":"http:\/\/medicina.udd.cl\/centro-epidemiologia-politicas-salud\/"},"modified":"2012-11-14T17:20:45","modified_gmt":"2012-11-14T20:20:45","slug":"andrea-olea-normandin","status":"publish","type":"page","link":"https:\/\/medicina.udd.cl\/centro-epidemiologia-politicas-salud\/andrea-olea-normandin\/","title":{"rendered":"Andrea Olea Normandin"},"content":{"rendered":"<p>M\u00e9dico Cirujano de la Universidad de Chile, Magister \u00a9 en Salud P\u00fablica menci\u00f3n Epidemiolog\u00eda de la Escuela de Salud P\u00fablica de la Facultad de Medicina de la Universidad de Chile.\u00a0 Premio \u00abProfesor Dr. Hern\u00e1n Romero\u00bb al mejor estudiante del programa Magister en Salud P\u00fablica, Universidad de Chile (1995).<\/p>\n<p>Reci\u00e9n terminada la carrera de Medicina, se desempe\u00f1\u00f3 como Directora del Consultorio de Isla de Maipo, RM y posteriormente, como Directora de la Corporaci\u00f3n Municipal de Salud de dicha comuna hasta 1995, a\u00f1o que realiza el Magister en Salud P\u00fablica de la Universidad de Chile.<\/p>\n<p>En 1996,\u00a0 ingres\u00f3 al Grupo para el Desarrollo de la Investigaci\u00f3n en Salud, donde llev\u00f3 a cabo investigaciones epidemiol\u00f3gicas relacionadas con medici\u00f3n del impacto en salud de contaminantes ambientales; diagn\u00f3sticos de salud comunales y regionales; estudio de estimaci\u00f3n de per c\u00e1pita para la Atenci\u00f3n Primaria, entre otros.<\/p>\n<p>En\u00a0 1998 ingres\u00f3 a trabajar en el Ministerio de Salud a cargo de la Unidad de Vigilancia Epidemiol\u00f3gica del Departamento de Epidemiolog\u00eda, donde se le encomend\u00f3 la implementaci\u00f3n de un nuevo modelo de vigilancia en todo el territorio nacional.\u00a0 En agosto de 2010 asumi\u00f3 la Jefatura del Departamento de Epidemiolog\u00eda del Ministerio de Salud debiendo desarrollar funciones en el \u00e1mbito de la vigilancia de enfermedades transmisibles y no transmisibles y sus factores \u00a0de riesgo.<\/p>\n<p>Durante su permanencia en el Ministerio de Salud fue representante del Ministerio para MERCOSUR en su\u00a0 Comisi\u00f3n de Vigilancia en Salud; representante del Ministerio para el convenio de los Pa\u00edses Andinos (ORAS CONHU) en Vigilancia en Salud; representante del para la Red de Vigilancia de Enfermedades Infecciosas Emergentes y Re-emergentes de OPS; representante para el Consejo Asesor de la Convenci\u00f3n de Armas Biol\u00f3gicas del Ministerio de Defensa Nacional frente a las Naciones Unidas, Ginebra y punto focal del RSI para Chile, liderando la implementaci\u00f3n y evaluaci\u00f3n de las capacidades alcanzadas por nuestro pa\u00eds para el cumplimiento del Reglamento.<\/p>\n<p>Adem\u00e1s, es consultora de la Organizaci\u00f3n Panamericana de la Salud (OPS), Washington DC, realizando consultor\u00edas en epidemiolog\u00eda de campo, enfermedades transmisibles y en el \u00e1mbito de la implementaci\u00f3n del RSI en los pa\u00edses de Latinoam\u00e9rica.<\/p>\n<p>Desde abril de 2012 se desempe\u00f1a como docente e investigadora de la Facultad de Medicina, CEPS-UDD.<\/p>\n","protected":false},"excerpt":{"rendered":"<p>M\u00e9dico Cirujano de la Universidad de Chile, Magister \u00a9 en Salud P\u00fablica menci\u00f3n Epidemiolog\u00eda de la Escuela de Salud P\u00fablica de la Facultad de Medicina de la Universidad de Chile.\u00a0 Premio \u00abProfesor Dr. Hern\u00e1n Romero\u00bb al mejor estudiante del programa Magister en Salud P\u00fablica, Universidad de Chile (1995). Reci\u00e9n terminada la carrera de Medicina, se [&hellip;]<\/p>\n","protected":false},"author":1,"featured_media":0,"parent":0,"menu_order":0,"comment_status":"open","ping_status":"open","template":"","meta":{"footnotes":""},"class_list":["post-443","page","type-page","status-publish","hentry"],"yoast_head":"<!-- This site is optimized with the Yoast SEO plugin v26.9 - https:\/\/yoast.com\/product\/yoast-seo-wordpress\/ -->\n<title>Andrea Olea Normandin - Centro de Epidemiolog\u00eda y Pol\u00edticas de Salud<\/title>\n<meta name=\"robots\" content=\"index, follow, max-snippet:-1, max-image-preview:large, max-video-preview:-1\" \/>\n<link rel=\"canonical\" href=\"https:\/\/medicina.udd.cl\/centro-epidemiologia-politicas-salud\/andrea-olea-normandin\/\" \/>\n<meta property=\"og:locale\" content=\"es_ES\" \/>\n<meta property=\"og:type\" content=\"article\" \/>\n<meta property=\"og:title\" content=\"Andrea Olea Normandin - Centro de Epidemiolog\u00eda y Pol\u00edticas de Salud\" \/>\n<meta property=\"og:description\" content=\"M\u00e9dico Cirujano de la Universidad de Chile, Magister \u00a9 en Salud P\u00fablica menci\u00f3n Epidemiolog\u00eda de la Escuela de Salud P\u00fablica de la Facultad de Medicina de la Universidad de Chile.\u00a0 Premio \u00abProfesor Dr. Hern\u00e1n Romero\u00bb al mejor estudiante del programa Magister en Salud P\u00fablica, Universidad de Chile (1995). Reci\u00e9n terminada la carrera de Medicina, se [&hellip;]\" \/>\n<meta property=\"og:url\" content=\"https:\/\/medicina.udd.cl\/centro-epidemiologia-politicas-salud\/andrea-olea-normandin\/\" \/>\n<meta property=\"og:site_name\" content=\"Centro de Epidemiolog\u00eda y Pol\u00edticas de Salud\" \/>\n<meta property=\"article:modified_time\" content=\"2012-11-14T20:20:45+00:00\" \/>\n<meta name=\"twitter:label1\" content=\"Tiempo de lectura\" \/>\n\t<meta name=\"twitter:data1\" content=\"2 minutos\" \/>\n<script type=\"application\/ld+json\" class=\"yoast-schema-graph\">{\"@context\":\"https:\/\/schema.org\",\"@graph\":[{\"@type\":\"WebPage\",\"@id\":\"https:\/\/medicina.udd.cl\/centro-epidemiologia-politicas-salud\/andrea-olea-normandin\/\",\"url\":\"https:\/\/medicina.udd.cl\/centro-epidemiologia-politicas-salud\/andrea-olea-normandin\/\",\"name\":\"Andrea Olea Normandin - Centro de Epidemiolog\u00eda y Pol\u00edticas de Salud\",\"isPartOf\":{\"@id\":\"https:\/\/medicina.udd.cl\/centro-epidemiologia-politicas-salud\/#website\"},\"datePublished\":\"2012-11-14T20:19:09+00:00\",\"dateModified\":\"2012-11-14T20:20:45+00:00\",\"breadcrumb\":{\"@id\":\"https:\/\/medicina.udd.cl\/centro-epidemiologia-politicas-salud\/andrea-olea-normandin\/#breadcrumb\"},\"inLanguage\":\"es\",\"potentialAction\":[{\"@type\":\"ReadAction\",\"target\":[\"https:\/\/medicina.udd.cl\/centro-epidemiologia-politicas-salud\/andrea-olea-normandin\/\"]}]},{\"@type\":\"BreadcrumbList\",\"@id\":\"https:\/\/medicina.udd.cl\/centro-epidemiologia-politicas-salud\/andrea-olea-normandin\/#breadcrumb\",\"itemListElement\":[{\"@type\":\"ListItem\",\"position\":1,\"name\":\"Inicio\",\"item\":\"https:\/\/medicina.udd.cl\/centro-epidemiologia-politicas-salud\/\"},{\"@type\":\"ListItem\",\"position\":2,\"name\":\"Andrea Olea Normandin\"}]},{\"@type\":\"WebSite\",\"@id\":\"https:\/\/medicina.udd.cl\/centro-epidemiologia-politicas-salud\/#website\",\"url\":\"https:\/\/medicina.udd.cl\/centro-epidemiologia-politicas-salud\/\",\"name\":\"Centro de Epidemiolog\u00eda y Pol\u00edticas de Salud\",\"description\":\"Otro blog m\u00e1s de Medicina\",\"inLanguage\":\"es\"}]}<\/script>\n<!-- \/ Yoast SEO plugin. -->","yoast_head_json":{"title":"Andrea Olea Normandin - Centro de Epidemiolog\u00eda y Pol\u00edticas de Salud","robots":{"index":"index","follow":"follow","max-snippet":"max-snippet:-1","max-image-preview":"max-image-preview:large","max-video-preview":"max-video-preview:-1"},"canonical":"https:\/\/medicina.udd.cl\/centro-epidemiologia-politicas-salud\/andrea-olea-normandin\/","og_locale":"es_ES","og_type":"article","og_title":"Andrea Olea Normandin - Centro de Epidemiolog\u00eda y Pol\u00edticas de Salud","og_description":"M\u00e9dico Cirujano de la Universidad de Chile, Magister \u00a9 en Salud P\u00fablica menci\u00f3n Epidemiolog\u00eda de la Escuela de Salud P\u00fablica de la Facultad de Medicina de la Universidad de Chile.\u00a0 Premio \u00abProfesor Dr. Hern\u00e1n Romero\u00bb al mejor estudiante del programa Magister en Salud P\u00fablica, Universidad de Chile (1995). Reci\u00e9n terminada la carrera de Medicina, se [&hellip;]","og_url":"https:\/\/medicina.udd.cl\/centro-epidemiologia-politicas-salud\/andrea-olea-normandin\/","og_site_name":"Centro de Epidemiolog\u00eda y Pol\u00edticas de Salud","article_modified_time":"2012-11-14T20:20:45+00:00","twitter_misc":{"Tiempo de lectura":"2 minutos"},"schema":{"@context":"https:\/\/schema.org","@graph":[{"@type":"WebPage","@id":"https:\/\/medicina.udd.cl\/centro-epidemiologia-politicas-salud\/andrea-olea-normandin\/","url":"https:\/\/medicina.udd.cl\/centro-epidemiologia-politicas-salud\/andrea-olea-normandin\/","name":"Andrea Olea Normandin - Centro de Epidemiolog\u00eda y Pol\u00edticas de Salud","isPartOf":{"@id":"https:\/\/medicina.udd.cl\/centro-epidemiologia-politicas-salud\/#website"},"datePublished":"2012-11-14T20:19:09+00:00","dateModified":"2012-11-14T20:20:45+00:00","breadcrumb":{"@id":"https:\/\/medicina.udd.cl\/centro-epidemiologia-politicas-salud\/andrea-olea-normandin\/#breadcrumb"},"inLanguage":"es","potentialAction":[{"@type":"ReadAction","target":["https:\/\/medicina.udd.cl\/centro-epidemiologia-politicas-salud\/andrea-olea-normandin\/"]}]},{"@type":"BreadcrumbList","@id":"https:\/\/medicina.udd.cl\/centro-epidemiologia-politicas-salud\/andrea-olea-normandin\/#breadcrumb","itemListElement":[{"@type":"ListItem","position":1,"name":"Inicio","item":"https:\/\/medicina.udd.cl\/centro-epidemiologia-politicas-salud\/"},{"@type":"ListItem","position":2,"name":"Andrea Olea Normandin"}]},{"@type":"WebSite","@id":"https:\/\/medicina.udd.cl\/centro-epidemiologia-politicas-salud\/#website","url":"https:\/\/medicina.udd.cl\/centro-epidemiologia-politicas-salud\/","name":"Centro de Epidemiolog\u00eda y Pol\u00edticas de Salud","description":"Otro blog m\u00e1s de Medicina","inLanguage":"es"}]}},"_links":{"self":[{"href":"https:\/\/medicina.udd.cl\/centro-epidemiologia-politicas-salud\/wp-json\/wp\/v2\/pages\/443","targetHints":{"allow":["GET"]}}],"collection":[{"href":"https:\/\/medicina.udd.cl\/centro-epidemiologia-politicas-salud\/wp-json\/wp\/v2\/pages"}],"about":[{"href":"https:\/\/medicina.udd.cl\/centro-epidemiologia-politicas-salud\/wp-json\/wp\/v2\/types\/page"}],"author":[{"embeddable":true,"href":"https:\/\/medicina.udd.cl\/centro-epidemiologia-politicas-salud\/wp-json\/wp\/v2\/users\/1"}],"replies":[{"embeddable":true,"href":"https:\/\/medicina.udd.cl\/centro-epidemiologia-politicas-salud\/wp-json\/wp\/v2\/comments?post=443"}],"version-history":[{"count":3,"href":"https:\/\/medicina.udd.cl\/centro-epidemiologia-politicas-salud\/wp-json\/wp\/v2\/pages\/443\/revisions"}],"predecessor-version":[{"id":446,"href":"https:\/\/medicina.udd.cl\/centro-epidemiologia-politicas-salud\/wp-json\/wp\/v2\/pages\/443\/revisions\/446"}],"wp:attachment":[{"href":"https:\/\/medicina.udd.cl\/centro-epidemiologia-politicas-salud\/wp-json\/wp\/v2\/media?parent=443"}],"curies":[{"name":"wp","href":"https:\/\/api.w.org\/{rel}","templated":true}]}}