{"id":46,"date":"2010-07-06T11:53:17","date_gmt":"2010-07-06T15:53:17","guid":{"rendered":"http:\/\/medicina.udd.cl\/centro-epidemiologia-politicas-salud\/jeanette-vega\/"},"modified":"2010-07-06T11:53:17","modified_gmt":"2010-07-06T15:53:17","slug":"jeanette-vega","status":"publish","type":"page","link":"https:\/\/medicina.udd.cl\/centro-epidemiologia-politicas-salud\/jeanette-vega\/","title":{"rendered":"Jeanette Vega"},"content":{"rendered":"<ol>\n<li>\n<div style=\"text-align: justify\"><a href=\"http:\/\/www.ncbi.nlm.nih.gov\/pubmed\/20067745\">Outbreak of 2009 pandemic influenza A(H1N1), Los Lagos, Chile, April-June 2009.<\/a> Chilean Task Force for study of Pandemic Influenza A (H1N1), Pedroni E, Garcia M, Espinola V, Guerrero A, Gonzalez C, Olea A, Calvo M, Martorell B, Winkler M, Carrasco M, Vergara J, Ulloa J, Carrazana A, Mujica O, Villarroel J, Labrana M, Vargas M, Gonzalez P, Caceres L, Zamorano C, Momberg R, Munoz G, Rocco J, Bosque V, Gallardo A, Elgueta J, Vega J.<br \/>\nEuro Surveill. 2010 Jan 7;15(1). pii: 19456.<\/div>\n<\/li>\n<li>Van de Poel E, Hosseinpoor AR, Speybroeck N, Van Ourti T, Vega J. <a href=\"http:\/\/www.ncbi.nlm.nih.gov\/pubmed\/18438517\">Socioeconomic inequality in malnutrition in developing countries.<\/a><br \/>\nBull World Health Organ. 2008 Apr;86(4):282-91<\/li>\n<li>Van de Poel E, Hosseinpoor AR, Jehu-Appiah C, Vega J, Speybroeck N. <a href=\"http:\/\/www.ncbi.nlm.nih.gov\/pubmed\/18045499\">Malnutrition and the disproportional burden on the poor: the case of Ghana.<\/a><br \/>\nInt J Equity Health. 2007 Nov 28;6:21.<\/li>\n<li>Hosseinpoor AR, Naghavi M, Alavian SM, Speybroeck N, Jamshidi H, Vega J. <a href=\"http:\/\/www.ncbi.nlm.nih.gov\/pubmed\/17903047\">Determinants of seeking needed outpatient care in Iran: results from a national health services utilization survey.<\/a><br \/>\nArch Iran Med. 2007 Oct;10(4):439-45<\/li>\n<li>Hosseinpoor AR, Van Doorslaer E, Speybroeck N, Naghavi M, Mohammad K, Majdzadeh R, Delavar B, Jamshidi H, Vega J. <a href=\"http:\/\/www.ncbi.nlm.nih.gov\/pubmed\/16987848\">Decomposing socioeconomic inequality in infant mortality in Iran.<\/a><br \/>\nInt J Epidemiol. 2006 Oct;35(5):1211-9.<\/li>\n<li><a href=\"http:\/\/www.ncbi.nlm.nih.gov\/pubmed?term=%22Irwin%20A%22%5BAuthor%5D\">Irwin A<\/a>, <a href=\"http:\/\/www.ncbi.nlm.nih.gov\/pubmed?term=%22Valentine%20N%22%5BAuthor%5D\">Valentine N<\/a>, <a href=\"http:\/\/www.ncbi.nlm.nih.gov\/pubmed?term=%22Brown%20C%22%5BAuthor%5D\">Brown C<\/a>, <a href=\"http:\/\/www.ncbi.nlm.nih.gov\/pubmed?term=%22Loewenson%20R%22%5BAuthor%5D\">Loewenson R<\/a>, <a href=\"http:\/\/www.ncbi.nlm.nih.gov\/pubmed?term=%22Solar%20O%22%5BAuthor%5D\">Solar O<\/a>, <a href=\"http:\/\/www.ncbi.nlm.nih.gov\/pubmed?term=%22Brown%20H%22%5BAuthor%5D\">Brown H<\/a>, <a href=\"http:\/\/www.ncbi.nlm.nih.gov\/pubmed?term=%22Koller%20T%22%5BAuthor%5D\">Koller T<\/a>, <a href=\"http:\/\/www.ncbi.nlm.nih.gov\/pubmed?term=%22Vega%20J%22%5BAuthor%5D\">Vega J<\/a>. The commission on social determinants of health: tackling the social roots of health inequities.<br \/>\n<a title=\"PLoS medicine.\" href=\"AL_get(this,%20'jour',%20'PLoS%20Med.');\">PLoS Med.<\/a> 2006 May;3(6):e106.<\/li>\n<li>Hosseinpoor AR, Mohammad K, Majdzadeh R, Naghavi M, Abolhassani F, Sousa A, Speybroeck N, Jamshidi HR, Vega J .<a href=\"http:\/\/www.ncbi.nlm.nih.gov\/pubmed\/16302040\">Socioeconomic inequality in infant mortality in Iran and across its provinces.<\/a><br \/>\nBull World Health Organ. 2005 Nov;83(11):837-44.<\/li>\n<li><a href=\"http:\/\/www.ncbi.nlm.nih.gov\/pubmed?term=%22Nolen%20LB%22%5BAuthor%5D\">Nolen LB<\/a>, <a href=\"http:\/\/www.ncbi.nlm.nih.gov\/pubmed?term=%22Braveman%20P%22%5BAuthor%5D\">Braveman P<\/a>, <a href=\"http:\/\/www.ncbi.nlm.nih.gov\/pubmed?term=%22Dachs%20JN%22%5BAuthor%5D\">Dachs JN<\/a>, <a href=\"http:\/\/www.ncbi.nlm.nih.gov\/pubmed?term=%22Delgado%20I%22%5BAuthor%5D\">Delgado I<\/a>, <a href=\"http:\/\/www.ncbi.nlm.nih.gov\/pubmed?term=%22Gakidou%20E%22%5BAuthor%5D\">Gakidou E<\/a>, <a href=\"http:\/\/www.ncbi.nlm.nih.gov\/pubmed?term=%22Moser%20K%22%5BAuthor%5D\">Moser K<\/a>, <a href=\"http:\/\/www.ncbi.nlm.nih.gov\/pubmed?term=%22Rolfe%20L%22%5BAuthor%5D\">Rolfe L<\/a>, <a href=\"http:\/\/www.ncbi.nlm.nih.gov\/pubmed?term=%22Vega%20J%22%5BAuthor%5D\">Vega J<\/a>, <a href=\"http:\/\/www.ncbi.nlm.nih.gov\/pubmed?term=%22Zarowsky%20C%22%5BAuthor%5D\">Zarowsky C<\/a> Strengthening health information systems to address health equity challenges<strong>.<\/strong><br \/>\n<a title=\"Bulletin of the World Health Organization.\" href=\"AL_get(this,%20'jour',%20'Bull%20World%20Health%20Organ.');\">Bull World Health Organ.<\/a> 2005 Aug;83(8):597-603.<\/li>\n<li><a href=\"http:\/\/www.ncbi.nlm.nih.gov\/pubmed?term=%22Vega%20J%22%5BAuthor%5D\">Vega J<\/a>, <a href=\"http:\/\/www.ncbi.nlm.nih.gov\/pubmed?term=%22Irwin%20A%22%5BAuthor%5D\">Irwin A<\/a>. Tackling health inequalities: new approaches in public policy.\u00a0<br \/>\n\u00a0<a title=\"Bulletin of the World Health Organization.\" href=\"AL_get(this,%20'jour',%20'Bull%20World%20Health%20Organ.');\">Bull World Health Organ.<\/a> 2004 Jul;82(7):482.<\/li>\n<li>Jadue L, Delgado I, Sandoval H, Cabezas L, Vega J. <a href=\"http:\/\/www.ncbi.nlm.nih.gov\/pubmed\/15332378\">Analysis of the new health module of the National Socioeconomic Characterization Survey 2000]<\/a>.<br \/>\nRev Med Chil. 2004 Jun;132(6):750-60.<\/li>\n<\/ol>\n<p>Participaci\u00f3n en cap\u00edtulos en alrededor de 10 libros a la fecha.<\/p>\n","protected":false},"excerpt":{"rendered":"<p>Outbreak of 2009 pandemic influenza A(H1N1), Los Lagos, Chile, April-June 2009. Chilean Task Force for study of Pandemic Influenza A (H1N1), Pedroni E, Garcia M, Espinola V, Guerrero A, Gonzalez C, Olea A, Calvo M, Martorell B, Winkler M, Carrasco M, Vergara J, Ulloa J, Carrazana A, Mujica O, Villarroel J, Labrana M, Vargas M, [&hellip;]<\/p>\n","protected":false},"author":1,"featured_media":0,"parent":0,"menu_order":0,"comment_status":"open","ping_status":"open","template":"","meta":{"footnotes":""},"class_list":["post-46","page","type-page","status-publish","hentry"],"yoast_head":"<!-- This site is optimized with the Yoast SEO plugin v26.9 - https:\/\/yoast.com\/product\/yoast-seo-wordpress\/ -->\n<title>Jeanette Vega - Centro de Epidemiolog\u00eda y Pol\u00edticas de Salud<\/title>\n<meta name=\"robots\" content=\"index, follow, max-snippet:-1, max-image-preview:large, max-video-preview:-1\" \/>\n<link rel=\"canonical\" href=\"https:\/\/medicina.udd.cl\/centro-epidemiologia-politicas-salud\/jeanette-vega\/\" \/>\n<meta property=\"og:locale\" content=\"es_ES\" \/>\n<meta property=\"og:type\" content=\"article\" \/>\n<meta property=\"og:title\" content=\"Jeanette Vega - Centro de Epidemiolog\u00eda y Pol\u00edticas de Salud\" \/>\n<meta property=\"og:description\" content=\"Outbreak of 2009 pandemic influenza A(H1N1), Los Lagos, Chile, April-June 2009. Chilean Task Force for study of Pandemic Influenza A (H1N1), Pedroni E, Garcia M, Espinola V, Guerrero A, Gonzalez C, Olea A, Calvo M, Martorell B, Winkler M, Carrasco M, Vergara J, Ulloa J, Carrazana A, Mujica O, Villarroel J, Labrana M, Vargas M, [&hellip;]\" \/>\n<meta property=\"og:url\" content=\"https:\/\/medicina.udd.cl\/centro-epidemiologia-politicas-salud\/jeanette-vega\/\" \/>\n<meta property=\"og:site_name\" content=\"Centro de Epidemiolog\u00eda y Pol\u00edticas de Salud\" \/>\n<meta name=\"twitter:label1\" content=\"Tiempo de lectura\" \/>\n\t<meta name=\"twitter:data1\" content=\"2 minutos\" \/>\n<script type=\"application\/ld+json\" class=\"yoast-schema-graph\">{\"@context\":\"https:\/\/schema.org\",\"@graph\":[{\"@type\":\"WebPage\",\"@id\":\"https:\/\/medicina.udd.cl\/centro-epidemiologia-politicas-salud\/jeanette-vega\/\",\"url\":\"https:\/\/medicina.udd.cl\/centro-epidemiologia-politicas-salud\/jeanette-vega\/\",\"name\":\"Jeanette Vega - Centro de Epidemiolog\u00eda y Pol\u00edticas de Salud\",\"isPartOf\":{\"@id\":\"https:\/\/medicina.udd.cl\/centro-epidemiologia-politicas-salud\/#website\"},\"datePublished\":\"2010-07-06T15:53:17+00:00\",\"breadcrumb\":{\"@id\":\"https:\/\/medicina.udd.cl\/centro-epidemiologia-politicas-salud\/jeanette-vega\/#breadcrumb\"},\"inLanguage\":\"es\",\"potentialAction\":[{\"@type\":\"ReadAction\",\"target\":[\"https:\/\/medicina.udd.cl\/centro-epidemiologia-politicas-salud\/jeanette-vega\/\"]}]},{\"@type\":\"BreadcrumbList\",\"@id\":\"https:\/\/medicina.udd.cl\/centro-epidemiologia-politicas-salud\/jeanette-vega\/#breadcrumb\",\"itemListElement\":[{\"@type\":\"ListItem\",\"position\":1,\"name\":\"Inicio\",\"item\":\"https:\/\/medicina.udd.cl\/centro-epidemiologia-politicas-salud\/\"},{\"@type\":\"ListItem\",\"position\":2,\"name\":\"Jeanette Vega\"}]},{\"@type\":\"WebSite\",\"@id\":\"https:\/\/medicina.udd.cl\/centro-epidemiologia-politicas-salud\/#website\",\"url\":\"https:\/\/medicina.udd.cl\/centro-epidemiologia-politicas-salud\/\",\"name\":\"Centro de Epidemiolog\u00eda y Pol\u00edticas de Salud\",\"description\":\"Otro blog m\u00e1s de Medicina\",\"inLanguage\":\"es\"}]}<\/script>\n<!-- \/ Yoast SEO plugin. -->","yoast_head_json":{"title":"Jeanette Vega - Centro de Epidemiolog\u00eda y Pol\u00edticas de Salud","robots":{"index":"index","follow":"follow","max-snippet":"max-snippet:-1","max-image-preview":"max-image-preview:large","max-video-preview":"max-video-preview:-1"},"canonical":"https:\/\/medicina.udd.cl\/centro-epidemiologia-politicas-salud\/jeanette-vega\/","og_locale":"es_ES","og_type":"article","og_title":"Jeanette Vega - Centro de Epidemiolog\u00eda y Pol\u00edticas de Salud","og_description":"Outbreak of 2009 pandemic influenza A(H1N1), Los Lagos, Chile, April-June 2009. Chilean Task Force for study of Pandemic Influenza A (H1N1), Pedroni E, Garcia M, Espinola V, Guerrero A, Gonzalez C, Olea A, Calvo M, Martorell B, Winkler M, Carrasco M, Vergara J, Ulloa J, Carrazana A, Mujica O, Villarroel J, Labrana M, Vargas M, [&hellip;]","og_url":"https:\/\/medicina.udd.cl\/centro-epidemiologia-politicas-salud\/jeanette-vega\/","og_site_name":"Centro de Epidemiolog\u00eda y Pol\u00edticas de Salud","twitter_misc":{"Tiempo de lectura":"2 minutos"},"schema":{"@context":"https:\/\/schema.org","@graph":[{"@type":"WebPage","@id":"https:\/\/medicina.udd.cl\/centro-epidemiologia-politicas-salud\/jeanette-vega\/","url":"https:\/\/medicina.udd.cl\/centro-epidemiologia-politicas-salud\/jeanette-vega\/","name":"Jeanette Vega - Centro de Epidemiolog\u00eda y Pol\u00edticas de Salud","isPartOf":{"@id":"https:\/\/medicina.udd.cl\/centro-epidemiologia-politicas-salud\/#website"},"datePublished":"2010-07-06T15:53:17+00:00","breadcrumb":{"@id":"https:\/\/medicina.udd.cl\/centro-epidemiologia-politicas-salud\/jeanette-vega\/#breadcrumb"},"inLanguage":"es","potentialAction":[{"@type":"ReadAction","target":["https:\/\/medicina.udd.cl\/centro-epidemiologia-politicas-salud\/jeanette-vega\/"]}]},{"@type":"BreadcrumbList","@id":"https:\/\/medicina.udd.cl\/centro-epidemiologia-politicas-salud\/jeanette-vega\/#breadcrumb","itemListElement":[{"@type":"ListItem","position":1,"name":"Inicio","item":"https:\/\/medicina.udd.cl\/centro-epidemiologia-politicas-salud\/"},{"@type":"ListItem","position":2,"name":"Jeanette Vega"}]},{"@type":"WebSite","@id":"https:\/\/medicina.udd.cl\/centro-epidemiologia-politicas-salud\/#website","url":"https:\/\/medicina.udd.cl\/centro-epidemiologia-politicas-salud\/","name":"Centro de Epidemiolog\u00eda y Pol\u00edticas de Salud","description":"Otro blog m\u00e1s de Medicina","inLanguage":"es"}]}},"_links":{"self":[{"href":"https:\/\/medicina.udd.cl\/centro-epidemiologia-politicas-salud\/wp-json\/wp\/v2\/pages\/46","targetHints":{"allow":["GET"]}}],"collection":[{"href":"https:\/\/medicina.udd.cl\/centro-epidemiologia-politicas-salud\/wp-json\/wp\/v2\/pages"}],"about":[{"href":"https:\/\/medicina.udd.cl\/centro-epidemiologia-politicas-salud\/wp-json\/wp\/v2\/types\/page"}],"author":[{"embeddable":true,"href":"https:\/\/medicina.udd.cl\/centro-epidemiologia-politicas-salud\/wp-json\/wp\/v2\/users\/1"}],"replies":[{"embeddable":true,"href":"https:\/\/medicina.udd.cl\/centro-epidemiologia-politicas-salud\/wp-json\/wp\/v2\/comments?post=46"}],"version-history":[{"count":0,"href":"https:\/\/medicina.udd.cl\/centro-epidemiologia-politicas-salud\/wp-json\/wp\/v2\/pages\/46\/revisions"}],"wp:attachment":[{"href":"https:\/\/medicina.udd.cl\/centro-epidemiologia-politicas-salud\/wp-json\/wp\/v2\/media?parent=46"}],"curies":[{"name":"wp","href":"https:\/\/api.w.org\/{rel}","templated":true}]}}

<ol>
<li>
<div style="text-align: justify"><a href="http://www.ncbi.nlm.nih.gov/pubmed/20067745">Outbreak of 2009 pandemic influenza A(H1N1), Los Lagos, Chile, April-June 2009.</a> Chilean Task Force for study of Pandemic Influenza A (H1N1), Pedroni E, Garcia M, Espinola V, Guerrero A, Gonzalez C, Olea A, Calvo M, Martorell B, Winkler M, Carrasco M, Vergara J, Ulloa J, Carrazana A, Mujica O, Villarroel J, Labrana M, Vargas M, Gonzalez P, Caceres L, Zamorano C, Momberg R, Munoz G, Rocco J, Bosque V, Gallardo A, Elgueta J, Vega J.<br />
Euro Surveill. 2010 Jan 7;15(1). pii: 19456.</div>
</li>
<li>Van de Poel E, Hosseinpoor AR, Speybroeck N, Van Ourti T, Vega J. <a href="http://www.ncbi.nlm.nih.gov/pubmed/18438517">Socioeconomic inequality in malnutrition in developing countries.</a><br />
Bull World Health Organ. 2008 Apr;86(4):282-91</li>
<li>Van de Poel E, Hosseinpoor AR, Jehu-Appiah C, Vega J, Speybroeck N. <a href="http://www.ncbi.nlm.nih.gov/pubmed/18045499">Malnutrition and the disproportional burden on the poor: the case of Ghana.</a><br />
Int J Equity Health. 2007 Nov 28;6:21.</li>
<li>Hosseinpoor AR, Naghavi M, Alavian SM, Speybroeck N, Jamshidi H, Vega J. <a href="http://www.ncbi.nlm.nih.gov/pubmed/17903047">Determinants of seeking needed outpatient care in Iran: results from a national health services utilization survey.</a><br />
Arch Iran Med. 2007 Oct;10(4):439-45</li>
<li>Hosseinpoor AR, Van Doorslaer E, Speybroeck N, Naghavi M, Mohammad K, Majdzadeh R, Delavar B, Jamshidi H, Vega J. <a href="http://www.ncbi.nlm.nih.gov/pubmed/16987848">Decomposing socioeconomic inequality in infant mortality in Iran.</a><br />
Int J Epidemiol. 2006 Oct;35(5):1211-9.</li>
<li><a href="http://www.ncbi.nlm.nih.gov/pubmed?term=%22Irwin%20A%22%5BAuthor%5D">Irwin A</a>, <a href="http://www.ncbi.nlm.nih.gov/pubmed?term=%22Valentine%20N%22%5BAuthor%5D">Valentine N</a>, <a href="http://www.ncbi.nlm.nih.gov/pubmed?term=%22Brown%20C%22%5BAuthor%5D">Brown C</a>, <a href="http://www.ncbi.nlm.nih.gov/pubmed?term=%22Loewenson%20R%22%5BAuthor%5D">Loewenson R</a>, <a href="http://www.ncbi.nlm.nih.gov/pubmed?term=%22Solar%20O%22%5BAuthor%5D">Solar O</a>, <a href="http://www.ncbi.nlm.nih.gov/pubmed?term=%22Brown%20H%22%5BAuthor%5D">Brown H</a>, <a href="http://www.ncbi.nlm.nih.gov/pubmed?term=%22Koller%20T%22%5BAuthor%5D">Koller T</a>, <a href="http://www.ncbi.nlm.nih.gov/pubmed?term=%22Vega%20J%22%5BAuthor%5D">Vega J</a>. The commission on social determinants of health: tackling the social roots of health inequities.<br />
<a title="PLoS medicine." href="AL_get(this,%20'jour',%20'PLoS%20Med.');">PLoS Med.</a> 2006 May;3(6):e106.</li>
<li>Hosseinpoor AR, Mohammad K, Majdzadeh R, Naghavi M, Abolhassani F, Sousa A, Speybroeck N, Jamshidi HR, Vega J .<a href="http://www.ncbi.nlm.nih.gov/pubmed/16302040">Socioeconomic inequality in infant mortality in Iran and across its provinces.</a><br />
Bull World Health Organ. 2005 Nov;83(11):837-44.</li>
<li><a href="http://www.ncbi.nlm.nih.gov/pubmed?term=%22Nolen%20LB%22%5BAuthor%5D">Nolen LB</a>, <a href="http://www.ncbi.nlm.nih.gov/pubmed?term=%22Braveman%20P%22%5BAuthor%5D">Braveman P</a>, <a href="http://www.ncbi.nlm.nih.gov/pubmed?term=%22Dachs%20JN%22%5BAuthor%5D">Dachs JN</a>, <a href="http://www.ncbi.nlm.nih.gov/pubmed?term=%22Delgado%20I%22%5BAuthor%5D">Delgado I</a>, <a href="http://www.ncbi.nlm.nih.gov/pubmed?term=%22Gakidou%20E%22%5BAuthor%5D">Gakidou E</a>, <a href="http://www.ncbi.nlm.nih.gov/pubmed?term=%22Moser%20K%22%5BAuthor%5D">Moser K</a>, <a href="http://www.ncbi.nlm.nih.gov/pubmed?term=%22Rolfe%20L%22%5BAuthor%5D">Rolfe L</a>, <a href="http://www.ncbi.nlm.nih.gov/pubmed?term=%22Vega%20J%22%5BAuthor%5D">Vega J</a>, <a href="http://www.ncbi.nlm.nih.gov/pubmed?term=%22Zarowsky%20C%22%5BAuthor%5D">Zarowsky C</a> Strengthening health information systems to address health equity challenges<strong>.</strong><br />
<a title="Bulletin of the World Health Organization." href="AL_get(this,%20'jour',%20'Bull%20World%20Health%20Organ.');">Bull World Health Organ.</a> 2005 Aug;83(8):597-603.</li>
<li><a href="http://www.ncbi.nlm.nih.gov/pubmed?term=%22Vega%20J%22%5BAuthor%5D">Vega J</a>, <a href="http://www.ncbi.nlm.nih.gov/pubmed?term=%22Irwin%20A%22%5BAuthor%5D">Irwin A</a>. Tackling health inequalities: new approaches in public policy. <br />
 <a title="Bulletin of the World Health Organization." href="AL_get(this,%20'jour',%20'Bull%20World%20Health%20Organ.');">Bull World Health Organ.</a> 2004 Jul;82(7):482.</li>
<li>Jadue L, Delgado I, Sandoval H, Cabezas L, Vega J. <a href="http://www.ncbi.nlm.nih.gov/pubmed/15332378">Analysis of the new health module of the National Socioeconomic Characterization Survey 2000]</a>.<br />
Rev Med Chil. 2004 Jun;132(6):750-60.</li>
</ol>
<p>Participación en capítulos en alrededor de 10 libros a la fecha.</p>

<!-- This site is optimized with the Yoast SEO plugin v26.9 - https://yoast.com/product/yoast-seo-wordpress/ -->
<title>Jeanette Vega - Centro de Epidemiología y Políticas de Salud</title>
<meta name="robots" content="index, follow, max-snippet:-1, max-image-preview:large, max-video-preview:-1" />
<link rel="canonical" href="https://medicina.udd.cl/centro-epidemiologia-politicas-salud/jeanette-vega/" />
<meta property="og:locale" content="es_ES" />
<meta property="og:type" content="article" />
<meta property="og:title" content="Jeanette Vega - Centro de Epidemiología y Políticas de Salud" />
<meta property="og:description" content="Outbreak of 2009 pandemic influenza A(H1N1), Los Lagos, Chile, April-June 2009. Chilean Task Force for study of Pandemic Influenza A (H1N1), Pedroni E, Garcia M, Espinola V, Guerrero A, Gonzalez C, Olea A, Calvo M, Martorell B, Winkler M, Carrasco M, Vergara J, Ulloa J, Carrazana A, Mujica O, Villarroel J, Labrana M, Vargas M, [&hellip;]" />
<meta property="og:url" content="https://medicina.udd.cl/centro-epidemiologia-politicas-salud/jeanette-vega/" />
<meta property="og:site_name" content="Centro de Epidemiología y Políticas de Salud" />
<meta name="twitter:label1" content="Tiempo de lectura" />
	<meta name="twitter:data1" content="2 minutos" />
<script type="application/ld+json" class="yoast-schema-graph">{"@context":"https://schema.org","@graph":[{"@type":"WebPage","@id":"https://medicina.udd.cl/centro-epidemiologia-politicas-salud/jeanette-vega/","url":"https://medicina.udd.cl/centro-epidemiologia-politicas-salud/jeanette-vega/","name":"Jeanette Vega - Centro de Epidemiología y Políticas de Salud","isPartOf":{"@id":"https://medicina.udd.cl/centro-epidemiologia-politicas-salud/#website"},"datePublished":"2010-07-06T15:53:17+00:00","breadcrumb":{"@id":"https://medicina.udd.cl/centro-epidemiologia-politicas-salud/jeanette-vega/#breadcrumb"},"inLanguage":"es","potentialAction":[{"@type":"ReadAction","target":["https://medicina.udd.cl/centro-epidemiologia-politicas-salud/jeanette-vega/"]}]},{"@type":"BreadcrumbList","@id":"https://medicina.udd.cl/centro-epidemiologia-politicas-salud/jeanette-vega/#breadcrumb","itemListElement":[{"@type":"ListItem","position":1,"name":"Inicio","item":"https://medicina.udd.cl/centro-epidemiologia-politicas-salud/"},{"@type":"ListItem","position":2,"name":"Jeanette Vega"}]},{"@type":"WebSite","@id":"https://medicina.udd.cl/centro-epidemiologia-politicas-salud/#website","url":"https://medicina.udd.cl/centro-epidemiologia-politicas-salud/","name":"Centro de Epidemiología y Políticas de Salud","description":"Otro blog más de Medicina","inLanguage":"es"}]}</script>
<!-- / Yoast SEO plugin. -->

Jeanette Vega - Centro de Epidemiología y Políticas de Salud

Centro de Epidemiología y Políticas de Salud

Otro blog más de Medicina
