{"id":66,"date":"2010-07-06T12:50:18","date_gmt":"2010-07-06T16:50:18","guid":{"rendered":"http:\/\/medicina.udd.cl\/centro-epidemiologia-politicas-salud\/macarena-hirmas\/"},"modified":"2012-11-26T09:01:59","modified_gmt":"2012-11-26T12:01:59","slug":"macarena-hirmas","status":"publish","type":"page","link":"https:\/\/medicina.udd.cl\/centro-epidemiologia-politicas-salud\/macarena-hirmas\/","title":{"rendered":"Macarena Hirmas"},"content":{"rendered":"<p>Matrona (Universidad Mayor), Mag\u00edster en Salud P\u00fablica (Escuela de Salud P\u00fablica-Universidad de Chile), Diplomada en Docencia en Ciencias de la Salud (Departamento de Educaci\u00f3n en Ciencias de la Salud-Universidad de Chile).<\/p>\n<p>Desde 2008 se desempe\u00f1a como docente-investigadora de la Facultad de Medicina CAS UDD en el Centro de Epidemiolog\u00eda y Pol\u00edticas de Salud.<\/p>\n<p>Actualmente es coordinadora y docente del curso Salud P\u00fablica y Epidemiolog\u00eda realizado en segundo a\u00f1o del Plan Com\u00fan en carreras de la salud. Adem\u00e1s ha participado en cursos de extensi\u00f3n en la Escuela Internacional de verano (Escuela Salud P\u00fablica-Universidad de Chile) y para el Ministerio de Salud.<\/p>\n<p>Ha participado en investigaciones en el \u00e1rea de salud mental (Ambiente laboral, \u00a0Evaluaci\u00f3n de una intervenci\u00f3n comunitaria y primer episodio de psicosis, entre otros). Actualmente colabora en estudios relacionados a enfermedades transmisibles (Tuberculosis en prisiones) y en equidad de acceso a servicios de salud (Barreras y facilitadores de acceso en HTA y a control prenatal en adolescentes).<\/p>\n<p style=\"text-align: justify;\">Publicaciones:<\/p>\n<p style=\"text-align: justify;\">\u2022\u00a0Co- autora de art\u00edculo \u201cAdaptaci\u00f3n y an\u00e1lisis psicom\u00e9trico de un cuestionario para evaluar riesgos psicosociales en el trabajo en Chile: versi\u00f3n media del CoPsoQ\u201d. Revista Chilena de Salud P\u00fablica; Vol 13 (1): 7-16. (2009)<br \/>\n\u2022\u00a0Co-autora y presentadora de trabajo \u201cPsychosocial\u00a0 factors and worker\u00b4s\u00a0 mental health in Chile\u201d. Versi\u00f3n P\u00f3ster, Escuela de Salud P\u00fablica-Universidad de Chile. American Public Health Association (APHA), San Diego, Estados Unidos. (Octubre 2008)<br \/>\n\u2022\u00a0Co-autora en publicaci\u00f3n \u201cLa promoci\u00f3n de la salud real versus la propuesta\u201d. XXVII Jornadas Chilenas de Salud P\u00fablica, Escuela de Salud P\u00fablica, Facultad de Medicina, Universidad de Chile. (2008)<br \/>\n\u2022\u00a0Autora de art\u00edculo \u201cMotivo de inicio de actividad sexual en adolescentes desde una perpectiva de g\u00e9nero, CEMERA 2005-2006\u201d. Revista Chilena de Salud P\u00fablica; vol 12 (1): 5-11. (2008)<br \/>\n\u2022\u00a0Co-autora en equipo de Trabajos: \u201cFactores Psicosociales y Morbilidad de Salud Mental\u201d, \u201cSalud Mental y Determinantes Sociodemogr\u00e1ficos en Trabajadores de Servicios\u201d y P\u00f3ster \u201cProcedimientos en una investigaci\u00f3n cient\u00edfica \u00bfY los procesos?\u201d. 1\u00ba Congreso Chileno de Salud P\u00fablica, Hotel Sheraton. (2007)<\/p>\n","protected":false},"excerpt":{"rendered":"<p>Matrona (Universidad Mayor), Mag\u00edster en Salud P\u00fablica (Escuela de Salud P\u00fablica-Universidad de Chile), Diplomada en Docencia en Ciencias de la Salud (Departamento de Educaci\u00f3n en Ciencias de la Salud-Universidad de Chile). Desde 2008 se desempe\u00f1a como docente-investigadora de la Facultad de Medicina CAS UDD en el Centro de Epidemiolog\u00eda y Pol\u00edticas de Salud. Actualmente es [&hellip;]<\/p>\n","protected":false},"author":1,"featured_media":0,"parent":0,"menu_order":0,"comment_status":"open","ping_status":"open","template":"","meta":{"footnotes":""},"class_list":["post-66","page","type-page","status-publish","hentry"],"yoast_head":"<!-- This site is optimized with the Yoast SEO plugin v26.9 - https:\/\/yoast.com\/product\/yoast-seo-wordpress\/ -->\n<title>Macarena Hirmas - Centro de Epidemiolog\u00eda y Pol\u00edticas de Salud<\/title>\n<meta name=\"robots\" content=\"index, follow, max-snippet:-1, max-image-preview:large, max-video-preview:-1\" \/>\n<link rel=\"canonical\" href=\"https:\/\/medicina.udd.cl\/centro-epidemiologia-politicas-salud\/macarena-hirmas\/\" \/>\n<meta property=\"og:locale\" content=\"es_ES\" \/>\n<meta property=\"og:type\" content=\"article\" \/>\n<meta property=\"og:title\" content=\"Macarena Hirmas - Centro de Epidemiolog\u00eda y Pol\u00edticas de Salud\" \/>\n<meta property=\"og:description\" content=\"Matrona (Universidad Mayor), Mag\u00edster en Salud P\u00fablica (Escuela de Salud P\u00fablica-Universidad de Chile), Diplomada en Docencia en Ciencias de la Salud (Departamento de Educaci\u00f3n en Ciencias de la Salud-Universidad de Chile). Desde 2008 se desempe\u00f1a como docente-investigadora de la Facultad de Medicina CAS UDD en el Centro de Epidemiolog\u00eda y Pol\u00edticas de Salud. Actualmente es [&hellip;]\" \/>\n<meta property=\"og:url\" content=\"https:\/\/medicina.udd.cl\/centro-epidemiologia-politicas-salud\/macarena-hirmas\/\" \/>\n<meta property=\"og:site_name\" content=\"Centro de Epidemiolog\u00eda y Pol\u00edticas de Salud\" \/>\n<meta property=\"article:modified_time\" content=\"2012-11-26T12:01:59+00:00\" \/>\n<meta name=\"twitter:label1\" content=\"Tiempo de lectura\" \/>\n\t<meta name=\"twitter:data1\" content=\"2 minutos\" \/>\n<script type=\"application\/ld+json\" class=\"yoast-schema-graph\">{\"@context\":\"https:\/\/schema.org\",\"@graph\":[{\"@type\":\"WebPage\",\"@id\":\"https:\/\/medicina.udd.cl\/centro-epidemiologia-politicas-salud\/macarena-hirmas\/\",\"url\":\"https:\/\/medicina.udd.cl\/centro-epidemiologia-politicas-salud\/macarena-hirmas\/\",\"name\":\"Macarena Hirmas - Centro de Epidemiolog\u00eda y Pol\u00edticas de Salud\",\"isPartOf\":{\"@id\":\"https:\/\/medicina.udd.cl\/centro-epidemiologia-politicas-salud\/#website\"},\"datePublished\":\"2010-07-06T16:50:18+00:00\",\"dateModified\":\"2012-11-26T12:01:59+00:00\",\"breadcrumb\":{\"@id\":\"https:\/\/medicina.udd.cl\/centro-epidemiologia-politicas-salud\/macarena-hirmas\/#breadcrumb\"},\"inLanguage\":\"es\",\"potentialAction\":[{\"@type\":\"ReadAction\",\"target\":[\"https:\/\/medicina.udd.cl\/centro-epidemiologia-politicas-salud\/macarena-hirmas\/\"]}]},{\"@type\":\"BreadcrumbList\",\"@id\":\"https:\/\/medicina.udd.cl\/centro-epidemiologia-politicas-salud\/macarena-hirmas\/#breadcrumb\",\"itemListElement\":[{\"@type\":\"ListItem\",\"position\":1,\"name\":\"Inicio\",\"item\":\"https:\/\/medicina.udd.cl\/centro-epidemiologia-politicas-salud\/\"},{\"@type\":\"ListItem\",\"position\":2,\"name\":\"Macarena Hirmas\"}]},{\"@type\":\"WebSite\",\"@id\":\"https:\/\/medicina.udd.cl\/centro-epidemiologia-politicas-salud\/#website\",\"url\":\"https:\/\/medicina.udd.cl\/centro-epidemiologia-politicas-salud\/\",\"name\":\"Centro de Epidemiolog\u00eda y Pol\u00edticas de Salud\",\"description\":\"Otro blog m\u00e1s de Medicina\",\"inLanguage\":\"es\"}]}<\/script>\n<!-- \/ Yoast SEO plugin. -->","yoast_head_json":{"title":"Macarena Hirmas - Centro de Epidemiolog\u00eda y Pol\u00edticas de Salud","robots":{"index":"index","follow":"follow","max-snippet":"max-snippet:-1","max-image-preview":"max-image-preview:large","max-video-preview":"max-video-preview:-1"},"canonical":"https:\/\/medicina.udd.cl\/centro-epidemiologia-politicas-salud\/macarena-hirmas\/","og_locale":"es_ES","og_type":"article","og_title":"Macarena Hirmas - Centro de Epidemiolog\u00eda y Pol\u00edticas de Salud","og_description":"Matrona (Universidad Mayor), Mag\u00edster en Salud P\u00fablica (Escuela de Salud P\u00fablica-Universidad de Chile), Diplomada en Docencia en Ciencias de la Salud (Departamento de Educaci\u00f3n en Ciencias de la Salud-Universidad de Chile). Desde 2008 se desempe\u00f1a como docente-investigadora de la Facultad de Medicina CAS UDD en el Centro de Epidemiolog\u00eda y Pol\u00edticas de Salud. Actualmente es [&hellip;]","og_url":"https:\/\/medicina.udd.cl\/centro-epidemiologia-politicas-salud\/macarena-hirmas\/","og_site_name":"Centro de Epidemiolog\u00eda y Pol\u00edticas de Salud","article_modified_time":"2012-11-26T12:01:59+00:00","twitter_misc":{"Tiempo de lectura":"2 minutos"},"schema":{"@context":"https:\/\/schema.org","@graph":[{"@type":"WebPage","@id":"https:\/\/medicina.udd.cl\/centro-epidemiologia-politicas-salud\/macarena-hirmas\/","url":"https:\/\/medicina.udd.cl\/centro-epidemiologia-politicas-salud\/macarena-hirmas\/","name":"Macarena Hirmas - Centro de Epidemiolog\u00eda y Pol\u00edticas de Salud","isPartOf":{"@id":"https:\/\/medicina.udd.cl\/centro-epidemiologia-politicas-salud\/#website"},"datePublished":"2010-07-06T16:50:18+00:00","dateModified":"2012-11-26T12:01:59+00:00","breadcrumb":{"@id":"https:\/\/medicina.udd.cl\/centro-epidemiologia-politicas-salud\/macarena-hirmas\/#breadcrumb"},"inLanguage":"es","potentialAction":[{"@type":"ReadAction","target":["https:\/\/medicina.udd.cl\/centro-epidemiologia-politicas-salud\/macarena-hirmas\/"]}]},{"@type":"BreadcrumbList","@id":"https:\/\/medicina.udd.cl\/centro-epidemiologia-politicas-salud\/macarena-hirmas\/#breadcrumb","itemListElement":[{"@type":"ListItem","position":1,"name":"Inicio","item":"https:\/\/medicina.udd.cl\/centro-epidemiologia-politicas-salud\/"},{"@type":"ListItem","position":2,"name":"Macarena Hirmas"}]},{"@type":"WebSite","@id":"https:\/\/medicina.udd.cl\/centro-epidemiologia-politicas-salud\/#website","url":"https:\/\/medicina.udd.cl\/centro-epidemiologia-politicas-salud\/","name":"Centro de Epidemiolog\u00eda y Pol\u00edticas de Salud","description":"Otro blog m\u00e1s de Medicina","inLanguage":"es"}]}},"_links":{"self":[{"href":"https:\/\/medicina.udd.cl\/centro-epidemiologia-politicas-salud\/wp-json\/wp\/v2\/pages\/66","targetHints":{"allow":["GET"]}}],"collection":[{"href":"https:\/\/medicina.udd.cl\/centro-epidemiologia-politicas-salud\/wp-json\/wp\/v2\/pages"}],"about":[{"href":"https:\/\/medicina.udd.cl\/centro-epidemiologia-politicas-salud\/wp-json\/wp\/v2\/types\/page"}],"author":[{"embeddable":true,"href":"https:\/\/medicina.udd.cl\/centro-epidemiologia-politicas-salud\/wp-json\/wp\/v2\/users\/1"}],"replies":[{"embeddable":true,"href":"https:\/\/medicina.udd.cl\/centro-epidemiologia-politicas-salud\/wp-json\/wp\/v2\/comments?post=66"}],"version-history":[{"count":3,"href":"https:\/\/medicina.udd.cl\/centro-epidemiologia-politicas-salud\/wp-json\/wp\/v2\/pages\/66\/revisions"}],"predecessor-version":[{"id":474,"href":"https:\/\/medicina.udd.cl\/centro-epidemiologia-politicas-salud\/wp-json\/wp\/v2\/pages\/66\/revisions\/474"}],"wp:attachment":[{"href":"https:\/\/medicina.udd.cl\/centro-epidemiologia-politicas-salud\/wp-json\/wp\/v2\/media?parent=66"}],"curies":[{"name":"wp","href":"https:\/\/api.w.org\/{rel}","templated":true}]}}

<p>Matrona (Universidad Mayor), Magíster en Salud Pública (Escuela de Salud Pública-Universidad de Chile), Diplomada en Docencia en Ciencias de la Salud (Departamento de Educación en Ciencias de la Salud-Universidad de Chile).</p>
<p>Desde 2008 se desempeña como docente-investigadora de la Facultad de Medicina CAS UDD en el Centro de Epidemiología y Políticas de Salud.</p>
<p>Actualmente es coordinadora y docente del curso Salud Pública y Epidemiología realizado en segundo año del Plan Común en carreras de la salud. Además ha participado en cursos de extensión en la Escuela Internacional de verano (Escuela Salud Pública-Universidad de Chile) y para el Ministerio de Salud.</p>
<p>Ha participado en investigaciones en el área de salud mental (Ambiente laboral,  Evaluación de una intervención comunitaria y primer episodio de psicosis, entre otros). Actualmente colabora en estudios relacionados a enfermedades transmisibles (Tuberculosis en prisiones) y en equidad de acceso a servicios de salud (Barreras y facilitadores de acceso en HTA y a control prenatal en adolescentes).</p>
<p style="text-align: justify;">Publicaciones:</p>
<p style="text-align: justify;">• Co- autora de artículo “Adaptación y análisis psicométrico de un cuestionario para evaluar riesgos psicosociales en el trabajo en Chile: versión media del CoPsoQ”. Revista Chilena de Salud Pública; Vol 13 (1): 7-16. (2009)<br />
• Co-autora y presentadora de trabajo “Psychosocial  factors and worker´s  mental health in Chile”. Versión Póster, Escuela de Salud Pública-Universidad de Chile. American Public Health Association (APHA), San Diego, Estados Unidos. (Octubre 2008)<br />
• Co-autora en publicación “La promoción de la salud real versus la propuesta”. XXVII Jornadas Chilenas de Salud Pública, Escuela de Salud Pública, Facultad de Medicina, Universidad de Chile. (2008)<br />
• Autora de artículo “Motivo de inicio de actividad sexual en adolescentes desde una perpectiva de género, CEMERA 2005-2006”. Revista Chilena de Salud Pública; vol 12 (1): 5-11. (2008)<br />
• Co-autora en equipo de Trabajos: “Factores Psicosociales y Morbilidad de Salud Mental”, “Salud Mental y Determinantes Sociodemográficos en Trabajadores de Servicios” y Póster “Procedimientos en una investigación científica ¿Y los procesos?”. 1º Congreso Chileno de Salud Pública, Hotel Sheraton. (2007)</p>

<p>Matrona (Universidad Mayor), Magíster en Salud Pública (Escuela de Salud Pública-Universidad de Chile), Diplomada en Docencia en Ciencias de la Salud (Departamento de Educación en Ciencias de la Salud-Universidad de Chile). Desde 2008 se desempeña como docente-investigadora de la Facultad de Medicina CAS UDD en el Centro de Epidemiología y Políticas de Salud. Actualmente es [&hellip;]</p>

<!-- This site is optimized with the Yoast SEO plugin v26.9 - https://yoast.com/product/yoast-seo-wordpress/ -->
<title>Macarena Hirmas - Centro de Epidemiología y Políticas de Salud</title>
<meta name="robots" content="index, follow, max-snippet:-1, max-image-preview:large, max-video-preview:-1" />
<link rel="canonical" href="https://medicina.udd.cl/centro-epidemiologia-politicas-salud/macarena-hirmas/" />
<meta property="og:locale" content="es_ES" />
<meta property="og:type" content="article" />
<meta property="og:title" content="Macarena Hirmas - Centro de Epidemiología y Políticas de Salud" />
<meta property="og:description" content="Matrona (Universidad Mayor), Magíster en Salud Pública (Escuela de Salud Pública-Universidad de Chile), Diplomada en Docencia en Ciencias de la Salud (Departamento de Educación en Ciencias de la Salud-Universidad de Chile). Desde 2008 se desempeña como docente-investigadora de la Facultad de Medicina CAS UDD en el Centro de Epidemiología y Políticas de Salud. Actualmente es [&hellip;]" />
<meta property="og:url" content="https://medicina.udd.cl/centro-epidemiologia-politicas-salud/macarena-hirmas/" />
<meta property="og:site_name" content="Centro de Epidemiología y Políticas de Salud" />
<meta property="article:modified_time" content="2012-11-26T12:01:59+00:00" />
<meta name="twitter:label1" content="Tiempo de lectura" />
	<meta name="twitter:data1" content="2 minutos" />
<script type="application/ld+json" class="yoast-schema-graph">{"@context":"https://schema.org","@graph":[{"@type":"WebPage","@id":"https://medicina.udd.cl/centro-epidemiologia-politicas-salud/macarena-hirmas/","url":"https://medicina.udd.cl/centro-epidemiologia-politicas-salud/macarena-hirmas/","name":"Macarena Hirmas - Centro de Epidemiología y Políticas de Salud","isPartOf":{"@id":"https://medicina.udd.cl/centro-epidemiologia-politicas-salud/#website"},"datePublished":"2010-07-06T16:50:18+00:00","dateModified":"2012-11-26T12:01:59+00:00","breadcrumb":{"@id":"https://medicina.udd.cl/centro-epidemiologia-politicas-salud/macarena-hirmas/#breadcrumb"},"inLanguage":"es","potentialAction":[{"@type":"ReadAction","target":["https://medicina.udd.cl/centro-epidemiologia-politicas-salud/macarena-hirmas/"]}]},{"@type":"BreadcrumbList","@id":"https://medicina.udd.cl/centro-epidemiologia-politicas-salud/macarena-hirmas/#breadcrumb","itemListElement":[{"@type":"ListItem","position":1,"name":"Inicio","item":"https://medicina.udd.cl/centro-epidemiologia-politicas-salud/"},{"@type":"ListItem","position":2,"name":"Macarena Hirmas"}]},{"@type":"WebSite","@id":"https://medicina.udd.cl/centro-epidemiologia-politicas-salud/#website","url":"https://medicina.udd.cl/centro-epidemiologia-politicas-salud/","name":"Centro de Epidemiología y Políticas de Salud","description":"Otro blog más de Medicina","inLanguage":"es"}]}</script>
<!-- / Yoast SEO plugin. -->

Macarena Hirmas - Centro de Epidemiología y Políticas de Salud

Matrona (Universidad Mayor), Magíster en Salud Pública (Escuela de Salud Pública-Universidad de Chile), Diplomada en Docencia en Ciencias de la Salud (Departamento de Educación en Ciencias de la Salud-Universidad de Chile). Desde 2008 se desempeña como docente-investigadora de la Facultad de Medicina CAS UDD en el Centro de Epidemiología y Políticas de Salud. Actualmente es [&hellip;]

Centro de Epidemiología y Políticas de Salud

Otro blog más de Medicina
