{"id":94,"date":"2010-10-04T11:29:08","date_gmt":"2010-10-04T15:29:08","guid":{"rendered":"http:\/\/medicina.udd.cl\/centro-epidemiologia-politicas-salud\/ximena-aguilera-2\/"},"modified":"2012-11-14T16:57:13","modified_gmt":"2012-11-14T19:57:13","slug":"ximena-aguilera-2","status":"publish","type":"page","link":"https:\/\/medicina.udd.cl\/centro-epidemiologia-politicas-salud\/ximena-aguilera-2\/","title":{"rendered":"Ximena Aguilera"},"content":{"rendered":"<p>La Dra. Ximena Aguilera Sanhueza es M\u00e9dico Cirujano de la Universidad de Chile.<\/p>\n<p>Especialista en Salud P\u00fablica Universidad de Chile, premio Benjam\u00edn Viel a las m\u00e1s altas calificaciones de la menci\u00f3n epidemiolog\u00eda del Mag\u00edster en Salud P\u00fablica de la Universidad de Chile (1989).<\/p>\n<p>Adem\u00e1s, realiz\u00f3 programa de Residencia en Salud Internacional en la Organizaci\u00f3n Panamericana de la Salud, Washington DC (1994).<\/p>\n<p style=\"text-align: justify;\">Entre 1990 a 1993 trabaj\u00f3 como consultora del proyecto Banco Mundial-Ministerio de Salud de Chile en los proyectos de Reforma del Sector Salud y Asistencia T\u00e9cnica y Rehabilitaci\u00f3n Hospitalaria.\u00a0 Fue del equipo autor del proyecto Readecuaci\u00f3n del Sistema P\u00fablico de Atenci\u00f3n de Salud, que propuso la creaci\u00f3n de los CDT y CRS en Chile.<\/p>\n<p style=\"text-align: justify;\">En 1995 trabaja en el primer estudio de Carga de Enfermedad en Chile (DALYs) coordinando el trabajo epidemiol\u00f3gico. En 1996 ingresa al Ministerio de Salud a cargo de crear la Unidad de An\u00e1lisis Epidemiol\u00f3gico, participa en el primer estudio de costo-efectividad para intervenciones prioritarias como metodolog\u00eda DALY y p\u00edblica Apuntes para una\u00a0 Epidemiolog\u00eda de la Desigualdad.<\/p>\n<p style=\"text-align: justify;\">Entre 1999 y 2005 fue jefa nacional de epidemiolog\u00eda en el Ministerio de Salud de Chile, donde entre otras tareas reformul\u00f3 sistema de vigilancia en salud p\u00fablica; organiz\u00f3 y dirigi\u00f3 la primera campa\u00f1a nacional de vacunaci\u00f3n contra rub\u00e9ola en mujeres adultas (1999) y dise\u00f1\u00f3 y estableci\u00f3\u00a0 el sistema de encuesta poblacionales de salud en Chile, que llev\u00f3 a la ejecuci\u00f3n bajo su gesti\u00f3n de la\u00a0 I y II Encuesta Nacional de Calidad de Vida y Salud (2000 y 2006) y la\u00a0 I Encuesta\u00a0 Nacional de Salud (2003,) primera encuesta poblacional con mediciones de par\u00e1metros biol\u00f3gicos; la aplicaci\u00f3n en Chile de la I Encuesta Mundial de Salud Escolar, la I y II Encuesta Mundial de Tabaquismo en Adolescentes.<\/p>\n<p style=\"text-align: justify;\">Paralelamente, condujo el proceso de la formulaci\u00f3n de los Objetivos Sanitarios para la D\u00e9cada 2000-2010 y particip\u00f3 en el proceso de Reforma Sectorial, espec\u00edficamente en el fortalecimiento de la autoridad sanitaria y en el dise\u00f1o conceptual y definici\u00f3n del mecanismo legal para la selecci\u00f3n de patolog\u00edas del sistema GES (AUGE).<\/p>\n<p style=\"text-align: justify;\">Entre 2005 y 2008 asume como Jefa de la Divisi\u00f3n de Planificaci\u00f3n Sanitaria responsable de los estudios para la selecci\u00f3n de prioridades en salud a ser implementadas en el sistema GES (carga de enfermedad, costo efectividad, verificaci\u00f3n de costo esperado);\u00a0 promovi\u00f3 la realizaci\u00f3n de la encuesta de satisfacci\u00f3n y gasto en salud; condujo el proceso de la evaluaci\u00f3n del avance de los Objetivos Sanitarios para la D\u00e9cada a mitad del per\u00edodo y fue la responsable principal de la preparaci\u00f3n para la Pandemia del Ministerio de Salud de Chile.<\/p>\n<p style=\"text-align: justify;\">En el contexto internacional fue representante oficial del Ministerio de Salud de Chile ante el Asia Pac\u00edfico (APEC); MERCOSUR y ORAS CONHU, fue delegada oficial de Chile en la negociaci\u00f3n y aprobaci\u00f3n del Reglamento Sanitario Internacional.\u00a0 Ha sido miembro del comit\u00e9 asesor de la Red Mundial de Alerta y Respuesta a Brotes GOARN de la Organizaci\u00f3n\u00a0 Mundial de la Salud (2002-2008) y fue designada por la OMS como Miembro del Comit\u00e9 de Expertos de Influenza y de Reglamento Sanitario Internacional, donde particip\u00f3 hasta su incorporaci\u00f3n a la Organizaci\u00f3n Panamericana de la Salud.\u00a0 En la OPS (2008-2010) asume como\u00a0 Asesor Principal en Enfermedades Transmisibles para la Regi\u00f3n Americana, a cargo de coordinar los proyectos de Tuberculosis; Malaria; Dengue; Chagas; Lepra; Enfermedades Desatendidas, Influenza y otras enfermedades virales; Reglamento Sanitario Internacional, Alerta y Respuesta a Brotes, Resistencia Antimicrobiana, Investigaci\u00f3n en enfermedades transmisibles e Interfase humana y animal.\u00a0 Ha trabajado como consultora internacional para OMS, OPS, el PNUD y el Banco Mundial en diversos pa\u00edses de Latinoam\u00e9rica\u00a0 y en China.<a href=\"http:\/\/medicina.udd.cl\/centro-epidemiologia-politicas-salud\/wp-admin\/tools.php?page=administrar-people&amp;add=true\"><\/a><\/p>\n","protected":false},"excerpt":{"rendered":"<p>La Dra. Ximena Aguilera Sanhueza es M\u00e9dico Cirujano de la Universidad de Chile. Especialista en Salud P\u00fablica Universidad de Chile, premio Benjam\u00edn Viel a las m\u00e1s altas calificaciones de la menci\u00f3n epidemiolog\u00eda del Mag\u00edster en Salud P\u00fablica de la Universidad de Chile (1989). Adem\u00e1s, realiz\u00f3 programa de Residencia en Salud Internacional en la Organizaci\u00f3n Panamericana [&hellip;]<\/p>\n","protected":false},"author":1,"featured_media":0,"parent":0,"menu_order":0,"comment_status":"open","ping_status":"open","template":"","meta":{"footnotes":""},"class_list":["post-94","page","type-page","status-publish","hentry"],"yoast_head":"<!-- This site is optimized with the Yoast SEO plugin v26.9 - https:\/\/yoast.com\/product\/yoast-seo-wordpress\/ -->\n<title>Ximena Aguilera - Centro de Epidemiolog\u00eda y Pol\u00edticas de Salud<\/title>\n<meta name=\"robots\" content=\"index, follow, max-snippet:-1, max-image-preview:large, max-video-preview:-1\" \/>\n<link rel=\"canonical\" href=\"https:\/\/medicina.udd.cl\/centro-epidemiologia-politicas-salud\/ximena-aguilera-2\/\" \/>\n<meta property=\"og:locale\" content=\"es_ES\" \/>\n<meta property=\"og:type\" content=\"article\" \/>\n<meta property=\"og:title\" content=\"Ximena Aguilera - Centro de Epidemiolog\u00eda y Pol\u00edticas de Salud\" \/>\n<meta property=\"og:description\" content=\"La Dra. Ximena Aguilera Sanhueza es M\u00e9dico Cirujano de la Universidad de Chile. Especialista en Salud P\u00fablica Universidad de Chile, premio Benjam\u00edn Viel a las m\u00e1s altas calificaciones de la menci\u00f3n epidemiolog\u00eda del Mag\u00edster en Salud P\u00fablica de la Universidad de Chile (1989). Adem\u00e1s, realiz\u00f3 programa de Residencia en Salud Internacional en la Organizaci\u00f3n Panamericana [&hellip;]\" \/>\n<meta property=\"og:url\" content=\"https:\/\/medicina.udd.cl\/centro-epidemiologia-politicas-salud\/ximena-aguilera-2\/\" \/>\n<meta property=\"og:site_name\" content=\"Centro de Epidemiolog\u00eda y Pol\u00edticas de Salud\" \/>\n<meta property=\"article:modified_time\" content=\"2012-11-14T19:57:13+00:00\" \/>\n<meta name=\"twitter:label1\" content=\"Tiempo de lectura\" \/>\n\t<meta name=\"twitter:data1\" content=\"3 minutos\" \/>\n<script type=\"application\/ld+json\" class=\"yoast-schema-graph\">{\"@context\":\"https:\/\/schema.org\",\"@graph\":[{\"@type\":\"WebPage\",\"@id\":\"https:\/\/medicina.udd.cl\/centro-epidemiologia-politicas-salud\/ximena-aguilera-2\/\",\"url\":\"https:\/\/medicina.udd.cl\/centro-epidemiologia-politicas-salud\/ximena-aguilera-2\/\",\"name\":\"Ximena Aguilera - Centro de Epidemiolog\u00eda y Pol\u00edticas de Salud\",\"isPartOf\":{\"@id\":\"https:\/\/medicina.udd.cl\/centro-epidemiologia-politicas-salud\/#website\"},\"datePublished\":\"2010-10-04T15:29:08+00:00\",\"dateModified\":\"2012-11-14T19:57:13+00:00\",\"breadcrumb\":{\"@id\":\"https:\/\/medicina.udd.cl\/centro-epidemiologia-politicas-salud\/ximena-aguilera-2\/#breadcrumb\"},\"inLanguage\":\"es\",\"potentialAction\":[{\"@type\":\"ReadAction\",\"target\":[\"https:\/\/medicina.udd.cl\/centro-epidemiologia-politicas-salud\/ximena-aguilera-2\/\"]}]},{\"@type\":\"BreadcrumbList\",\"@id\":\"https:\/\/medicina.udd.cl\/centro-epidemiologia-politicas-salud\/ximena-aguilera-2\/#breadcrumb\",\"itemListElement\":[{\"@type\":\"ListItem\",\"position\":1,\"name\":\"Inicio\",\"item\":\"https:\/\/medicina.udd.cl\/centro-epidemiologia-politicas-salud\/\"},{\"@type\":\"ListItem\",\"position\":2,\"name\":\"Ximena Aguilera\"}]},{\"@type\":\"WebSite\",\"@id\":\"https:\/\/medicina.udd.cl\/centro-epidemiologia-politicas-salud\/#website\",\"url\":\"https:\/\/medicina.udd.cl\/centro-epidemiologia-politicas-salud\/\",\"name\":\"Centro de Epidemiolog\u00eda y Pol\u00edticas de Salud\",\"description\":\"Otro blog m\u00e1s de Medicina\",\"inLanguage\":\"es\"}]}<\/script>\n<!-- \/ Yoast SEO plugin. -->","yoast_head_json":{"title":"Ximena Aguilera - Centro de Epidemiolog\u00eda y Pol\u00edticas de Salud","robots":{"index":"index","follow":"follow","max-snippet":"max-snippet:-1","max-image-preview":"max-image-preview:large","max-video-preview":"max-video-preview:-1"},"canonical":"https:\/\/medicina.udd.cl\/centro-epidemiologia-politicas-salud\/ximena-aguilera-2\/","og_locale":"es_ES","og_type":"article","og_title":"Ximena Aguilera - Centro de Epidemiolog\u00eda y Pol\u00edticas de Salud","og_description":"La Dra. Ximena Aguilera Sanhueza es M\u00e9dico Cirujano de la Universidad de Chile. Especialista en Salud P\u00fablica Universidad de Chile, premio Benjam\u00edn Viel a las m\u00e1s altas calificaciones de la menci\u00f3n epidemiolog\u00eda del Mag\u00edster en Salud P\u00fablica de la Universidad de Chile (1989). Adem\u00e1s, realiz\u00f3 programa de Residencia en Salud Internacional en la Organizaci\u00f3n Panamericana [&hellip;]","og_url":"https:\/\/medicina.udd.cl\/centro-epidemiologia-politicas-salud\/ximena-aguilera-2\/","og_site_name":"Centro de Epidemiolog\u00eda y Pol\u00edticas de Salud","article_modified_time":"2012-11-14T19:57:13+00:00","twitter_misc":{"Tiempo de lectura":"3 minutos"},"schema":{"@context":"https:\/\/schema.org","@graph":[{"@type":"WebPage","@id":"https:\/\/medicina.udd.cl\/centro-epidemiologia-politicas-salud\/ximena-aguilera-2\/","url":"https:\/\/medicina.udd.cl\/centro-epidemiologia-politicas-salud\/ximena-aguilera-2\/","name":"Ximena Aguilera - Centro de Epidemiolog\u00eda y Pol\u00edticas de Salud","isPartOf":{"@id":"https:\/\/medicina.udd.cl\/centro-epidemiologia-politicas-salud\/#website"},"datePublished":"2010-10-04T15:29:08+00:00","dateModified":"2012-11-14T19:57:13+00:00","breadcrumb":{"@id":"https:\/\/medicina.udd.cl\/centro-epidemiologia-politicas-salud\/ximena-aguilera-2\/#breadcrumb"},"inLanguage":"es","potentialAction":[{"@type":"ReadAction","target":["https:\/\/medicina.udd.cl\/centro-epidemiologia-politicas-salud\/ximena-aguilera-2\/"]}]},{"@type":"BreadcrumbList","@id":"https:\/\/medicina.udd.cl\/centro-epidemiologia-politicas-salud\/ximena-aguilera-2\/#breadcrumb","itemListElement":[{"@type":"ListItem","position":1,"name":"Inicio","item":"https:\/\/medicina.udd.cl\/centro-epidemiologia-politicas-salud\/"},{"@type":"ListItem","position":2,"name":"Ximena Aguilera"}]},{"@type":"WebSite","@id":"https:\/\/medicina.udd.cl\/centro-epidemiologia-politicas-salud\/#website","url":"https:\/\/medicina.udd.cl\/centro-epidemiologia-politicas-salud\/","name":"Centro de Epidemiolog\u00eda y Pol\u00edticas de Salud","description":"Otro blog m\u00e1s de Medicina","inLanguage":"es"}]}},"_links":{"self":[{"href":"https:\/\/medicina.udd.cl\/centro-epidemiologia-politicas-salud\/wp-json\/wp\/v2\/pages\/94","targetHints":{"allow":["GET"]}}],"collection":[{"href":"https:\/\/medicina.udd.cl\/centro-epidemiologia-politicas-salud\/wp-json\/wp\/v2\/pages"}],"about":[{"href":"https:\/\/medicina.udd.cl\/centro-epidemiologia-politicas-salud\/wp-json\/wp\/v2\/types\/page"}],"author":[{"embeddable":true,"href":"https:\/\/medicina.udd.cl\/centro-epidemiologia-politicas-salud\/wp-json\/wp\/v2\/users\/1"}],"replies":[{"embeddable":true,"href":"https:\/\/medicina.udd.cl\/centro-epidemiologia-politicas-salud\/wp-json\/wp\/v2\/comments?post=94"}],"version-history":[{"count":1,"href":"https:\/\/medicina.udd.cl\/centro-epidemiologia-politicas-salud\/wp-json\/wp\/v2\/pages\/94\/revisions"}],"predecessor-version":[{"id":433,"href":"https:\/\/medicina.udd.cl\/centro-epidemiologia-politicas-salud\/wp-json\/wp\/v2\/pages\/94\/revisions\/433"}],"wp:attachment":[{"href":"https:\/\/medicina.udd.cl\/centro-epidemiologia-politicas-salud\/wp-json\/wp\/v2\/media?parent=94"}],"curies":[{"name":"wp","href":"https:\/\/api.w.org\/{rel}","templated":true}]}}

<p>La Dra. Ximena Aguilera Sanhueza es Médico Cirujano de la Universidad de Chile.</p>
<p>Especialista en Salud Pública Universidad de Chile, premio Benjamín Viel a las más altas calificaciones de la mención epidemiología del Magíster en Salud Pública de la Universidad de Chile (1989).</p>
<p>Además, realizó programa de Residencia en Salud Internacional en la Organización Panamericana de la Salud, Washington DC (1994).</p>
<p style="text-align: justify;">Entre 1990 a 1993 trabajó como consultora del proyecto Banco Mundial-Ministerio de Salud de Chile en los proyectos de Reforma del Sector Salud y Asistencia Técnica y Rehabilitación Hospitalaria.  Fue del equipo autor del proyecto Readecuación del Sistema Público de Atención de Salud, que propuso la creación de los CDT y CRS en Chile.</p>
<p style="text-align: justify;">En 1995 trabaja en el primer estudio de Carga de Enfermedad en Chile (DALYs) coordinando el trabajo epidemiológico. En 1996 ingresa al Ministerio de Salud a cargo de crear la Unidad de Análisis Epidemiológico, participa en el primer estudio de costo-efectividad para intervenciones prioritarias como metodología DALY y píblica Apuntes para una  Epidemiología de la Desigualdad.</p>
<p style="text-align: justify;">Entre 1999 y 2005 fue jefa nacional de epidemiología en el Ministerio de Salud de Chile, donde entre otras tareas reformuló sistema de vigilancia en salud pública; organizó y dirigió la primera campaña nacional de vacunación contra rubéola en mujeres adultas (1999) y diseñó y estableció  el sistema de encuesta poblacionales de salud en Chile, que llevó a la ejecución bajo su gestión de la  I y II Encuesta Nacional de Calidad de Vida y Salud (2000 y 2006) y la  I Encuesta  Nacional de Salud (2003,) primera encuesta poblacional con mediciones de parámetros biológicos; la aplicación en Chile de la I Encuesta Mundial de Salud Escolar, la I y II Encuesta Mundial de Tabaquismo en Adolescentes.</p>
<p style="text-align: justify;">Paralelamente, condujo el proceso de la formulación de los Objetivos Sanitarios para la Década 2000-2010 y participó en el proceso de Reforma Sectorial, específicamente en el fortalecimiento de la autoridad sanitaria y en el diseño conceptual y definición del mecanismo legal para la selección de patologías del sistema GES (AUGE).</p>
<p style="text-align: justify;">Entre 2005 y 2008 asume como Jefa de la División de Planificación Sanitaria responsable de los estudios para la selección de prioridades en salud a ser implementadas en el sistema GES (carga de enfermedad, costo efectividad, verificación de costo esperado);  promovió la realización de la encuesta de satisfacción y gasto en salud; condujo el proceso de la evaluación del avance de los Objetivos Sanitarios para la Década a mitad del período y fue la responsable principal de la preparación para la Pandemia del Ministerio de Salud de Chile.</p>
<p style="text-align: justify;">En el contexto internacional fue representante oficial del Ministerio de Salud de Chile ante el Asia Pacífico (APEC); MERCOSUR y ORAS CONHU, fue delegada oficial de Chile en la negociación y aprobación del Reglamento Sanitario Internacional.  Ha sido miembro del comité asesor de la Red Mundial de Alerta y Respuesta a Brotes GOARN de la Organización  Mundial de la Salud (2002-2008) y fue designada por la OMS como Miembro del Comité de Expertos de Influenza y de Reglamento Sanitario Internacional, donde participó hasta su incorporación a la Organización Panamericana de la Salud.  En la OPS (2008-2010) asume como  Asesor Principal en Enfermedades Transmisibles para la Región Americana, a cargo de coordinar los proyectos de Tuberculosis; Malaria; Dengue; Chagas; Lepra; Enfermedades Desatendidas, Influenza y otras enfermedades virales; Reglamento Sanitario Internacional, Alerta y Respuesta a Brotes, Resistencia Antimicrobiana, Investigación en enfermedades transmisibles e Interfase humana y animal.  Ha trabajado como consultora internacional para OMS, OPS, el PNUD y el Banco Mundial en diversos países de Latinoamérica  y en China.<a href="http://medicina.udd.cl/centro-epidemiologia-politicas-salud/wp-admin/tools.php?page=administrar-people&amp;add=true"></a></p>

<p>La Dra. Ximena Aguilera Sanhueza es Médico Cirujano de la Universidad de Chile. Especialista en Salud Pública Universidad de Chile, premio Benjamín Viel a las más altas calificaciones de la mención epidemiología del Magíster en Salud Pública de la Universidad de Chile (1989). Además, realizó programa de Residencia en Salud Internacional en la Organización Panamericana [&hellip;]</p>

<!-- This site is optimized with the Yoast SEO plugin v26.9 - https://yoast.com/product/yoast-seo-wordpress/ -->
<title>Ximena Aguilera - Centro de Epidemiología y Políticas de Salud</title>
<meta name="robots" content="index, follow, max-snippet:-1, max-image-preview:large, max-video-preview:-1" />
<link rel="canonical" href="https://medicina.udd.cl/centro-epidemiologia-politicas-salud/ximena-aguilera-2/" />
<meta property="og:locale" content="es_ES" />
<meta property="og:type" content="article" />
<meta property="og:title" content="Ximena Aguilera - Centro de Epidemiología y Políticas de Salud" />
<meta property="og:description" content="La Dra. Ximena Aguilera Sanhueza es Médico Cirujano de la Universidad de Chile. Especialista en Salud Pública Universidad de Chile, premio Benjamín Viel a las más altas calificaciones de la mención epidemiología del Magíster en Salud Pública de la Universidad de Chile (1989). Además, realizó programa de Residencia en Salud Internacional en la Organización Panamericana [&hellip;]" />
<meta property="og:url" content="https://medicina.udd.cl/centro-epidemiologia-politicas-salud/ximena-aguilera-2/" />
<meta property="og:site_name" content="Centro de Epidemiología y Políticas de Salud" />
<meta property="article:modified_time" content="2012-11-14T19:57:13+00:00" />
<meta name="twitter:label1" content="Tiempo de lectura" />
	<meta name="twitter:data1" content="3 minutos" />
<script type="application/ld+json" class="yoast-schema-graph">{"@context":"https://schema.org","@graph":[{"@type":"WebPage","@id":"https://medicina.udd.cl/centro-epidemiologia-politicas-salud/ximena-aguilera-2/","url":"https://medicina.udd.cl/centro-epidemiologia-politicas-salud/ximena-aguilera-2/","name":"Ximena Aguilera - Centro de Epidemiología y Políticas de Salud","isPartOf":{"@id":"https://medicina.udd.cl/centro-epidemiologia-politicas-salud/#website"},"datePublished":"2010-10-04T15:29:08+00:00","dateModified":"2012-11-14T19:57:13+00:00","breadcrumb":{"@id":"https://medicina.udd.cl/centro-epidemiologia-politicas-salud/ximena-aguilera-2/#breadcrumb"},"inLanguage":"es","potentialAction":[{"@type":"ReadAction","target":["https://medicina.udd.cl/centro-epidemiologia-politicas-salud/ximena-aguilera-2/"]}]},{"@type":"BreadcrumbList","@id":"https://medicina.udd.cl/centro-epidemiologia-politicas-salud/ximena-aguilera-2/#breadcrumb","itemListElement":[{"@type":"ListItem","position":1,"name":"Inicio","item":"https://medicina.udd.cl/centro-epidemiologia-politicas-salud/"},{"@type":"ListItem","position":2,"name":"Ximena Aguilera"}]},{"@type":"WebSite","@id":"https://medicina.udd.cl/centro-epidemiologia-politicas-salud/#website","url":"https://medicina.udd.cl/centro-epidemiologia-politicas-salud/","name":"Centro de Epidemiología y Políticas de Salud","description":"Otro blog más de Medicina","inLanguage":"es"}]}</script>
<!-- / Yoast SEO plugin. -->

Ximena Aguilera - Centro de Epidemiología y Políticas de Salud

La Dra. Ximena Aguilera Sanhueza es Médico Cirujano de la Universidad de Chile. Especialista en Salud Pública Universidad de Chile, premio Benjamín Viel a las más altas calificaciones de la mención epidemiología del Magíster en Salud Pública de la Universidad de Chile (1989). Además, realizó programa de Residencia en Salud Internacional en la Organización Panamericana [&hellip;]

Centro de Epidemiología y Políticas de Salud

Otro blog más de Medicina
