{"id":1911,"date":"2020-03-27T17:08:19","date_gmt":"2020-03-27T20:08:19","guid":{"rendered":"http:\/\/medicina.udd.cl\/centro-epidemiologia-politicas-salud\/?post_type=person&#038;p=1911"},"modified":"2023-01-26T15:37:52","modified_gmt":"2023-01-26T18:37:52","slug":"camila-awad","status":"publish","type":"person","link":"https:\/\/medicina.udd.cl\/centro-epidemiologia-politicas-salud\/persona\/camila-awad\/","title":{"rendered":"Camila Awad"},"featured_media":2381,"template":"","people_tax":[5193],"people_areas":[],"people_levels":[],"class_list":["post-1911","person","type-person","status-publish","has-post-thumbnail","hentry","people_tax-equipo"],"yoast_head":"<!-- This site is optimized with the Yoast SEO plugin v26.9 - https:\/\/yoast.com\/product\/yoast-seo-wordpress\/ -->\n<title>Camila Awad - Centro de Epidemiolog\u00eda y Pol\u00edticas de Salud<\/title>\n<meta name=\"robots\" content=\"index, follow, max-snippet:-1, max-image-preview:large, max-video-preview:-1\" \/>\n<link rel=\"canonical\" href=\"https:\/\/medicina.udd.cl\/centro-epidemiologia-politicas-salud\/persona\/camila-awad\/\" \/>\n<meta property=\"og:locale\" content=\"es_ES\" \/>\n<meta property=\"og:type\" content=\"article\" \/>\n<meta property=\"og:title\" content=\"Camila Awad - Centro de Epidemiolog\u00eda y Pol\u00edticas de Salud\" \/>\n<meta property=\"og:url\" content=\"https:\/\/medicina.udd.cl\/centro-epidemiologia-politicas-salud\/persona\/camila-awad\/\" \/>\n<meta property=\"og:site_name\" content=\"Centro de Epidemiolog\u00eda y Pol\u00edticas de Salud\" \/>\n<meta property=\"article:modified_time\" content=\"2023-01-26T18:37:52+00:00\" \/>\n<meta property=\"og:image\" content=\"https:\/\/medicina.udd.cl\/centro-epidemiologia-politicas-salud\/files\/2020\/03\/camila-awad-1.jpg\" \/>\n\t<meta property=\"og:image:width\" content=\"2533\" \/>\n\t<meta property=\"og:image:height\" content=\"2532\" \/>\n\t<meta property=\"og:image:type\" content=\"image\/jpeg\" \/>\n<script type=\"application\/ld+json\" class=\"yoast-schema-graph\">{\"@context\":\"https:\/\/schema.org\",\"@graph\":[{\"@type\":\"WebPage\",\"@id\":\"https:\/\/medicina.udd.cl\/centro-epidemiologia-politicas-salud\/persona\/camila-awad\/\",\"url\":\"https:\/\/medicina.udd.cl\/centro-epidemiologia-politicas-salud\/persona\/camila-awad\/\",\"name\":\"Camila Awad - Centro de Epidemiolog\u00eda y Pol\u00edticas de Salud\",\"isPartOf\":{\"@id\":\"https:\/\/medicina.udd.cl\/centro-epidemiologia-politicas-salud\/#website\"},\"primaryImageOfPage\":{\"@id\":\"https:\/\/medicina.udd.cl\/centro-epidemiologia-politicas-salud\/persona\/camila-awad\/#primaryimage\"},\"image\":{\"@id\":\"https:\/\/medicina.udd.cl\/centro-epidemiologia-politicas-salud\/persona\/camila-awad\/#primaryimage\"},\"thumbnailUrl\":\"https:\/\/medicina.udd.cl\/centro-epidemiologia-politicas-salud\/files\/2020\/03\/camila-awad-1.jpg\",\"datePublished\":\"2020-03-27T20:08:19+00:00\",\"dateModified\":\"2023-01-26T18:37:52+00:00\",\"breadcrumb\":{\"@id\":\"https:\/\/medicina.udd.cl\/centro-epidemiologia-politicas-salud\/persona\/camila-awad\/#breadcrumb\"},\"inLanguage\":\"es\",\"potentialAction\":[{\"@type\":\"ReadAction\",\"target\":[\"https:\/\/medicina.udd.cl\/centro-epidemiologia-politicas-salud\/persona\/camila-awad\/\"]}]},{\"@type\":\"ImageObject\",\"inLanguage\":\"es\",\"@id\":\"https:\/\/medicina.udd.cl\/centro-epidemiologia-politicas-salud\/persona\/camila-awad\/#primaryimage\",\"url\":\"https:\/\/medicina.udd.cl\/centro-epidemiologia-politicas-salud\/files\/2020\/03\/camila-awad-1.jpg\",\"contentUrl\":\"https:\/\/medicina.udd.cl\/centro-epidemiologia-politicas-salud\/files\/2020\/03\/camila-awad-1.jpg\",\"width\":2533,\"height\":2532},{\"@type\":\"BreadcrumbList\",\"@id\":\"https:\/\/medicina.udd.cl\/centro-epidemiologia-politicas-salud\/persona\/camila-awad\/#breadcrumb\",\"itemListElement\":[{\"@type\":\"ListItem\",\"position\":1,\"name\":\"Inicio\",\"item\":\"https:\/\/medicina.udd.cl\/centro-epidemiologia-politicas-salud\/\"},{\"@type\":\"ListItem\",\"position\":2,\"name\":\"Personas\",\"item\":\"https:\/\/medicina.udd.cl\/centro-epidemiologia-politicas-salud\/persona\/\"},{\"@type\":\"ListItem\",\"position\":3,\"name\":\"Camila Awad\"}]},{\"@type\":\"WebSite\",\"@id\":\"https:\/\/medicina.udd.cl\/centro-epidemiologia-politicas-salud\/#website\",\"url\":\"https:\/\/medicina.udd.cl\/centro-epidemiologia-politicas-salud\/\",\"name\":\"Centro de Epidemiolog\u00eda y Pol\u00edticas de Salud\",\"description\":\"Otro blog m\u00e1s de Medicina\",\"inLanguage\":\"es\"}]}<\/script>\n<!-- \/ Yoast SEO plugin. -->","yoast_head_json":{"title":"Camila Awad - Centro de Epidemiolog\u00eda y Pol\u00edticas de Salud","robots":{"index":"index","follow":"follow","max-snippet":"max-snippet:-1","max-image-preview":"max-image-preview:large","max-video-preview":"max-video-preview:-1"},"canonical":"https:\/\/medicina.udd.cl\/centro-epidemiologia-politicas-salud\/persona\/camila-awad\/","og_locale":"es_ES","og_type":"article","og_title":"Camila Awad - Centro de Epidemiolog\u00eda y Pol\u00edticas de Salud","og_url":"https:\/\/medicina.udd.cl\/centro-epidemiologia-politicas-salud\/persona\/camila-awad\/","og_site_name":"Centro de Epidemiolog\u00eda y Pol\u00edticas de Salud","article_modified_time":"2023-01-26T18:37:52+00:00","og_image":[{"width":2533,"height":2532,"url":"https:\/\/medicina.udd.cl\/centro-epidemiologia-politicas-salud\/files\/2020\/03\/camila-awad-1.jpg","type":"image\/jpeg"}],"schema":{"@context":"https:\/\/schema.org","@graph":[{"@type":"WebPage","@id":"https:\/\/medicina.udd.cl\/centro-epidemiologia-politicas-salud\/persona\/camila-awad\/","url":"https:\/\/medicina.udd.cl\/centro-epidemiologia-politicas-salud\/persona\/camila-awad\/","name":"Camila Awad - Centro de Epidemiolog\u00eda y Pol\u00edticas de Salud","isPartOf":{"@id":"https:\/\/medicina.udd.cl\/centro-epidemiologia-politicas-salud\/#website"},"primaryImageOfPage":{"@id":"https:\/\/medicina.udd.cl\/centro-epidemiologia-politicas-salud\/persona\/camila-awad\/#primaryimage"},"image":{"@id":"https:\/\/medicina.udd.cl\/centro-epidemiologia-politicas-salud\/persona\/camila-awad\/#primaryimage"},"thumbnailUrl":"https:\/\/medicina.udd.cl\/centro-epidemiologia-politicas-salud\/files\/2020\/03\/camila-awad-1.jpg","datePublished":"2020-03-27T20:08:19+00:00","dateModified":"2023-01-26T18:37:52+00:00","breadcrumb":{"@id":"https:\/\/medicina.udd.cl\/centro-epidemiologia-politicas-salud\/persona\/camila-awad\/#breadcrumb"},"inLanguage":"es","potentialAction":[{"@type":"ReadAction","target":["https:\/\/medicina.udd.cl\/centro-epidemiologia-politicas-salud\/persona\/camila-awad\/"]}]},{"@type":"ImageObject","inLanguage":"es","@id":"https:\/\/medicina.udd.cl\/centro-epidemiologia-politicas-salud\/persona\/camila-awad\/#primaryimage","url":"https:\/\/medicina.udd.cl\/centro-epidemiologia-politicas-salud\/files\/2020\/03\/camila-awad-1.jpg","contentUrl":"https:\/\/medicina.udd.cl\/centro-epidemiologia-politicas-salud\/files\/2020\/03\/camila-awad-1.jpg","width":2533,"height":2532},{"@type":"BreadcrumbList","@id":"https:\/\/medicina.udd.cl\/centro-epidemiologia-politicas-salud\/persona\/camila-awad\/#breadcrumb","itemListElement":[{"@type":"ListItem","position":1,"name":"Inicio","item":"https:\/\/medicina.udd.cl\/centro-epidemiologia-politicas-salud\/"},{"@type":"ListItem","position":2,"name":"Personas","item":"https:\/\/medicina.udd.cl\/centro-epidemiologia-politicas-salud\/persona\/"},{"@type":"ListItem","position":3,"name":"Camila Awad"}]},{"@type":"WebSite","@id":"https:\/\/medicina.udd.cl\/centro-epidemiologia-politicas-salud\/#website","url":"https:\/\/medicina.udd.cl\/centro-epidemiologia-politicas-salud\/","name":"Centro de Epidemiolog\u00eda y Pol\u00edticas de Salud","description":"Otro blog m\u00e1s de Medicina","inLanguage":"es"}]}},"label":"Camila Awad","role":false,"thumbnail_url":"https:\/\/medicina.udd.cl\/centro-epidemiologia-politicas-salud\/files\/2020\/03\/camila-awad-1-500x500.jpg","email":"","tel_job":"","content":{"rendered":"<div class=\"person-modal person-modal--scl\">\n\t<header class=\"person-modal__header\">\n\t\t<div class=\"person-modal__bg\"><\/div>\n\t\t<div class=\"modal-container\">\n\t\t\t\t\t\t<div class=\"person-modal__media\">\n\t\t\t\t<img width=\"500\" height=\"500\" src=\"https:\/\/medicina.udd.cl\/centro-epidemiologia-politicas-salud\/files\/2020\/03\/camila-awad-1-62x62.jpg\" class=\"person-modal__image wp-post-image lazyload\" alt=\"\" decoding=\"async\" loading=\"lazy\" sizes=\"auto, (max-width: 500px) 100vw, 500px\" data-src=\"https:\/\/medicina.udd.cl\/centro-epidemiologia-politicas-salud\/files\/2020\/03\/camila-awad-1-500x500.jpg\" data-srcset=\"https:\/\/medicina.udd.cl\/centro-epidemiologia-politicas-salud\/files\/2020\/03\/camila-awad-1-500x500.jpg 500w, https:\/\/medicina.udd.cl\/centro-epidemiologia-politicas-salud\/files\/2020\/03\/camila-awad-1-300x300.jpg 300w, https:\/\/medicina.udd.cl\/centro-epidemiologia-politicas-salud\/files\/2020\/03\/camila-awad-1-1024x1024.jpg 1024w, https:\/\/medicina.udd.cl\/centro-epidemiologia-politicas-salud\/files\/2020\/03\/camila-awad-1-150x150.jpg 150w, https:\/\/medicina.udd.cl\/centro-epidemiologia-politicas-salud\/files\/2020\/03\/camila-awad-1-768x768.jpg 768w, https:\/\/medicina.udd.cl\/centro-epidemiologia-politicas-salud\/files\/2020\/03\/camila-awad-1-62x62.jpg 62w, https:\/\/medicina.udd.cl\/centro-epidemiologia-politicas-salud\/files\/2020\/03\/camila-awad-1-1536x1536.jpg 1536w, https:\/\/medicina.udd.cl\/centro-epidemiologia-politicas-salud\/files\/2020\/03\/camila-awad-1-2048x2048.jpg 2048w, https:\/\/medicina.udd.cl\/centro-epidemiologia-politicas-salud\/files\/2020\/03\/camila-awad-1-750x750.jpg 750w, https:\/\/medicina.udd.cl\/centro-epidemiologia-politicas-salud\/files\/2020\/03\/camila-awad-1-250x250.jpg 250w, https:\/\/medicina.udd.cl\/centro-epidemiologia-politicas-salud\/files\/2020\/03\/camila-awad-1-126x126.jpg 126w\" \/>\t\t\t<\/div>\n\t\t\t\t\t\t<div class=\"person-modal__data\">\n\t\t\t\t<h1 class=\"person-modal__name\">Camila Awad<\/h1>\n\t\t\t\t\t\t\t\t\t\t\t\t\t\t\t<\/div>\n\t\t<\/div>\n\t<\/header>\n\t<div class=\"modal-container\">\n\t\t\t<div class=\"person-modal__content text\">\n\t\t\t\t\t<p>Nutricionista, Universidad del Desarrollo.  Master in Public Health, Queen\u2019s University Belfast, Reino Unido. <\/p>\n\t\t\t\t\t\t\t\t\t\t<p>Desde 2014 se desempe\u00f1a como nutricionista cl\u00ednica especialista en enfermedades cr\u00f3nicas no transmisibles y cirug\u00eda bari\u00e1trica. Docente de Salud P\u00fablica y Epidemiolog\u00eda en la Universidad del Desarrollo desde a\u00f1o 2017.<\/p>\n<p>Intereses de investigaci\u00f3n relacionados con interacci\u00f3n de alimentos con desarrollo enfermedades cr\u00f3nicas y efectos en salud.<\/p>\n<p>&nbsp;<\/p>\n\t\t<\/div>\n\t<\/div>\n<\/div>\n"},"identifier":"5f405b69214699d612ab3a07995691f0af3dc5a1","has_credential":[],"given_name":"Camila","family_name":"Awad ","name":"Camila Awad","job_title":"","telephone":"","note":"Nutricionista, Universidad del Desarrollo.  Master in Public Health, Queen\u2019s University Belfast, Reino Unido. ","im":"","_self_schedule":null,"_links":{"self":[{"href":"https:\/\/medicina.udd.cl\/centro-epidemiologia-politicas-salud\/wp-json\/wp\/v2\/people\/1911","targetHints":{"allow":["GET"]}}],"collection":[{"href":"https:\/\/medicina.udd.cl\/centro-epidemiologia-politicas-salud\/wp-json\/wp\/v2\/people"}],"about":[{"href":"https:\/\/medicina.udd.cl\/centro-epidemiologia-politicas-salud\/wp-json\/wp\/v2\/types\/person"}],"wp:featuredmedia":[{"embeddable":true,"href":"https:\/\/medicina.udd.cl\/centro-epidemiologia-politicas-salud\/wp-json\/wp\/v2\/media\/2381"}],"wp:attachment":[{"href":"https:\/\/medicina.udd.cl\/centro-epidemiologia-politicas-salud\/wp-json\/wp\/v2\/media?parent=1911"}],"wp:term":[{"taxonomy":"people_tax","embeddable":true,"href":"https:\/\/medicina.udd.cl\/centro-epidemiologia-politicas-salud\/wp-json\/wp\/v2\/people_tax?post=1911"},{"taxonomy":"people_areas","embeddable":true,"href":"https:\/\/medicina.udd.cl\/centro-epidemiologia-politicas-salud\/wp-json\/wp\/v2\/people_areas?post=1911"},{"taxonomy":"people_levels","embeddable":true,"href":"https:\/\/medicina.udd.cl\/centro-epidemiologia-politicas-salud\/wp-json\/wp\/v2\/people_levels?post=1911"}],"curies":[{"name":"wp","href":"https:\/\/api.w.org\/{rel}","templated":true}]}}

<!-- This site is optimized with the Yoast SEO plugin v26.9 - https://yoast.com/product/yoast-seo-wordpress/ -->
<title>Camila Awad - Centro de Epidemiología y Políticas de Salud</title>
<meta name="robots" content="index, follow, max-snippet:-1, max-image-preview:large, max-video-preview:-1" />
<link rel="canonical" href="https://medicina.udd.cl/centro-epidemiologia-politicas-salud/persona/camila-awad/" />
<meta property="og:locale" content="es_ES" />
<meta property="og:type" content="article" />
<meta property="og:title" content="Camila Awad - Centro de Epidemiología y Políticas de Salud" />
<meta property="og:url" content="https://medicina.udd.cl/centro-epidemiologia-politicas-salud/persona/camila-awad/" />
<meta property="og:site_name" content="Centro de Epidemiología y Políticas de Salud" />
<meta property="article:modified_time" content="2023-01-26T18:37:52+00:00" />
<meta property="og:image" content="https://medicina.udd.cl/centro-epidemiologia-politicas-salud/files/2020/03/camila-awad-1.jpg" />
	<meta property="og:image:width" content="2533" />
	<meta property="og:image:height" content="2532" />
	<meta property="og:image:type" content="image/jpeg" />
<script type="application/ld+json" class="yoast-schema-graph">{"@context":"https://schema.org","@graph":[{"@type":"WebPage","@id":"https://medicina.udd.cl/centro-epidemiologia-politicas-salud/persona/camila-awad/","url":"https://medicina.udd.cl/centro-epidemiologia-politicas-salud/persona/camila-awad/","name":"Camila Awad - Centro de Epidemiología y Políticas de Salud","isPartOf":{"@id":"https://medicina.udd.cl/centro-epidemiologia-politicas-salud/#website"},"primaryImageOfPage":{"@id":"https://medicina.udd.cl/centro-epidemiologia-politicas-salud/persona/camila-awad/#primaryimage"},"image":{"@id":"https://medicina.udd.cl/centro-epidemiologia-politicas-salud/persona/camila-awad/#primaryimage"},"thumbnailUrl":"https://medicina.udd.cl/centro-epidemiologia-politicas-salud/files/2020/03/camila-awad-1.jpg","datePublished":"2020-03-27T20:08:19+00:00","dateModified":"2023-01-26T18:37:52+00:00","breadcrumb":{"@id":"https://medicina.udd.cl/centro-epidemiologia-politicas-salud/persona/camila-awad/#breadcrumb"},"inLanguage":"es","potentialAction":[{"@type":"ReadAction","target":["https://medicina.udd.cl/centro-epidemiologia-politicas-salud/persona/camila-awad/"]}]},{"@type":"ImageObject","inLanguage":"es","@id":"https://medicina.udd.cl/centro-epidemiologia-politicas-salud/persona/camila-awad/#primaryimage","url":"https://medicina.udd.cl/centro-epidemiologia-politicas-salud/files/2020/03/camila-awad-1.jpg","contentUrl":"https://medicina.udd.cl/centro-epidemiologia-politicas-salud/files/2020/03/camila-awad-1.jpg","width":2533,"height":2532},{"@type":"BreadcrumbList","@id":"https://medicina.udd.cl/centro-epidemiologia-politicas-salud/persona/camila-awad/#breadcrumb","itemListElement":[{"@type":"ListItem","position":1,"name":"Inicio","item":"https://medicina.udd.cl/centro-epidemiologia-politicas-salud/"},{"@type":"ListItem","position":2,"name":"Personas","item":"https://medicina.udd.cl/centro-epidemiologia-politicas-salud/persona/"},{"@type":"ListItem","position":3,"name":"Camila Awad"}]},{"@type":"WebSite","@id":"https://medicina.udd.cl/centro-epidemiologia-politicas-salud/#website","url":"https://medicina.udd.cl/centro-epidemiologia-politicas-salud/","name":"Centro de Epidemiología y Políticas de Salud","description":"Otro blog más de Medicina","inLanguage":"es"}]}</script>
<!-- / Yoast SEO plugin. -->

Camila Awad - Centro de Epidemiología y Políticas de Salud

Centro de Epidemiología y Políticas de Salud

Otro blog más de Medicina

<div class="person-modal person-modal--scl">
	<header class="person-modal__header">
		<div class="person-modal__bg"></div>
		<div class="modal-container">
						<div class="person-modal__media">
				<img width="500" height="500" src="https://medicina.udd.cl/centro-epidemiologia-politicas-salud/files/2020/03/camila-awad-1-62x62.jpg" class="person-modal__image wp-post-image lazyload" alt="" decoding="async" loading="lazy" sizes="auto, (max-width: 500px) 100vw, 500px" data-src="https://medicina.udd.cl/centro-epidemiologia-politicas-salud/files/2020/03/camila-awad-1-500x500.jpg" data-srcset="https://medicina.udd.cl/centro-epidemiologia-politicas-salud/files/2020/03/camila-awad-1-500x500.jpg 500w, https://medicina.udd.cl/centro-epidemiologia-politicas-salud/files/2020/03/camila-awad-1-300x300.jpg 300w, https://medicina.udd.cl/centro-epidemiologia-politicas-salud/files/2020/03/camila-awad-1-1024x1024.jpg 1024w, https://medicina.udd.cl/centro-epidemiologia-politicas-salud/files/2020/03/camila-awad-1-150x150.jpg 150w, https://medicina.udd.cl/centro-epidemiologia-politicas-salud/files/2020/03/camila-awad-1-768x768.jpg 768w, https://medicina.udd.cl/centro-epidemiologia-politicas-salud/files/2020/03/camila-awad-1-62x62.jpg 62w, https://medicina.udd.cl/centro-epidemiologia-politicas-salud/files/2020/03/camila-awad-1-1536x1536.jpg 1536w, https://medicina.udd.cl/centro-epidemiologia-politicas-salud/files/2020/03/camila-awad-1-2048x2048.jpg 2048w, https://medicina.udd.cl/centro-epidemiologia-politicas-salud/files/2020/03/camila-awad-1-750x750.jpg 750w, https://medicina.udd.cl/centro-epidemiologia-politicas-salud/files/2020/03/camila-awad-1-250x250.jpg 250w, https://medicina.udd.cl/centro-epidemiologia-politicas-salud/files/2020/03/camila-awad-1-126x126.jpg 126w" />			</div>
						<div class="person-modal__data">
				<h1 class="person-modal__name">Camila Awad</h1>
															</div>
		</div>
	</header>
	<div class="modal-container">
			<div class="person-modal__content text">
					<p>Nutricionista, Universidad del Desarrollo.  Master in Public Health, Queen’s University Belfast, Reino Unido. </p>
										<p>Desde 2014 se desempeña como nutricionista clínica especialista en enfermedades crónicas no transmisibles y cirugía bariátrica. Docente de Salud Pública y Epidemiología en la Universidad del Desarrollo desde año 2017.</p>
<p>Intereses de investigación relacionados con interacción de alimentos con desarrollo enfermedades crónicas y efectos en salud.</p>
<p>&nbsp;</p>
		</div>
	</div>
</div>
