{"id":7,"date":"2014-01-16T19:23:33","date_gmt":"2014-01-16T19:23:33","guid":{"rendered":"http:\/\/medicina.udd.cl\/centro-fisiologia-celular-integrativa\/sobre-el-centro\/mision\/"},"modified":"2021-04-20T21:43:36","modified_gmt":"2021-04-20T21:43:36","slug":"sobre-el-centro","status":"publish","type":"page","link":"https:\/\/medicina.udd.cl\/centro-fisiologia-celular-integrativa\/inicio\/el-centro\/sobre-el-centro\/","title":{"rendered":"Sobre el centro"},"content":{"rendered":"\n<h2 class=\"wp-block-heading\">Sobre el centro<\/h2>\n\n\n\n<p>El Centro de Fisiolog\u00eda Celular e Integrativa asume la responsabilidad de contribuir a la creaci\u00f3n de conocimiento (investigaci\u00f3n cient\u00edfica) y a su difusi\u00f3n a nivel universitario (docencia de pregrado y de postgrado).<br><br>Al centro le interesa tanto la investigaci\u00f3n fundamental sobre funciones b\u00e1sicas de los organismos vivos como la investigaci\u00f3n aplicada, que pudiera contribuir a preservar la salud y desarrollar procedimientos utilizables en el diagn\u00f3stico y manejo de enfermedades.<br><br>En el campo de la investigaci\u00f3n cient\u00edfica, los miembros acad\u00e9micos del centro est\u00e1n desarrollando investigaci\u00f3n -por una parte- sobre estructura y funci\u00f3n de las conexinas (que permiten el acoplamiento electrot\u00f3nico y la comunicaci\u00f3n metab\u00f3lica entre c\u00e9lulas vecinas) y -por otra parte- sobre la regulaci\u00f3n neural que interviene entre los receptores de ox\u00edgeno y di\u00f3xido de carbono (localizados en arterias y bulbo raqu\u00eddeo) y sus efectos reflejos sobre la ventilaci\u00f3n pulmonar, la presi\u00f3n arterial, la funci\u00f3n card\u00edaca y la actividad eferente de neuronas simp\u00e1ticas destinadas al ri\u00f1\u00f3n.<br><br>En la esfera de la docencia de pregrado, el centro imparte dos cursos anuales de Fisiolog\u00eda (destinados a alumnos de las carreras de Medicina y de Odontolog\u00eda) y seis secciones de cursos semestrales de Fisiolog\u00eda B\u00e1sica (para el Plan Com\u00fan de las carreras de Enfermer\u00eda, Kinesiolog\u00eda, Fonoaudiolog\u00eda, Nutrici\u00f3n-Diet\u00e9tica y Tecnolog\u00eda M\u00e9dica).<br><br>En la esfera de la docencia de postgrado, el centro ofrece cursos breves y tutor\u00eda de tesis doctorales en el Programa de Doctorado en Ciencias M\u00e9dicas, que se inicia el a\u00f1o 2014, y dirige postdoctorados en planes de adiestramiento intensivo en investigaci\u00f3n avanzada (2 becarios post-doctorales en a\u00f1o 2014).<br><br><\/p>\n\n\n\n<h2 class=\"wp-block-heading\">Investigaci\u00f3n<\/h2>\n\n\n\n<ul class=\"wp-block-list\"><li>Investigar funciones b\u00e1sicas de los organismos vivos.<\/li><li>Investigar las conexiones intercelulares, humorales y neurales entre distintas c\u00e9lulas de un mismo \u00f3rgano, como entre distintos \u00f3rganos y sistemas.<\/li><\/ul>\n\n\n\n<h3 class=\"wp-block-heading\">L\u00edneas de estudio<\/h3>\n\n\n\n<ul class=\"wp-block-list\"><li>Estructura y funciones de las conexinas, elementos esenciales para la conexi\u00f3n intercelular, a trav\u00e9s del acoplamiento el\u00e9ctrico y metab\u00f3lico entre c\u00e9lulas vecinas de distintos tejidos y \u00f3rganos.<\/li><li>Actividad de quimiorreceptores arteriales, que detectan la presencia de ox\u00edgeno, di\u00f3xido de carbono e hidrogeniones de la sangre, y sus efectos reflejos sobre la ventilaci\u00f3n pulmonar, la actividad card\u00edaca, la presi\u00f3n arterial y la actividad eferente de neuronas simp\u00e1ticas.\u201d<\/li><\/ul>\n\n\n\n<figure class=\"wp-block-gallery columns-2 is-cropped wp-block-gallery-1 is-layout-flex wp-block-gallery-is-layout-flex\"><ul class=\"blocks-gallery-grid\"><li class=\"blocks-gallery-item\"><figure><img loading=\"lazy\" decoding=\"async\" width=\"340\" height=\"139\" src=\"https:\/\/medicina.udd.cl\/centro-fisiologia-celular-integrativa\/files\/2014\/01\/l\u00ednea-de-inv.-2.jpg\" alt=\"\" data-id=\"360\" data-full-url=\"https:\/\/medicina.udd.cl\/centro-fisiologia-celular-integrativa\/files\/2014\/01\/l\u00ednea-de-inv.-2.jpg\" data-link=\"http:\/\/medicina.udd.cl\/centro-fisiologia-celular-integrativa\/inicio\/el-centro\/sobre-el-centro\/linea-de-inv-2\/\" class=\"wp-image-360\" srcset=\"https:\/\/medicina.udd.cl\/centro-fisiologia-celular-integrativa\/files\/2014\/01\/l\u00ednea-de-inv.-2.jpg 340w, https:\/\/medicina.udd.cl\/centro-fisiologia-celular-integrativa\/files\/2014\/01\/l\u00ednea-de-inv.-2-300x123.jpg 300w\" sizes=\"auto, (max-width: 340px) 100vw, 340px\" \/><\/figure><\/li><li class=\"blocks-gallery-item\"><figure><img loading=\"lazy\" decoding=\"async\" width=\"406\" height=\"378\" src=\"https:\/\/medicina.udd.cl\/centro-fisiologia-celular-integrativa\/files\/2014\/01\/linea-de-inv.-1.jpg\" alt=\"\" data-id=\"361\" data-full-url=\"https:\/\/medicina.udd.cl\/centro-fisiologia-celular-integrativa\/files\/2014\/01\/linea-de-inv.-1.jpg\" data-link=\"http:\/\/medicina.udd.cl\/centro-fisiologia-celular-integrativa\/inicio\/el-centro\/sobre-el-centro\/linea-de-inv-1\/\" class=\"wp-image-361\" srcset=\"https:\/\/medicina.udd.cl\/centro-fisiologia-celular-integrativa\/files\/2014\/01\/linea-de-inv.-1.jpg 406w, https:\/\/medicina.udd.cl\/centro-fisiologia-celular-integrativa\/files\/2014\/01\/linea-de-inv.-1-300x279.jpg 300w\" sizes=\"auto, (max-width: 406px) 100vw, 406px\" \/><\/figure><\/li><\/ul><\/figure>\n","protected":false},"excerpt":{"rendered":"<p>\u00bfQu\u00e9 hacemos en nuestro Centro? <\/p>\n","protected":false},"author":1,"featured_media":0,"parent":6,"menu_order":0,"comment_status":"open","ping_status":"open","template":"","meta":{"footnotes":""},"class_list":["post-7","page","type-page","status-publish","hentry"],"yoast_head":"<!-- This site is optimized with the Yoast SEO plugin v26.9 - https:\/\/yoast.com\/product\/yoast-seo-wordpress\/ -->\n<title>Sobre el centro - Centro de Fisiolog\u00eda Celular e Integrativa<\/title>\n<meta name=\"robots\" content=\"index, follow, max-snippet:-1, max-image-preview:large, max-video-preview:-1\" \/>\n<link rel=\"canonical\" href=\"https:\/\/medicina.udd.cl\/centro-fisiologia-celular-integrativa\/inicio\/el-centro\/sobre-el-centro\/\" \/>\n<meta name=\"twitter:label1\" content=\"Tiempo de lectura\" \/>\n\t<meta name=\"twitter:data1\" content=\"2 minutos\" \/>\n<script type=\"application\/ld+json\" class=\"yoast-schema-graph\">{\"@context\":\"https:\/\/schema.org\",\"@graph\":[{\"@type\":\"WebPage\",\"@id\":\"https:\/\/medicina.udd.cl\/centro-fisiologia-celular-integrativa\/inicio\/el-centro\/sobre-el-centro\/\",\"url\":\"https:\/\/medicina.udd.cl\/centro-fisiologia-celular-integrativa\/inicio\/el-centro\/sobre-el-centro\/\",\"name\":\"Sobre el centro - Centro de Fisiolog\u00eda Celular e Integrativa\",\"isPartOf\":{\"@id\":\"https:\/\/medicina.udd.cl\/centro-fisiologia-celular-integrativa\/#website\"},\"primaryImageOfPage\":{\"@id\":\"https:\/\/medicina.udd.cl\/centro-fisiologia-celular-integrativa\/inicio\/el-centro\/sobre-el-centro\/#primaryimage\"},\"image\":{\"@id\":\"https:\/\/medicina.udd.cl\/centro-fisiologia-celular-integrativa\/inicio\/el-centro\/sobre-el-centro\/#primaryimage\"},\"thumbnailUrl\":\"https:\/\/medicina.udd.cl\/centro-fisiologia-celular-integrativa\/files\/2014\/01\/linea-de-inv.-1.jpg\",\"datePublished\":\"2014-01-16T19:23:33+00:00\",\"dateModified\":\"2021-04-20T21:43:36+00:00\",\"breadcrumb\":{\"@id\":\"https:\/\/medicina.udd.cl\/centro-fisiologia-celular-integrativa\/inicio\/el-centro\/sobre-el-centro\/#breadcrumb\"},\"inLanguage\":\"es\",\"potentialAction\":[{\"@type\":\"ReadAction\",\"target\":[\"https:\/\/medicina.udd.cl\/centro-fisiologia-celular-integrativa\/inicio\/el-centro\/sobre-el-centro\/\"]}]},{\"@type\":\"ImageObject\",\"inLanguage\":\"es\",\"@id\":\"https:\/\/medicina.udd.cl\/centro-fisiologia-celular-integrativa\/inicio\/el-centro\/sobre-el-centro\/#primaryimage\",\"url\":\"https:\/\/medicina.udd.cl\/centro-fisiologia-celular-integrativa\/files\/2014\/01\/linea-de-inv.-1.jpg\",\"contentUrl\":\"https:\/\/medicina.udd.cl\/centro-fisiologia-celular-integrativa\/files\/2014\/01\/linea-de-inv.-1.jpg\",\"width\":406,\"height\":378},{\"@type\":\"BreadcrumbList\",\"@id\":\"https:\/\/medicina.udd.cl\/centro-fisiologia-celular-integrativa\/inicio\/el-centro\/sobre-el-centro\/#breadcrumb\",\"itemListElement\":[{\"@type\":\"ListItem\",\"position\":1,\"name\":\"Inicio\",\"item\":\"https:\/\/medicina.udd.cl\/centro-fisiologia-celular-integrativa\/\"},{\"@type\":\"ListItem\",\"position\":2,\"name\":\"Inicio\",\"item\":\"https:\/\/medicina.udd.cl\/centro-fisiologia-celular-integrativa\/\"},{\"@type\":\"ListItem\",\"position\":3,\"name\":\"El Centro\",\"item\":\"https:\/\/medicina.udd.cl\/centro-fisiologia-celular-integrativa\/inicio\/el-centro\/\"},{\"@type\":\"ListItem\",\"position\":4,\"name\":\"Sobre el centro\"}]},{\"@type\":\"WebSite\",\"@id\":\"https:\/\/medicina.udd.cl\/centro-fisiologia-celular-integrativa\/#website\",\"url\":\"https:\/\/medicina.udd.cl\/centro-fisiologia-celular-integrativa\/\",\"name\":\"Centro de Fisiolog\u00eda Celular e Integrativa\",\"description\":\"Otro sitio m\u00e1s de Medicina\",\"inLanguage\":\"es\"}]}<\/script>\n<!-- \/ Yoast SEO plugin. -->","yoast_head_json":{"title":"Sobre el centro - Centro de Fisiolog\u00eda Celular e Integrativa","robots":{"index":"index","follow":"follow","max-snippet":"max-snippet:-1","max-image-preview":"max-image-preview:large","max-video-preview":"max-video-preview:-1"},"canonical":"https:\/\/medicina.udd.cl\/centro-fisiologia-celular-integrativa\/inicio\/el-centro\/sobre-el-centro\/","twitter_misc":{"Tiempo de lectura":"2 minutos"},"schema":{"@context":"https:\/\/schema.org","@graph":[{"@type":"WebPage","@id":"https:\/\/medicina.udd.cl\/centro-fisiologia-celular-integrativa\/inicio\/el-centro\/sobre-el-centro\/","url":"https:\/\/medicina.udd.cl\/centro-fisiologia-celular-integrativa\/inicio\/el-centro\/sobre-el-centro\/","name":"Sobre el centro - Centro de Fisiolog\u00eda Celular e Integrativa","isPartOf":{"@id":"https:\/\/medicina.udd.cl\/centro-fisiologia-celular-integrativa\/#website"},"primaryImageOfPage":{"@id":"https:\/\/medicina.udd.cl\/centro-fisiologia-celular-integrativa\/inicio\/el-centro\/sobre-el-centro\/#primaryimage"},"image":{"@id":"https:\/\/medicina.udd.cl\/centro-fisiologia-celular-integrativa\/inicio\/el-centro\/sobre-el-centro\/#primaryimage"},"thumbnailUrl":"https:\/\/medicina.udd.cl\/centro-fisiologia-celular-integrativa\/files\/2014\/01\/linea-de-inv.-1.jpg","datePublished":"2014-01-16T19:23:33+00:00","dateModified":"2021-04-20T21:43:36+00:00","breadcrumb":{"@id":"https:\/\/medicina.udd.cl\/centro-fisiologia-celular-integrativa\/inicio\/el-centro\/sobre-el-centro\/#breadcrumb"},"inLanguage":"es","potentialAction":[{"@type":"ReadAction","target":["https:\/\/medicina.udd.cl\/centro-fisiologia-celular-integrativa\/inicio\/el-centro\/sobre-el-centro\/"]}]},{"@type":"ImageObject","inLanguage":"es","@id":"https:\/\/medicina.udd.cl\/centro-fisiologia-celular-integrativa\/inicio\/el-centro\/sobre-el-centro\/#primaryimage","url":"https:\/\/medicina.udd.cl\/centro-fisiologia-celular-integrativa\/files\/2014\/01\/linea-de-inv.-1.jpg","contentUrl":"https:\/\/medicina.udd.cl\/centro-fisiologia-celular-integrativa\/files\/2014\/01\/linea-de-inv.-1.jpg","width":406,"height":378},{"@type":"BreadcrumbList","@id":"https:\/\/medicina.udd.cl\/centro-fisiologia-celular-integrativa\/inicio\/el-centro\/sobre-el-centro\/#breadcrumb","itemListElement":[{"@type":"ListItem","position":1,"name":"Inicio","item":"https:\/\/medicina.udd.cl\/centro-fisiologia-celular-integrativa\/"},{"@type":"ListItem","position":2,"name":"Inicio","item":"https:\/\/medicina.udd.cl\/centro-fisiologia-celular-integrativa\/"},{"@type":"ListItem","position":3,"name":"El Centro","item":"https:\/\/medicina.udd.cl\/centro-fisiologia-celular-integrativa\/inicio\/el-centro\/"},{"@type":"ListItem","position":4,"name":"Sobre el centro"}]},{"@type":"WebSite","@id":"https:\/\/medicina.udd.cl\/centro-fisiologia-celular-integrativa\/#website","url":"https:\/\/medicina.udd.cl\/centro-fisiologia-celular-integrativa\/","name":"Centro de Fisiolog\u00eda Celular e Integrativa","description":"Otro sitio m\u00e1s de Medicina","inLanguage":"es"}]}},"_links":{"self":[{"href":"https:\/\/medicina.udd.cl\/centro-fisiologia-celular-integrativa\/wp-json\/wp\/v2\/pages\/7","targetHints":{"allow":["GET"]}}],"collection":[{"href":"https:\/\/medicina.udd.cl\/centro-fisiologia-celular-integrativa\/wp-json\/wp\/v2\/pages"}],"about":[{"href":"https:\/\/medicina.udd.cl\/centro-fisiologia-celular-integrativa\/wp-json\/wp\/v2\/types\/page"}],"author":[{"embeddable":true,"href":"https:\/\/medicina.udd.cl\/centro-fisiologia-celular-integrativa\/wp-json\/wp\/v2\/users\/1"}],"replies":[{"embeddable":true,"href":"https:\/\/medicina.udd.cl\/centro-fisiologia-celular-integrativa\/wp-json\/wp\/v2\/comments?post=7"}],"version-history":[{"count":16,"href":"https:\/\/medicina.udd.cl\/centro-fisiologia-celular-integrativa\/wp-json\/wp\/v2\/pages\/7\/revisions"}],"predecessor-version":[{"id":526,"href":"https:\/\/medicina.udd.cl\/centro-fisiologia-celular-integrativa\/wp-json\/wp\/v2\/pages\/7\/revisions\/526"}],"up":[{"embeddable":true,"href":"https:\/\/medicina.udd.cl\/centro-fisiologia-celular-integrativa\/wp-json\/wp\/v2\/pages\/6"}],"wp:attachment":[{"href":"https:\/\/medicina.udd.cl\/centro-fisiologia-celular-integrativa\/wp-json\/wp\/v2\/media?parent=7"}],"curies":[{"name":"wp","href":"https:\/\/api.w.org\/{rel}","templated":true}]}}