{"id":1031,"date":"2013-09-23T11:15:10","date_gmt":"2013-09-23T15:15:10","guid":{"rendered":"http:\/\/medicina.udd.cl\/centro-genetica-humana\/?post_type=event&#038;p=1031"},"modified":"2022-07-07T18:30:48","modified_gmt":"2022-07-07T22:30:48","slug":"curso-de-genomica-en-medicina","status":"publish","type":"event","link":"https:\/\/medicina.udd.cl\/centro-genetica-genomica\/eventos\/curso-de-genomica-en-medicina\/","title":{"rendered":"Curso de Gen\u00f3mica en Medicina"},"content":{"rendered":"<p>Se realizar\u00e1 en el <strong>Aula Magna de la Cl\u00ednica Alemana<\/strong>, ubicada en Avenida Manquehue Norte 1410, Vitacura, de 09:30 a 18:00 horas.<\/p>\n<p>Est\u00e1 dirigido a m\u00e9dicos y profesionales de la salud, investigadores b\u00e1sicos y cl\u00ednicos, alumnos de pre- y post- grado de carreras biol\u00f3gicas y de la salud.<\/p>\n<p><strong>Cupos limitados<\/strong>: 250<\/p>\n<p><strong>Inscripciones<\/strong> sin costo en el sitio web www.alemana.cl, link: M\u00e9dicos y especialidades\/ \u00c1rea M\u00e9dica\/ Cursos cient\u00edficos<\/p>\n<p><strong>Informaciones<\/strong>: afalfan@alemana.cl<\/p>\n","protected":false},"author":42,"featured_media":0,"template":"","locations":[4020],"events-tax":[4032],"class_list":["post-1031","event","type-event","status-publish","hentry","locations-santiago","events_tax-academico"],"yoast_head":"<!-- This site is optimized with the Yoast SEO plugin v26.9 - https:\/\/yoast.com\/product\/yoast-seo-wordpress\/ -->\n<title>Curso de Gen\u00f3mica en Medicina - Centro de Gen\u00e9tica y Gen\u00f3mica<\/title>\n<meta name=\"robots\" content=\"index, follow, max-snippet:-1, max-image-preview:large, max-video-preview:-1\" \/>\n<link rel=\"canonical\" href=\"https:\/\/medicina.udd.cl\/centro-genetica-genomica\/eventos\/curso-de-genomica-en-medicina\/\" \/>\n<meta property=\"og:locale\" content=\"es_ES\" \/>\n<meta property=\"og:type\" content=\"article\" \/>\n<meta property=\"og:title\" content=\"Curso de Gen\u00f3mica en Medicina - Centro de Gen\u00e9tica y Gen\u00f3mica\" \/>\n<meta property=\"og:description\" content=\"Se realizar\u00e1 en el Aula Magna de la Cl\u00ednica Alemana, ubicada en Avenida Manquehue Norte 1410, Vitacura, de 09:30 a 18:00 horas. Est\u00e1 dirigido a m\u00e9dicos y profesionales de la salud, investigadores b\u00e1sicos y cl\u00ednicos, alumnos de pre- y post- grado de carreras biol\u00f3gicas y de la salud. Cupos limitados: 250 Inscripciones sin costo en [&hellip;]\" \/>\n<meta property=\"og:url\" content=\"https:\/\/medicina.udd.cl\/centro-genetica-genomica\/eventos\/curso-de-genomica-en-medicina\/\" \/>\n<meta property=\"og:site_name\" content=\"Centro de Gen\u00e9tica y Gen\u00f3mica\" \/>\n<meta property=\"article:modified_time\" content=\"2022-07-07T22:30:48+00:00\" \/>\n<script type=\"application\/ld+json\" class=\"yoast-schema-graph\">{\"@context\":\"https:\/\/schema.org\",\"@graph\":[{\"@type\":\"WebPage\",\"@id\":\"https:\/\/medicina.udd.cl\/centro-genetica-genomica\/eventos\/curso-de-genomica-en-medicina\/\",\"url\":\"https:\/\/medicina.udd.cl\/centro-genetica-genomica\/eventos\/curso-de-genomica-en-medicina\/\",\"name\":\"Curso de Gen\u00f3mica en Medicina - Centro de Gen\u00e9tica y Gen\u00f3mica\",\"isPartOf\":{\"@id\":\"https:\/\/medicina.udd.cl\/centro-genetica-genomica\/#website\"},\"datePublished\":\"2013-09-23T15:15:10+00:00\",\"dateModified\":\"2022-07-07T22:30:48+00:00\",\"breadcrumb\":{\"@id\":\"https:\/\/medicina.udd.cl\/centro-genetica-genomica\/eventos\/curso-de-genomica-en-medicina\/#breadcrumb\"},\"inLanguage\":\"es\",\"potentialAction\":[{\"@type\":\"ReadAction\",\"target\":[\"https:\/\/medicina.udd.cl\/centro-genetica-genomica\/eventos\/curso-de-genomica-en-medicina\/\"]}]},{\"@type\":\"BreadcrumbList\",\"@id\":\"https:\/\/medicina.udd.cl\/centro-genetica-genomica\/eventos\/curso-de-genomica-en-medicina\/#breadcrumb\",\"itemListElement\":[{\"@type\":\"ListItem\",\"position\":1,\"name\":\"Inicio\",\"item\":\"https:\/\/medicina.udd.cl\/centro-genetica-genomica\/\"},{\"@type\":\"ListItem\",\"position\":2,\"name\":\"Eventos\",\"item\":\"https:\/\/medicina.udd.cl\/centro-genetica-genomica\/eventos\/\"},{\"@type\":\"ListItem\",\"position\":3,\"name\":\"Curso de Gen\u00f3mica en Medicina\"}]},{\"@type\":\"WebSite\",\"@id\":\"https:\/\/medicina.udd.cl\/centro-genetica-genomica\/#website\",\"url\":\"https:\/\/medicina.udd.cl\/centro-genetica-genomica\/\",\"name\":\"Centro de Gen\u00e9tica y Gen\u00f3mica\",\"description\":\"\",\"inLanguage\":\"es\"}]}<\/script>\n<!-- \/ Yoast SEO plugin. -->","yoast_head_json":{"title":"Curso de Gen\u00f3mica en Medicina - Centro de Gen\u00e9tica y Gen\u00f3mica","robots":{"index":"index","follow":"follow","max-snippet":"max-snippet:-1","max-image-preview":"max-image-preview:large","max-video-preview":"max-video-preview:-1"},"canonical":"https:\/\/medicina.udd.cl\/centro-genetica-genomica\/eventos\/curso-de-genomica-en-medicina\/","og_locale":"es_ES","og_type":"article","og_title":"Curso de Gen\u00f3mica en Medicina - Centro de Gen\u00e9tica y Gen\u00f3mica","og_description":"Se realizar\u00e1 en el Aula Magna de la Cl\u00ednica Alemana, ubicada en Avenida Manquehue Norte 1410, Vitacura, de 09:30 a 18:00 horas. Est\u00e1 dirigido a m\u00e9dicos y profesionales de la salud, investigadores b\u00e1sicos y cl\u00ednicos, alumnos de pre- y post- grado de carreras biol\u00f3gicas y de la salud. Cupos limitados: 250 Inscripciones sin costo en [&hellip;]","og_url":"https:\/\/medicina.udd.cl\/centro-genetica-genomica\/eventos\/curso-de-genomica-en-medicina\/","og_site_name":"Centro de Gen\u00e9tica y Gen\u00f3mica","article_modified_time":"2022-07-07T22:30:48+00:00","schema":{"@context":"https:\/\/schema.org","@graph":[{"@type":"WebPage","@id":"https:\/\/medicina.udd.cl\/centro-genetica-genomica\/eventos\/curso-de-genomica-en-medicina\/","url":"https:\/\/medicina.udd.cl\/centro-genetica-genomica\/eventos\/curso-de-genomica-en-medicina\/","name":"Curso de Gen\u00f3mica en Medicina - Centro de Gen\u00e9tica y Gen\u00f3mica","isPartOf":{"@id":"https:\/\/medicina.udd.cl\/centro-genetica-genomica\/#website"},"datePublished":"2013-09-23T15:15:10+00:00","dateModified":"2022-07-07T22:30:48+00:00","breadcrumb":{"@id":"https:\/\/medicina.udd.cl\/centro-genetica-genomica\/eventos\/curso-de-genomica-en-medicina\/#breadcrumb"},"inLanguage":"es","potentialAction":[{"@type":"ReadAction","target":["https:\/\/medicina.udd.cl\/centro-genetica-genomica\/eventos\/curso-de-genomica-en-medicina\/"]}]},{"@type":"BreadcrumbList","@id":"https:\/\/medicina.udd.cl\/centro-genetica-genomica\/eventos\/curso-de-genomica-en-medicina\/#breadcrumb","itemListElement":[{"@type":"ListItem","position":1,"name":"Inicio","item":"https:\/\/medicina.udd.cl\/centro-genetica-genomica\/"},{"@type":"ListItem","position":2,"name":"Eventos","item":"https:\/\/medicina.udd.cl\/centro-genetica-genomica\/eventos\/"},{"@type":"ListItem","position":3,"name":"Curso de Gen\u00f3mica en Medicina"}]},{"@type":"WebSite","@id":"https:\/\/medicina.udd.cl\/centro-genetica-genomica\/#website","url":"https:\/\/medicina.udd.cl\/centro-genetica-genomica\/","name":"Centro de Gen\u00e9tica y Gen\u00f3mica","description":"","inLanguage":"es"}]}},"dtstart":"2013-11-05T09:30:00-03:00","dtend":false,"full_day":false,"attendance_mode":"","_links":{"self":[{"href":"https:\/\/medicina.udd.cl\/centro-genetica-genomica\/wp-json\/wp\/v2\/events\/1031","targetHints":{"allow":["GET"]}}],"collection":[{"href":"https:\/\/medicina.udd.cl\/centro-genetica-genomica\/wp-json\/wp\/v2\/events"}],"about":[{"href":"https:\/\/medicina.udd.cl\/centro-genetica-genomica\/wp-json\/wp\/v2\/types\/event"}],"author":[{"embeddable":true,"href":"https:\/\/medicina.udd.cl\/centro-genetica-genomica\/wp-json\/wp\/v2\/users\/42"}],"version-history":[{"count":1,"href":"https:\/\/medicina.udd.cl\/centro-genetica-genomica\/wp-json\/wp\/v2\/events\/1031\/revisions"}],"predecessor-version":[{"id":2898,"href":"https:\/\/medicina.udd.cl\/centro-genetica-genomica\/wp-json\/wp\/v2\/events\/1031\/revisions\/2898"}],"wp:attachment":[{"href":"https:\/\/medicina.udd.cl\/centro-genetica-genomica\/wp-json\/wp\/v2\/media?parent=1031"}],"wp:term":[{"taxonomy":"locations","embeddable":true,"href":"https:\/\/medicina.udd.cl\/centro-genetica-genomica\/wp-json\/wp\/v2\/locations?post=1031"},{"taxonomy":"events_tax","embeddable":true,"href":"https:\/\/medicina.udd.cl\/centro-genetica-genomica\/wp-json\/wp\/v2\/events-tax?post=1031"}],"curies":[{"name":"wp","href":"https:\/\/api.w.org\/{rel}","templated":true}]}}

Curso de Genómica en Medicina

<p>Se realizará en el <strong>Aula Magna de la Clínica Alemana</strong>, ubicada en Avenida Manquehue Norte 1410, Vitacura, de 09:30 a 18:00 horas.</p>
<p>Está dirigido a médicos y profesionales de la salud, investigadores básicos y clínicos, alumnos de pre- y post- grado de carreras biológicas y de la salud.</p>
<p><strong>Cupos limitados</strong>: 250</p>
<p><strong>Inscripciones</strong> sin costo en el sitio web www.alemana.cl, link: Médicos y especialidades/ Área Médica/ Cursos científicos</p>
<p><strong>Informaciones</strong>: afalfan@alemana.cl</p>

<!-- This site is optimized with the Yoast SEO plugin v26.9 - https://yoast.com/product/yoast-seo-wordpress/ -->
<title>Curso de Genómica en Medicina - Centro de Genética y Genómica</title>
<meta name="robots" content="index, follow, max-snippet:-1, max-image-preview:large, max-video-preview:-1" />
<link rel="canonical" href="https://medicina.udd.cl/centro-genetica-genomica/eventos/curso-de-genomica-en-medicina/" />
<meta property="og:locale" content="es_ES" />
<meta property="og:type" content="article" />
<meta property="og:title" content="Curso de Genómica en Medicina - Centro de Genética y Genómica" />
<meta property="og:description" content="Se realizará en el Aula Magna de la Clínica Alemana, ubicada en Avenida Manquehue Norte 1410, Vitacura, de 09:30 a 18:00 horas. Está dirigido a médicos y profesionales de la salud, investigadores básicos y clínicos, alumnos de pre- y post- grado de carreras biológicas y de la salud. Cupos limitados: 250 Inscripciones sin costo en [&hellip;]" />
<meta property="og:url" content="https://medicina.udd.cl/centro-genetica-genomica/eventos/curso-de-genomica-en-medicina/" />
<meta property="og:site_name" content="Centro de Genética y Genómica" />
<meta property="article:modified_time" content="2022-07-07T22:30:48+00:00" />
<script type="application/ld+json" class="yoast-schema-graph">{"@context":"https://schema.org","@graph":[{"@type":"WebPage","@id":"https://medicina.udd.cl/centro-genetica-genomica/eventos/curso-de-genomica-en-medicina/","url":"https://medicina.udd.cl/centro-genetica-genomica/eventos/curso-de-genomica-en-medicina/","name":"Curso de Genómica en Medicina - Centro de Genética y Genómica","isPartOf":{"@id":"https://medicina.udd.cl/centro-genetica-genomica/#website"},"datePublished":"2013-09-23T15:15:10+00:00","dateModified":"2022-07-07T22:30:48+00:00","breadcrumb":{"@id":"https://medicina.udd.cl/centro-genetica-genomica/eventos/curso-de-genomica-en-medicina/#breadcrumb"},"inLanguage":"es","potentialAction":[{"@type":"ReadAction","target":["https://medicina.udd.cl/centro-genetica-genomica/eventos/curso-de-genomica-en-medicina/"]}]},{"@type":"BreadcrumbList","@id":"https://medicina.udd.cl/centro-genetica-genomica/eventos/curso-de-genomica-en-medicina/#breadcrumb","itemListElement":[{"@type":"ListItem","position":1,"name":"Inicio","item":"https://medicina.udd.cl/centro-genetica-genomica/"},{"@type":"ListItem","position":2,"name":"Eventos","item":"https://medicina.udd.cl/centro-genetica-genomica/eventos/"},{"@type":"ListItem","position":3,"name":"Curso de Genómica en Medicina"}]},{"@type":"WebSite","@id":"https://medicina.udd.cl/centro-genetica-genomica/#website","url":"https://medicina.udd.cl/centro-genetica-genomica/","name":"Centro de Genética y Genómica","description":"","inLanguage":"es"}]}</script>
<!-- / Yoast SEO plugin. -->

Curso de Genómica en Medicina - Centro de Genética y Genómica

Se realizará en el Aula Magna de la Clínica Alemana, ubicada en Avenida Manquehue Norte 1410, Vitacura, de 09:30 a 18:00 horas. Está dirigido a médicos y profesionales de la salud, investigadores básicos y clínicos, alumnos de pre- y post- grado de carreras biológicas y de la salud. Cupos limitados: 250 Inscripciones sin costo en [&hellip;]

Centro de Genética y Genómica
