{"id":888,"date":"2013-07-27T17:50:57","date_gmt":"2013-07-27T21:50:57","guid":{"rendered":"http:\/\/medicina.udd.cl\/centro-genetica-humana\/calendario\/segunda-jornada-sindrome-velocardiofacial\/"},"modified":"2013-07-27T17:50:57","modified_gmt":"2013-07-27T21:50:57","slug":"segunda-jornada-sindrome-velocardiofacial","status":"publish","type":"event","link":"https:\/\/medicina.udd.cl\/centro-genetica-genomica\/eventos\/segunda-jornada-sindrome-velocardiofacial\/","title":{"rendered":"Segunda Jornada S\u00edndrome Velocardiofacial"},"content":{"rendered":"<p>Organizado por el Centro de Gen&eacute;tica Humana y la Fundaci&oacute;n Gantz. Abierto a profesionales del &aacute;rea salud y a los padres de ni&ntilde;os con esta enfermedad.<\/p>\n","protected":false},"author":31,"featured_media":0,"template":"","locations":[4020],"events-tax":[4032],"class_list":["post-888","event","type-event","status-publish","hentry","locations-santiago","events_tax-academico"],"yoast_head":"<!-- This site is optimized with the Yoast SEO plugin v26.9 - https:\/\/yoast.com\/product\/yoast-seo-wordpress\/ -->\n<title>Segunda Jornada S\u00edndrome Velocardiofacial - Centro de Gen\u00e9tica y Gen\u00f3mica<\/title>\n<meta name=\"robots\" content=\"index, follow, max-snippet:-1, max-image-preview:large, max-video-preview:-1\" \/>\n<link rel=\"canonical\" href=\"https:\/\/medicina.udd.cl\/centro-genetica-genomica\/eventos\/segunda-jornada-sindrome-velocardiofacial\/\" \/>\n<meta property=\"og:locale\" content=\"es_ES\" \/>\n<meta property=\"og:type\" content=\"article\" \/>\n<meta property=\"og:title\" content=\"Segunda Jornada S\u00edndrome Velocardiofacial - Centro de Gen\u00e9tica y Gen\u00f3mica\" \/>\n<meta property=\"og:description\" content=\"Aula Magna, Facultad de Medicina\" \/>\n<meta property=\"og:url\" content=\"https:\/\/medicina.udd.cl\/centro-genetica-genomica\/eventos\/segunda-jornada-sindrome-velocardiofacial\/\" \/>\n<meta property=\"og:site_name\" content=\"Centro de Gen\u00e9tica y Gen\u00f3mica\" \/>\n<script type=\"application\/ld+json\" class=\"yoast-schema-graph\">{\"@context\":\"https:\/\/schema.org\",\"@graph\":[{\"@type\":\"WebPage\",\"@id\":\"https:\/\/medicina.udd.cl\/centro-genetica-genomica\/eventos\/segunda-jornada-sindrome-velocardiofacial\/\",\"url\":\"https:\/\/medicina.udd.cl\/centro-genetica-genomica\/eventos\/segunda-jornada-sindrome-velocardiofacial\/\",\"name\":\"Segunda Jornada S\u00edndrome Velocardiofacial - Centro de Gen\u00e9tica y Gen\u00f3mica\",\"isPartOf\":{\"@id\":\"https:\/\/medicina.udd.cl\/centro-genetica-genomica\/#website\"},\"datePublished\":\"2013-07-27T21:50:57+00:00\",\"breadcrumb\":{\"@id\":\"https:\/\/medicina.udd.cl\/centro-genetica-genomica\/eventos\/segunda-jornada-sindrome-velocardiofacial\/#breadcrumb\"},\"inLanguage\":\"es\",\"potentialAction\":[{\"@type\":\"ReadAction\",\"target\":[\"https:\/\/medicina.udd.cl\/centro-genetica-genomica\/eventos\/segunda-jornada-sindrome-velocardiofacial\/\"]}]},{\"@type\":\"BreadcrumbList\",\"@id\":\"https:\/\/medicina.udd.cl\/centro-genetica-genomica\/eventos\/segunda-jornada-sindrome-velocardiofacial\/#breadcrumb\",\"itemListElement\":[{\"@type\":\"ListItem\",\"position\":1,\"name\":\"Inicio\",\"item\":\"https:\/\/medicina.udd.cl\/centro-genetica-genomica\/\"},{\"@type\":\"ListItem\",\"position\":2,\"name\":\"Eventos\",\"item\":\"https:\/\/medicina.udd.cl\/centro-genetica-genomica\/eventos\/\"},{\"@type\":\"ListItem\",\"position\":3,\"name\":\"Segunda Jornada S\u00edndrome Velocardiofacial\"}]},{\"@type\":\"WebSite\",\"@id\":\"https:\/\/medicina.udd.cl\/centro-genetica-genomica\/#website\",\"url\":\"https:\/\/medicina.udd.cl\/centro-genetica-genomica\/\",\"name\":\"Centro de Gen\u00e9tica y Gen\u00f3mica\",\"description\":\"\",\"inLanguage\":\"es\"}]}<\/script>\n<!-- \/ Yoast SEO plugin. -->","yoast_head_json":{"title":"Segunda Jornada S\u00edndrome Velocardiofacial - Centro de Gen\u00e9tica y Gen\u00f3mica","robots":{"index":"index","follow":"follow","max-snippet":"max-snippet:-1","max-image-preview":"max-image-preview:large","max-video-preview":"max-video-preview:-1"},"canonical":"https:\/\/medicina.udd.cl\/centro-genetica-genomica\/eventos\/segunda-jornada-sindrome-velocardiofacial\/","og_locale":"es_ES","og_type":"article","og_title":"Segunda Jornada S\u00edndrome Velocardiofacial - Centro de Gen\u00e9tica y Gen\u00f3mica","og_description":"Aula Magna, Facultad de Medicina","og_url":"https:\/\/medicina.udd.cl\/centro-genetica-genomica\/eventos\/segunda-jornada-sindrome-velocardiofacial\/","og_site_name":"Centro de Gen\u00e9tica y Gen\u00f3mica","schema":{"@context":"https:\/\/schema.org","@graph":[{"@type":"WebPage","@id":"https:\/\/medicina.udd.cl\/centro-genetica-genomica\/eventos\/segunda-jornada-sindrome-velocardiofacial\/","url":"https:\/\/medicina.udd.cl\/centro-genetica-genomica\/eventos\/segunda-jornada-sindrome-velocardiofacial\/","name":"Segunda Jornada S\u00edndrome Velocardiofacial - Centro de Gen\u00e9tica y Gen\u00f3mica","isPartOf":{"@id":"https:\/\/medicina.udd.cl\/centro-genetica-genomica\/#website"},"datePublished":"2013-07-27T21:50:57+00:00","breadcrumb":{"@id":"https:\/\/medicina.udd.cl\/centro-genetica-genomica\/eventos\/segunda-jornada-sindrome-velocardiofacial\/#breadcrumb"},"inLanguage":"es","potentialAction":[{"@type":"ReadAction","target":["https:\/\/medicina.udd.cl\/centro-genetica-genomica\/eventos\/segunda-jornada-sindrome-velocardiofacial\/"]}]},{"@type":"BreadcrumbList","@id":"https:\/\/medicina.udd.cl\/centro-genetica-genomica\/eventos\/segunda-jornada-sindrome-velocardiofacial\/#breadcrumb","itemListElement":[{"@type":"ListItem","position":1,"name":"Inicio","item":"https:\/\/medicina.udd.cl\/centro-genetica-genomica\/"},{"@type":"ListItem","position":2,"name":"Eventos","item":"https:\/\/medicina.udd.cl\/centro-genetica-genomica\/eventos\/"},{"@type":"ListItem","position":3,"name":"Segunda Jornada S\u00edndrome Velocardiofacial"}]},{"@type":"WebSite","@id":"https:\/\/medicina.udd.cl\/centro-genetica-genomica\/#website","url":"https:\/\/medicina.udd.cl\/centro-genetica-genomica\/","name":"Centro de Gen\u00e9tica y Gen\u00f3mica","description":"","inLanguage":"es"}]}},"dtstart":"2013-03-09T09:00:00-03:00","dtend":"2013-03-09T09:00:00-03:00","full_day":false,"attendance_mode":"","_links":{"self":[{"href":"https:\/\/medicina.udd.cl\/centro-genetica-genomica\/wp-json\/wp\/v2\/events\/888","targetHints":{"allow":["GET"]}}],"collection":[{"href":"https:\/\/medicina.udd.cl\/centro-genetica-genomica\/wp-json\/wp\/v2\/events"}],"about":[{"href":"https:\/\/medicina.udd.cl\/centro-genetica-genomica\/wp-json\/wp\/v2\/types\/event"}],"author":[{"embeddable":true,"href":"https:\/\/medicina.udd.cl\/centro-genetica-genomica\/wp-json\/wp\/v2\/users\/31"}],"version-history":[{"count":0,"href":"https:\/\/medicina.udd.cl\/centro-genetica-genomica\/wp-json\/wp\/v2\/events\/888\/revisions"}],"wp:attachment":[{"href":"https:\/\/medicina.udd.cl\/centro-genetica-genomica\/wp-json\/wp\/v2\/media?parent=888"}],"wp:term":[{"taxonomy":"locations","embeddable":true,"href":"https:\/\/medicina.udd.cl\/centro-genetica-genomica\/wp-json\/wp\/v2\/locations?post=888"},{"taxonomy":"events_tax","embeddable":true,"href":"https:\/\/medicina.udd.cl\/centro-genetica-genomica\/wp-json\/wp\/v2\/events-tax?post=888"}],"curies":[{"name":"wp","href":"https:\/\/api.w.org\/{rel}","templated":true}]}}

Segunda Jornada Síndrome Velocardiofacial

<!-- This site is optimized with the Yoast SEO plugin v26.9 - https://yoast.com/product/yoast-seo-wordpress/ -->
<title>Segunda Jornada Síndrome Velocardiofacial - Centro de Genética y Genómica</title>
<meta name="robots" content="index, follow, max-snippet:-1, max-image-preview:large, max-video-preview:-1" />
<link rel="canonical" href="https://medicina.udd.cl/centro-genetica-genomica/eventos/segunda-jornada-sindrome-velocardiofacial/" />
<meta property="og:locale" content="es_ES" />
<meta property="og:type" content="article" />
<meta property="og:title" content="Segunda Jornada Síndrome Velocardiofacial - Centro de Genética y Genómica" />
<meta property="og:description" content="Aula Magna, Facultad de Medicina" />
<meta property="og:url" content="https://medicina.udd.cl/centro-genetica-genomica/eventos/segunda-jornada-sindrome-velocardiofacial/" />
<meta property="og:site_name" content="Centro de Genética y Genómica" />
<script type="application/ld+json" class="yoast-schema-graph">{"@context":"https://schema.org","@graph":[{"@type":"WebPage","@id":"https://medicina.udd.cl/centro-genetica-genomica/eventos/segunda-jornada-sindrome-velocardiofacial/","url":"https://medicina.udd.cl/centro-genetica-genomica/eventos/segunda-jornada-sindrome-velocardiofacial/","name":"Segunda Jornada Síndrome Velocardiofacial - Centro de Genética y Genómica","isPartOf":{"@id":"https://medicina.udd.cl/centro-genetica-genomica/#website"},"datePublished":"2013-07-27T21:50:57+00:00","breadcrumb":{"@id":"https://medicina.udd.cl/centro-genetica-genomica/eventos/segunda-jornada-sindrome-velocardiofacial/#breadcrumb"},"inLanguage":"es","potentialAction":[{"@type":"ReadAction","target":["https://medicina.udd.cl/centro-genetica-genomica/eventos/segunda-jornada-sindrome-velocardiofacial/"]}]},{"@type":"BreadcrumbList","@id":"https://medicina.udd.cl/centro-genetica-genomica/eventos/segunda-jornada-sindrome-velocardiofacial/#breadcrumb","itemListElement":[{"@type":"ListItem","position":1,"name":"Inicio","item":"https://medicina.udd.cl/centro-genetica-genomica/"},{"@type":"ListItem","position":2,"name":"Eventos","item":"https://medicina.udd.cl/centro-genetica-genomica/eventos/"},{"@type":"ListItem","position":3,"name":"Segunda Jornada Síndrome Velocardiofacial"}]},{"@type":"WebSite","@id":"https://medicina.udd.cl/centro-genetica-genomica/#website","url":"https://medicina.udd.cl/centro-genetica-genomica/","name":"Centro de Genética y Genómica","description":"","inLanguage":"es"}]}</script>
<!-- / Yoast SEO plugin. -->

Segunda Jornada Síndrome Velocardiofacial - Centro de Genética y Genómica

Centro de Genética y Genómica
