{"id":1964,"date":"2017-07-21T16:21:05","date_gmt":"2017-07-21T20:21:05","guid":{"rendered":"http:\/\/medicina.udd.cl\/centro-genetica-genomica\/files\/2017\/07\/informaci\u00f3n-cl\u00ednica-1.jpg"},"modified":"2017-07-21T16:21:05","modified_gmt":"2017-07-21T20:21:05","slug":"informacion-clinica-1","status":"inherit","type":"attachment","link":"https:\/\/medicina.udd.cl\/centro-genetica-genomica\/informacion-clinica\/informacion-clinica-1\/","title":{"rendered":"informaci\u00f3n cl\u00ednica 1"},"author":42,"featured_media":0,"comment_status":"open","ping_status":"closed","template":"","meta":[],"class_list":["post-1964","attachment","type-attachment","status-inherit","hentry"],"yoast_head":"<!-- This site is optimized with the Yoast SEO plugin v26.9 - https:\/\/yoast.com\/product\/yoast-seo-wordpress\/ -->\n<title>informaci\u00f3n cl\u00ednica 1 - Centro de Gen\u00e9tica y Gen\u00f3mica<\/title>\n<meta name=\"robots\" content=\"index, follow, max-snippet:-1, max-image-preview:large, max-video-preview:-1\" \/>\n<link rel=\"canonical\" href=\"https:\/\/medicina.udd.cl\/centro-genetica-genomica\/files\/2017\/07\/informaci\u00f3n-cl\u00ednica-1.jpg\" \/>\n<meta property=\"og:locale\" content=\"es_ES\" \/>\n<meta property=\"og:type\" content=\"article\" \/>\n<meta property=\"og:title\" content=\"informaci\u00f3n cl\u00ednica 1 - Centro de Gen\u00e9tica y Gen\u00f3mica\" \/>\n<meta property=\"og:url\" content=\"https:\/\/medicina.udd.cl\/centro-genetica-genomica\/files\/2017\/07\/informaci\u00f3n-cl\u00ednica-1.jpg\" \/>\n<meta property=\"og:site_name\" content=\"Centro de Gen\u00e9tica y Gen\u00f3mica\" \/>\n<meta property=\"og:image\" content=\"https:\/\/medicina.udd.cl\/centro-genetica-genomica\/files\/2017\/07\/informaci\u00f3n-cl\u00ednica-1.jpg\" \/>\n\t<meta property=\"og:image:width\" content=\"255\" \/>\n\t<meta property=\"og:image:height\" content=\"188\" \/>\n\t<meta property=\"og:image:type\" content=\"image\/jpeg\" \/>\n<script type=\"application\/ld+json\" class=\"yoast-schema-graph\">{\"@context\":\"https:\/\/schema.org\",\"@graph\":[{\"@type\":\"WebPage\",\"@id\":\"https:\/\/medicina.udd.cl\/centro-genetica-genomica\/files\/2017\/07\/informaci\u00f3n-cl\u00ednica-1.jpg\",\"url\":\"https:\/\/medicina.udd.cl\/centro-genetica-genomica\/files\/2017\/07\/informaci\u00f3n-cl\u00ednica-1.jpg\",\"name\":\"informaci\u00f3n cl\u00ednica 1 - Centro de Gen\u00e9tica y Gen\u00f3mica\",\"isPartOf\":{\"@id\":\"https:\/\/medicina.udd.cl\/centro-genetica-genomica\/#website\"},\"datePublished\":\"2017-07-21T20:21:05+00:00\",\"breadcrumb\":{\"@id\":\"https:\/\/medicina.udd.cl\/centro-genetica-genomica\/files\/2017\/07\/informaci\u00f3n-cl\u00ednica-1.jpg#breadcrumb\"},\"inLanguage\":\"es\",\"potentialAction\":[{\"@type\":\"ReadAction\",\"target\":[\"https:\/\/medicina.udd.cl\/centro-genetica-genomica\/files\/2017\/07\/informaci\u00f3n-cl\u00ednica-1.jpg\"]}]},{\"@type\":\"BreadcrumbList\",\"@id\":\"https:\/\/medicina.udd.cl\/centro-genetica-genomica\/files\/2017\/07\/informaci\u00f3n-cl\u00ednica-1.jpg#breadcrumb\",\"itemListElement\":[{\"@type\":\"ListItem\",\"position\":1,\"name\":\"Inicio\",\"item\":\"https:\/\/medicina.udd.cl\/centro-genetica-genomica\/\"},{\"@type\":\"ListItem\",\"position\":2,\"name\":\"Informaci\u00f3n cl\u00ednica\",\"item\":\"https:\/\/medicina.udd.cl\/centro-genetica-genomica\/informacion-clinica\/\"},{\"@type\":\"ListItem\",\"position\":3,\"name\":\"informaci\u00f3n cl\u00ednica 1\"}]},{\"@type\":\"WebSite\",\"@id\":\"https:\/\/medicina.udd.cl\/centro-genetica-genomica\/#website\",\"url\":\"https:\/\/medicina.udd.cl\/centro-genetica-genomica\/\",\"name\":\"Centro de Gen\u00e9tica y Gen\u00f3mica\",\"description\":\"\",\"inLanguage\":\"es\"}]}<\/script>\n<!-- \/ Yoast SEO plugin. -->","yoast_head_json":{"title":"informaci\u00f3n cl\u00ednica 1 - Centro de Gen\u00e9tica y Gen\u00f3mica","robots":{"index":"index","follow":"follow","max-snippet":"max-snippet:-1","max-image-preview":"max-image-preview:large","max-video-preview":"max-video-preview:-1"},"canonical":"https:\/\/medicina.udd.cl\/centro-genetica-genomica\/files\/2017\/07\/informaci\u00f3n-cl\u00ednica-1.jpg","og_locale":"es_ES","og_type":"article","og_title":"informaci\u00f3n cl\u00ednica 1 - Centro de Gen\u00e9tica y Gen\u00f3mica","og_url":"https:\/\/medicina.udd.cl\/centro-genetica-genomica\/files\/2017\/07\/informaci\u00f3n-cl\u00ednica-1.jpg","og_site_name":"Centro de Gen\u00e9tica y Gen\u00f3mica","og_image":[{"width":255,"height":188,"url":"https:\/\/medicina.udd.cl\/centro-genetica-genomica\/files\/2017\/07\/informaci\u00f3n-cl\u00ednica-1.jpg","type":"image\/jpeg"}],"schema":{"@context":"https:\/\/schema.org","@graph":[{"@type":"WebPage","@id":"https:\/\/medicina.udd.cl\/centro-genetica-genomica\/files\/2017\/07\/informaci\u00f3n-cl\u00ednica-1.jpg","url":"https:\/\/medicina.udd.cl\/centro-genetica-genomica\/files\/2017\/07\/informaci\u00f3n-cl\u00ednica-1.jpg","name":"informaci\u00f3n cl\u00ednica 1 - Centro de Gen\u00e9tica y Gen\u00f3mica","isPartOf":{"@id":"https:\/\/medicina.udd.cl\/centro-genetica-genomica\/#website"},"datePublished":"2017-07-21T20:21:05+00:00","breadcrumb":{"@id":"https:\/\/medicina.udd.cl\/centro-genetica-genomica\/files\/2017\/07\/informaci\u00f3n-cl\u00ednica-1.jpg#breadcrumb"},"inLanguage":"es","potentialAction":[{"@type":"ReadAction","target":["https:\/\/medicina.udd.cl\/centro-genetica-genomica\/files\/2017\/07\/informaci\u00f3n-cl\u00ednica-1.jpg"]}]},{"@type":"BreadcrumbList","@id":"https:\/\/medicina.udd.cl\/centro-genetica-genomica\/files\/2017\/07\/informaci\u00f3n-cl\u00ednica-1.jpg#breadcrumb","itemListElement":[{"@type":"ListItem","position":1,"name":"Inicio","item":"https:\/\/medicina.udd.cl\/centro-genetica-genomica\/"},{"@type":"ListItem","position":2,"name":"Informaci\u00f3n cl\u00ednica","item":"https:\/\/medicina.udd.cl\/centro-genetica-genomica\/informacion-clinica\/"},{"@type":"ListItem","position":3,"name":"informaci\u00f3n cl\u00ednica 1"}]},{"@type":"WebSite","@id":"https:\/\/medicina.udd.cl\/centro-genetica-genomica\/#website","url":"https:\/\/medicina.udd.cl\/centro-genetica-genomica\/","name":"Centro de Gen\u00e9tica y Gen\u00f3mica","description":"","inLanguage":"es"}]}},"description":{"rendered":"<p class=\"attachment\"><a href='https:\/\/medicina.udd.cl\/centro-genetica-genomica\/files\/2017\/07\/informaci\u00f3n-cl\u00ednica-1.jpg'><img loading=\"lazy\" decoding=\"async\" width=\"255\" height=\"188\" src=\"https:\/\/medicina.udd.cl\/centro-genetica-genomica\/files\/2017\/07\/informaci\u00f3n-cl\u00ednica-1.jpg\" class=\"attachment-medium size-medium\" alt=\"\" \/><\/a><\/p>\n"},"caption":{"rendered":""},"alt_text":"","media_type":"image","mime_type":"image\/jpeg","media_details":{"width":255,"height":188,"file":"2017\/07\/informaci\u00f3n-cl\u00ednica-1.jpg","sizes":{"thumbnail":{"file":"informaci\u00f3n-cl\u00ednica-1-150x150.jpg","width":150,"height":150,"mime_type":"image\/jpeg","source_url":"https:\/\/medicina.udd.cl\/centro-genetica-genomica\/files\/2017\/07\/informaci\u00f3n-cl\u00ednica-1-150x150.jpg"},"newsletter_thumb":{"file":"informaci\u00f3n-cl\u00ednica-1-255x150.jpg","width":255,"height":150,"mime_type":"image\/jpeg","source_url":"https:\/\/medicina.udd.cl\/centro-genetica-genomica\/files\/2017\/07\/informaci\u00f3n-cl\u00ednica-1-255x150.jpg"},"newsletter_column":{"file":"informaci\u00f3n-cl\u00ednica-1-182x140.jpg","width":182,"height":140,"mime_type":"image\/jpeg","source_url":"https:\/\/medicina.udd.cl\/centro-genetica-genomica\/files\/2017\/07\/informaci\u00f3n-cl\u00ednica-1-182x140.jpg"},"newsletter_square":{"file":"informaci\u00f3n-cl\u00ednica-1-62x62.jpg","width":62,"height":62,"mime_type":"image\/jpeg","source_url":"https:\/\/medicina.udd.cl\/centro-genetica-genomica\/files\/2017\/07\/informaci\u00f3n-cl\u00ednica-1-62x62.jpg"},"newsletter_square_large":{"file":"informaci\u00f3n-cl\u00ednica-1-87x62.jpg","width":87,"height":62,"mime_type":"image\/jpeg","source_url":"https:\/\/medicina.udd.cl\/centro-genetica-genomica\/files\/2017\/07\/informaci\u00f3n-cl\u00ednica-1-87x62.jpg"},"portrait-medium":{"file":"informaci\u00f3n-cl\u00ednica-1-220x188.jpg","width":220,"height":188,"mime_type":"image\/jpeg","source_url":"https:\/\/medicina.udd.cl\/centro-genetica-genomica\/files\/2017\/07\/informaci\u00f3n-cl\u00ednica-1-220x188.jpg"},"landscape-small":{"file":"informaci\u00f3n-cl\u00ednica-1-125x80.jpg","width":125,"height":80,"mime_type":"image\/jpeg","source_url":"https:\/\/medicina.udd.cl\/centro-genetica-genomica\/files\/2017\/07\/informaci\u00f3n-cl\u00ednica-1-125x80.jpg"},"custom_content":{"file":"informaci\u00f3n-cl\u00ednica-1-126x126.jpg","width":126,"height":126,"mime_type":"image\/jpeg","source_url":"https:\/\/medicina.udd.cl\/centro-genetica-genomica\/files\/2017\/07\/informaci\u00f3n-cl\u00ednica-1-126x126.jpg"},"full":{"file":"informaci\u00f3n-cl\u00ednica-1.jpg","width":255,"height":188,"mime_type":"image\/jpeg","source_url":"https:\/\/medicina.udd.cl\/centro-genetica-genomica\/files\/2017\/07\/informaci\u00f3n-cl\u00ednica-1.jpg"}},"image_meta":{"aperture":"0","credit":"","camera":"","caption":"","created_timestamp":"0","copyright":"","focal_length":"0","iso":"0","shutter_speed":"0","title":"","orientation":"0","keywords":[]}},"post":1961,"source_url":"https:\/\/medicina.udd.cl\/centro-genetica-genomica\/files\/2017\/07\/informaci\u00f3n-cl\u00ednica-1.jpg","_links":{"self":[{"href":"https:\/\/medicina.udd.cl\/centro-genetica-genomica\/wp-json\/wp\/v2\/media\/1964","targetHints":{"allow":["GET"]}}],"collection":[{"href":"https:\/\/medicina.udd.cl\/centro-genetica-genomica\/wp-json\/wp\/v2\/media"}],"about":[{"href":"https:\/\/medicina.udd.cl\/centro-genetica-genomica\/wp-json\/wp\/v2\/types\/attachment"}],"author":[{"embeddable":true,"href":"https:\/\/medicina.udd.cl\/centro-genetica-genomica\/wp-json\/wp\/v2\/users\/42"}],"replies":[{"embeddable":true,"href":"https:\/\/medicina.udd.cl\/centro-genetica-genomica\/wp-json\/wp\/v2\/comments?post=1964"}],"wp:attached-to":[{"embeddable":true,"post_type":"page","id":1961,"href":"https:\/\/medicina.udd.cl\/centro-genetica-genomica\/wp-json\/wp\/v2\/pages\/1961"}],"curies":[{"name":"wp","href":"https:\/\/api.w.org\/{rel}","templated":true}]}}

http://medicina.udd.cl/centro-genetica-genomica/files/2017/07/información-clínica-1.jpg

información clínica 1

<!-- This site is optimized with the Yoast SEO plugin v26.9 - https://yoast.com/product/yoast-seo-wordpress/ -->
<title>información clínica 1 - Centro de Genética y Genómica</title>
<meta name="robots" content="index, follow, max-snippet:-1, max-image-preview:large, max-video-preview:-1" />
<link rel="canonical" href="https://medicina.udd.cl/centro-genetica-genomica/files/2017/07/información-clínica-1.jpg" />
<meta property="og:locale" content="es_ES" />
<meta property="og:type" content="article" />
<meta property="og:title" content="información clínica 1 - Centro de Genética y Genómica" />
<meta property="og:url" content="https://medicina.udd.cl/centro-genetica-genomica/files/2017/07/información-clínica-1.jpg" />
<meta property="og:site_name" content="Centro de Genética y Genómica" />
<meta property="og:image" content="https://medicina.udd.cl/centro-genetica-genomica/files/2017/07/información-clínica-1.jpg" />
	<meta property="og:image:width" content="255" />
	<meta property="og:image:height" content="188" />
	<meta property="og:image:type" content="image/jpeg" />
<script type="application/ld+json" class="yoast-schema-graph">{"@context":"https://schema.org","@graph":[{"@type":"WebPage","@id":"https://medicina.udd.cl/centro-genetica-genomica/files/2017/07/información-clínica-1.jpg","url":"https://medicina.udd.cl/centro-genetica-genomica/files/2017/07/información-clínica-1.jpg","name":"información clínica 1 - Centro de Genética y Genómica","isPartOf":{"@id":"https://medicina.udd.cl/centro-genetica-genomica/#website"},"datePublished":"2017-07-21T20:21:05+00:00","breadcrumb":{"@id":"https://medicina.udd.cl/centro-genetica-genomica/files/2017/07/información-clínica-1.jpg#breadcrumb"},"inLanguage":"es","potentialAction":[{"@type":"ReadAction","target":["https://medicina.udd.cl/centro-genetica-genomica/files/2017/07/información-clínica-1.jpg"]}]},{"@type":"BreadcrumbList","@id":"https://medicina.udd.cl/centro-genetica-genomica/files/2017/07/información-clínica-1.jpg#breadcrumb","itemListElement":[{"@type":"ListItem","position":1,"name":"Inicio","item":"https://medicina.udd.cl/centro-genetica-genomica/"},{"@type":"ListItem","position":2,"name":"Información clínica","item":"https://medicina.udd.cl/centro-genetica-genomica/informacion-clinica/"},{"@type":"ListItem","position":3,"name":"información clínica 1"}]},{"@type":"WebSite","@id":"https://medicina.udd.cl/centro-genetica-genomica/#website","url":"https://medicina.udd.cl/centro-genetica-genomica/","name":"Centro de Genética y Genómica","description":"","inLanguage":"es"}]}</script>
<!-- / Yoast SEO plugin. -->

información clínica 1 - Centro de Genética y Genómica

https://medicina.udd.cl/centro-genetica-genomica/files/2017/07/información-clínica-1.jpg

Centro de Genética y Genómica

https://medicina.udd.cl/centro-genetica-genomica/files/2017/07/información-clínica-1.jpg#breadcrumb

Información clínica

<p class="attachment"><a href='https://medicina.udd.cl/centro-genetica-genomica/files/2017/07/información-clínica-1.jpg'><img loading="lazy" decoding="async" width="255" height="188" src="https://medicina.udd.cl/centro-genetica-genomica/files/2017/07/información-clínica-1.jpg" class="attachment-medium size-medium" alt="" /></a></p>

2017/07/información-clínica-1.jpg

información-clínica-1-150x150.jpg

https://medicina.udd.cl/centro-genetica-genomica/files/2017/07/información-clínica-1-150x150.jpg

información-clínica-1-255x150.jpg

https://medicina.udd.cl/centro-genetica-genomica/files/2017/07/información-clínica-1-255x150.jpg

información-clínica-1-182x140.jpg

https://medicina.udd.cl/centro-genetica-genomica/files/2017/07/información-clínica-1-182x140.jpg

información-clínica-1-62x62.jpg

https://medicina.udd.cl/centro-genetica-genomica/files/2017/07/información-clínica-1-62x62.jpg

información-clínica-1-87x62.jpg

https://medicina.udd.cl/centro-genetica-genomica/files/2017/07/información-clínica-1-87x62.jpg

información-clínica-1-220x188.jpg

https://medicina.udd.cl/centro-genetica-genomica/files/2017/07/información-clínica-1-220x188.jpg

información-clínica-1-125x80.jpg

https://medicina.udd.cl/centro-genetica-genomica/files/2017/07/información-clínica-1-125x80.jpg

información-clínica-1-126x126.jpg

https://medicina.udd.cl/centro-genetica-genomica/files/2017/07/información-clínica-1-126x126.jpg

información-clínica-1.jpg
