{"id":2337,"date":"2018-10-04T08:56:35","date_gmt":"2018-10-04T11:56:35","guid":{"rendered":"http:\/\/medicina.udd.cl\/centro-genetica-genomica\/files\/2018\/10\/Andr\u00e9s-Klein-en-Radio-Infinita.jpg"},"modified":"2018-10-04T08:56:35","modified_gmt":"2018-10-04T11:56:35","slug":"andres-klein-en-radio-infinita","status":"inherit","type":"attachment","link":"https:\/\/medicina.udd.cl\/centro-genetica-genomica\/centro-de-genetica-y-genomica-en-la-prensa\/andres-klein-en-radio-infinita\/","title":{"rendered":"Andr\u00e9s Klein en Radio Infinita"},"author":42,"featured_media":0,"comment_status":"open","ping_status":"closed","template":"","meta":[],"class_list":["post-2337","attachment","type-attachment","status-inherit","hentry"],"yoast_head":"<!-- This site is optimized with the Yoast SEO plugin v26.9 - https:\/\/yoast.com\/product\/yoast-seo-wordpress\/ -->\n<title>Andr\u00e9s Klein en Radio Infinita - Centro de Gen\u00e9tica y Gen\u00f3mica<\/title>\n<meta name=\"robots\" content=\"index, follow, max-snippet:-1, max-image-preview:large, max-video-preview:-1\" \/>\n<link rel=\"canonical\" href=\"https:\/\/medicina.udd.cl\/centro-genetica-genomica\/files\/2018\/10\/Andr\u00e9s-Klein-en-Radio-Infinita.jpg\" \/>\n<meta property=\"og:locale\" content=\"es_ES\" \/>\n<meta property=\"og:type\" content=\"article\" \/>\n<meta property=\"og:title\" content=\"Andr\u00e9s Klein en Radio Infinita - Centro de Gen\u00e9tica y Gen\u00f3mica\" \/>\n<meta property=\"og:url\" content=\"https:\/\/medicina.udd.cl\/centro-genetica-genomica\/files\/2018\/10\/Andr\u00e9s-Klein-en-Radio-Infinita.jpg\" \/>\n<meta property=\"og:site_name\" content=\"Centro de Gen\u00e9tica y Gen\u00f3mica\" \/>\n<meta property=\"og:image\" content=\"https:\/\/medicina.udd.cl\/centro-genetica-genomica\/files\/2018\/10\/Andr\u00e9s-Klein-en-Radio-Infinita.jpg\" \/>\n\t<meta property=\"og:image:width\" content=\"660\" \/>\n\t<meta property=\"og:image:height\" content=\"357\" \/>\n\t<meta property=\"og:image:type\" content=\"image\/jpeg\" \/>\n<script type=\"application\/ld+json\" class=\"yoast-schema-graph\">{\"@context\":\"https:\/\/schema.org\",\"@graph\":[{\"@type\":\"WebPage\",\"@id\":\"https:\/\/medicina.udd.cl\/centro-genetica-genomica\/files\/2018\/10\/Andr\u00e9s-Klein-en-Radio-Infinita.jpg\",\"url\":\"https:\/\/medicina.udd.cl\/centro-genetica-genomica\/files\/2018\/10\/Andr\u00e9s-Klein-en-Radio-Infinita.jpg\",\"name\":\"Andr\u00e9s Klein en Radio Infinita - Centro de Gen\u00e9tica y Gen\u00f3mica\",\"isPartOf\":{\"@id\":\"https:\/\/medicina.udd.cl\/centro-genetica-genomica\/#website\"},\"datePublished\":\"2018-10-04T11:56:35+00:00\",\"breadcrumb\":{\"@id\":\"https:\/\/medicina.udd.cl\/centro-genetica-genomica\/files\/2018\/10\/Andr\u00e9s-Klein-en-Radio-Infinita.jpg#breadcrumb\"},\"inLanguage\":\"es\",\"potentialAction\":[{\"@type\":\"ReadAction\",\"target\":[\"https:\/\/medicina.udd.cl\/centro-genetica-genomica\/files\/2018\/10\/Andr\u00e9s-Klein-en-Radio-Infinita.jpg\"]}]},{\"@type\":\"BreadcrumbList\",\"@id\":\"https:\/\/medicina.udd.cl\/centro-genetica-genomica\/files\/2018\/10\/Andr\u00e9s-Klein-en-Radio-Infinita.jpg#breadcrumb\",\"itemListElement\":[{\"@type\":\"ListItem\",\"position\":1,\"name\":\"Inicio\",\"item\":\"https:\/\/medicina.udd.cl\/centro-genetica-genomica\/\"},{\"@type\":\"ListItem\",\"position\":2,\"name\":\"Centro de Gen\u00e9tica y Gen\u00f3mica en la Prensa\",\"item\":\"https:\/\/medicina.udd.cl\/centro-genetica-genomica\/centro-de-genetica-y-genomica-en-la-prensa\/\"},{\"@type\":\"ListItem\",\"position\":3,\"name\":\"Andr\u00e9s Klein en Radio Infinita\"}]},{\"@type\":\"WebSite\",\"@id\":\"https:\/\/medicina.udd.cl\/centro-genetica-genomica\/#website\",\"url\":\"https:\/\/medicina.udd.cl\/centro-genetica-genomica\/\",\"name\":\"Centro de Gen\u00e9tica y Gen\u00f3mica\",\"description\":\"\",\"inLanguage\":\"es\"}]}<\/script>\n<!-- \/ Yoast SEO plugin. -->","yoast_head_json":{"title":"Andr\u00e9s Klein en Radio Infinita - Centro de Gen\u00e9tica y Gen\u00f3mica","robots":{"index":"index","follow":"follow","max-snippet":"max-snippet:-1","max-image-preview":"max-image-preview:large","max-video-preview":"max-video-preview:-1"},"canonical":"https:\/\/medicina.udd.cl\/centro-genetica-genomica\/files\/2018\/10\/Andr\u00e9s-Klein-en-Radio-Infinita.jpg","og_locale":"es_ES","og_type":"article","og_title":"Andr\u00e9s Klein en Radio Infinita - Centro de Gen\u00e9tica y Gen\u00f3mica","og_url":"https:\/\/medicina.udd.cl\/centro-genetica-genomica\/files\/2018\/10\/Andr\u00e9s-Klein-en-Radio-Infinita.jpg","og_site_name":"Centro de Gen\u00e9tica y Gen\u00f3mica","og_image":[{"width":660,"height":357,"url":"https:\/\/medicina.udd.cl\/centro-genetica-genomica\/files\/2018\/10\/Andr\u00e9s-Klein-en-Radio-Infinita.jpg","type":"image\/jpeg"}],"schema":{"@context":"https:\/\/schema.org","@graph":[{"@type":"WebPage","@id":"https:\/\/medicina.udd.cl\/centro-genetica-genomica\/files\/2018\/10\/Andr\u00e9s-Klein-en-Radio-Infinita.jpg","url":"https:\/\/medicina.udd.cl\/centro-genetica-genomica\/files\/2018\/10\/Andr\u00e9s-Klein-en-Radio-Infinita.jpg","name":"Andr\u00e9s Klein en Radio Infinita - Centro de Gen\u00e9tica y Gen\u00f3mica","isPartOf":{"@id":"https:\/\/medicina.udd.cl\/centro-genetica-genomica\/#website"},"datePublished":"2018-10-04T11:56:35+00:00","breadcrumb":{"@id":"https:\/\/medicina.udd.cl\/centro-genetica-genomica\/files\/2018\/10\/Andr\u00e9s-Klein-en-Radio-Infinita.jpg#breadcrumb"},"inLanguage":"es","potentialAction":[{"@type":"ReadAction","target":["https:\/\/medicina.udd.cl\/centro-genetica-genomica\/files\/2018\/10\/Andr\u00e9s-Klein-en-Radio-Infinita.jpg"]}]},{"@type":"BreadcrumbList","@id":"https:\/\/medicina.udd.cl\/centro-genetica-genomica\/files\/2018\/10\/Andr\u00e9s-Klein-en-Radio-Infinita.jpg#breadcrumb","itemListElement":[{"@type":"ListItem","position":1,"name":"Inicio","item":"https:\/\/medicina.udd.cl\/centro-genetica-genomica\/"},{"@type":"ListItem","position":2,"name":"Centro de Gen\u00e9tica y Gen\u00f3mica en la Prensa","item":"https:\/\/medicina.udd.cl\/centro-genetica-genomica\/centro-de-genetica-y-genomica-en-la-prensa\/"},{"@type":"ListItem","position":3,"name":"Andr\u00e9s Klein en Radio Infinita"}]},{"@type":"WebSite","@id":"https:\/\/medicina.udd.cl\/centro-genetica-genomica\/#website","url":"https:\/\/medicina.udd.cl\/centro-genetica-genomica\/","name":"Centro de Gen\u00e9tica y Gen\u00f3mica","description":"","inLanguage":"es"}]}},"description":{"rendered":"<p class=\"attachment\"><a href='https:\/\/medicina.udd.cl\/centro-genetica-genomica\/files\/2018\/10\/Andr\u00e9s-Klein-en-Radio-Infinita.jpg'><img loading=\"lazy\" decoding=\"async\" width=\"300\" height=\"162\" src=\"https:\/\/medicina.udd.cl\/centro-genetica-genomica\/files\/2018\/10\/Andr\u00e9s-Klein-en-Radio-Infinita-300x162.jpg\" class=\"attachment-medium size-medium\" alt=\"\" srcset=\"https:\/\/medicina.udd.cl\/centro-genetica-genomica\/files\/2018\/10\/Andr\u00e9s-Klein-en-Radio-Infinita-300x162.jpg 300w, https:\/\/medicina.udd.cl\/centro-genetica-genomica\/files\/2018\/10\/Andr\u00e9s-Klein-en-Radio-Infinita.jpg 660w\" sizes=\"auto, (max-width: 300px) 100vw, 300px\" \/><\/a><\/p>\n"},"caption":{"rendered":""},"alt_text":"","media_type":"image","mime_type":"image\/jpeg","media_details":{"width":660,"height":357,"file":"2018\/10\/Andr\u00e9s-Klein-en-Radio-Infinita.jpg","sizes":{"thumbnail":{"file":"Andr\u00e9s-Klein-en-Radio-Infinita-150x150.jpg","width":150,"height":150,"mime_type":"image\/jpeg","source_url":"https:\/\/medicina.udd.cl\/centro-genetica-genomica\/files\/2018\/10\/Andr\u00e9s-Klein-en-Radio-Infinita-150x150.jpg"},"medium":{"file":"Andr\u00e9s-Klein-en-Radio-Infinita-300x162.jpg","width":300,"height":162,"mime_type":"image\/jpeg","source_url":"https:\/\/medicina.udd.cl\/centro-genetica-genomica\/files\/2018\/10\/Andr\u00e9s-Klein-en-Radio-Infinita-300x162.jpg"},"newsletter_featured":{"file":"Andr\u00e9s-Klein-en-Radio-Infinita-316x224.jpg","width":316,"height":224,"mime_type":"image\/jpeg","source_url":"https:\/\/medicina.udd.cl\/centro-genetica-genomica\/files\/2018\/10\/Andr\u00e9s-Klein-en-Radio-Infinita-316x224.jpg"},"newsletter_first":{"file":"Andr\u00e9s-Klein-en-Radio-Infinita-286x205.jpg","width":286,"height":205,"mime_type":"image\/jpeg","source_url":"https:\/\/medicina.udd.cl\/centro-genetica-genomica\/files\/2018\/10\/Andr\u00e9s-Klein-en-Radio-Infinita-286x205.jpg"},"newsletter_thumb":{"file":"Andr\u00e9s-Klein-en-Radio-Infinita-288x150.jpg","width":288,"height":150,"mime_type":"image\/jpeg","source_url":"https:\/\/medicina.udd.cl\/centro-genetica-genomica\/files\/2018\/10\/Andr\u00e9s-Klein-en-Radio-Infinita-288x150.jpg"},"newsletter_column":{"file":"Andr\u00e9s-Klein-en-Radio-Infinita-182x140.jpg","width":182,"height":140,"mime_type":"image\/jpeg","source_url":"https:\/\/medicina.udd.cl\/centro-genetica-genomica\/files\/2018\/10\/Andr\u00e9s-Klein-en-Radio-Infinita-182x140.jpg"},"newsletter_square":{"file":"Andr\u00e9s-Klein-en-Radio-Infinita-62x62.jpg","width":62,"height":62,"mime_type":"image\/jpeg","source_url":"https:\/\/medicina.udd.cl\/centro-genetica-genomica\/files\/2018\/10\/Andr\u00e9s-Klein-en-Radio-Infinita-62x62.jpg"},"newsletter_square_large":{"file":"Andr\u00e9s-Klein-en-Radio-Infinita-87x62.jpg","width":87,"height":62,"mime_type":"image\/jpeg","source_url":"https:\/\/medicina.udd.cl\/centro-genetica-genomica\/files\/2018\/10\/Andr\u00e9s-Klein-en-Radio-Infinita-87x62.jpg"},"featured-career":{"file":"Andr\u00e9s-Klein-en-Radio-Infinita-660x357.jpg","width":660,"height":357,"mime_type":"image\/jpeg","source_url":"https:\/\/medicina.udd.cl\/centro-genetica-genomica\/files\/2018\/10\/Andr\u00e9s-Klein-en-Radio-Infinita-660x357.jpg"},"squared":{"file":"Andr\u00e9s-Klein-en-Radio-Infinita-300x300.jpg","width":300,"height":300,"mime_type":"image\/jpeg","source_url":"https:\/\/medicina.udd.cl\/centro-genetica-genomica\/files\/2018\/10\/Andr\u00e9s-Klein-en-Radio-Infinita-300x300.jpg"},"portrait-medium":{"file":"Andr\u00e9s-Klein-en-Radio-Infinita-220x260.jpg","width":220,"height":260,"mime_type":"image\/jpeg","source_url":"https:\/\/medicina.udd.cl\/centro-genetica-genomica\/files\/2018\/10\/Andr\u00e9s-Klein-en-Radio-Infinita-220x260.jpg"},"landscape-small":{"file":"Andr\u00e9s-Klein-en-Radio-Infinita-125x80.jpg","width":125,"height":80,"mime_type":"image\/jpeg","source_url":"https:\/\/medicina.udd.cl\/centro-genetica-genomica\/files\/2018\/10\/Andr\u00e9s-Klein-en-Radio-Infinita-125x80.jpg"},"landscape-medium":{"file":"Andr\u00e9s-Klein-en-Radio-Infinita-340x220.jpg","width":340,"height":220,"mime_type":"image\/jpeg","source_url":"https:\/\/medicina.udd.cl\/centro-genetica-genomica\/files\/2018\/10\/Andr\u00e9s-Klein-en-Radio-Infinita-340x220.jpg"},"landscape-large":{"file":"Andr\u00e9s-Klein-en-Radio-Infinita-365x255.jpg","width":365,"height":255,"mime_type":"image\/jpeg","source_url":"https:\/\/medicina.udd.cl\/centro-genetica-genomica\/files\/2018\/10\/Andr\u00e9s-Klein-en-Radio-Infinita-365x255.jpg"},"landscape-xlarge":{"file":"Andr\u00e9s-Klein-en-Radio-Infinita-660x357.jpg","width":660,"height":357,"mime_type":"image\/jpeg","source_url":"https:\/\/medicina.udd.cl\/centro-genetica-genomica\/files\/2018\/10\/Andr\u00e9s-Klein-en-Radio-Infinita-660x357.jpg"},"panoramic":{"file":"Andr\u00e9s-Klein-en-Radio-Infinita-660x345.jpg","width":660,"height":345,"mime_type":"image\/jpeg","source_url":"https:\/\/medicina.udd.cl\/centro-genetica-genomica\/files\/2018\/10\/Andr\u00e9s-Klein-en-Radio-Infinita-660x345.jpg"},"custom_content":{"file":"Andr\u00e9s-Klein-en-Radio-Infinita-126x126.jpg","width":126,"height":126,"mime_type":"image\/jpeg","source_url":"https:\/\/medicina.udd.cl\/centro-genetica-genomica\/files\/2018\/10\/Andr\u00e9s-Klein-en-Radio-Infinita-126x126.jpg"},"full":{"file":"Andr\u00e9s-Klein-en-Radio-Infinita.jpg","width":660,"height":357,"mime_type":"image\/jpeg","source_url":"https:\/\/medicina.udd.cl\/centro-genetica-genomica\/files\/2018\/10\/Andr\u00e9s-Klein-en-Radio-Infinita.jpg"}},"image_meta":{"aperture":"0","credit":"","camera":"","caption":"","created_timestamp":"0","copyright":"","focal_length":"0","iso":"0","shutter_speed":"0","title":"","orientation":"0","keywords":[]}},"post":1657,"source_url":"https:\/\/medicina.udd.cl\/centro-genetica-genomica\/files\/2018\/10\/Andr\u00e9s-Klein-en-Radio-Infinita.jpg","_links":{"self":[{"href":"https:\/\/medicina.udd.cl\/centro-genetica-genomica\/wp-json\/wp\/v2\/media\/2337","targetHints":{"allow":["GET"]}}],"collection":[{"href":"https:\/\/medicina.udd.cl\/centro-genetica-genomica\/wp-json\/wp\/v2\/media"}],"about":[{"href":"https:\/\/medicina.udd.cl\/centro-genetica-genomica\/wp-json\/wp\/v2\/types\/attachment"}],"author":[{"embeddable":true,"href":"https:\/\/medicina.udd.cl\/centro-genetica-genomica\/wp-json\/wp\/v2\/users\/42"}],"replies":[{"embeddable":true,"href":"https:\/\/medicina.udd.cl\/centro-genetica-genomica\/wp-json\/wp\/v2\/comments?post=2337"}],"wp:attached-to":[{"embeddable":true,"post_type":"page","id":1657,"href":"https:\/\/medicina.udd.cl\/centro-genetica-genomica\/wp-json\/wp\/v2\/pages\/1657"}],"curies":[{"name":"wp","href":"https:\/\/api.w.org\/{rel}","templated":true}]}}

http://medicina.udd.cl/centro-genetica-genomica/files/2018/10/Andrés-Klein-en-Radio-Infinita.jpg

Andrés Klein en Radio Infinita

<!-- This site is optimized with the Yoast SEO plugin v26.9 - https://yoast.com/product/yoast-seo-wordpress/ -->
<title>Andrés Klein en Radio Infinita - Centro de Genética y Genómica</title>
<meta name="robots" content="index, follow, max-snippet:-1, max-image-preview:large, max-video-preview:-1" />
<link rel="canonical" href="https://medicina.udd.cl/centro-genetica-genomica/files/2018/10/Andrés-Klein-en-Radio-Infinita.jpg" />
<meta property="og:locale" content="es_ES" />
<meta property="og:type" content="article" />
<meta property="og:title" content="Andrés Klein en Radio Infinita - Centro de Genética y Genómica" />
<meta property="og:url" content="https://medicina.udd.cl/centro-genetica-genomica/files/2018/10/Andrés-Klein-en-Radio-Infinita.jpg" />
<meta property="og:site_name" content="Centro de Genética y Genómica" />
<meta property="og:image" content="https://medicina.udd.cl/centro-genetica-genomica/files/2018/10/Andrés-Klein-en-Radio-Infinita.jpg" />
	<meta property="og:image:width" content="660" />
	<meta property="og:image:height" content="357" />
	<meta property="og:image:type" content="image/jpeg" />
<script type="application/ld+json" class="yoast-schema-graph">{"@context":"https://schema.org","@graph":[{"@type":"WebPage","@id":"https://medicina.udd.cl/centro-genetica-genomica/files/2018/10/Andrés-Klein-en-Radio-Infinita.jpg","url":"https://medicina.udd.cl/centro-genetica-genomica/files/2018/10/Andrés-Klein-en-Radio-Infinita.jpg","name":"Andrés Klein en Radio Infinita - Centro de Genética y Genómica","isPartOf":{"@id":"https://medicina.udd.cl/centro-genetica-genomica/#website"},"datePublished":"2018-10-04T11:56:35+00:00","breadcrumb":{"@id":"https://medicina.udd.cl/centro-genetica-genomica/files/2018/10/Andrés-Klein-en-Radio-Infinita.jpg#breadcrumb"},"inLanguage":"es","potentialAction":[{"@type":"ReadAction","target":["https://medicina.udd.cl/centro-genetica-genomica/files/2018/10/Andrés-Klein-en-Radio-Infinita.jpg"]}]},{"@type":"BreadcrumbList","@id":"https://medicina.udd.cl/centro-genetica-genomica/files/2018/10/Andrés-Klein-en-Radio-Infinita.jpg#breadcrumb","itemListElement":[{"@type":"ListItem","position":1,"name":"Inicio","item":"https://medicina.udd.cl/centro-genetica-genomica/"},{"@type":"ListItem","position":2,"name":"Centro de Genética y Genómica en la Prensa","item":"https://medicina.udd.cl/centro-genetica-genomica/centro-de-genetica-y-genomica-en-la-prensa/"},{"@type":"ListItem","position":3,"name":"Andrés Klein en Radio Infinita"}]},{"@type":"WebSite","@id":"https://medicina.udd.cl/centro-genetica-genomica/#website","url":"https://medicina.udd.cl/centro-genetica-genomica/","name":"Centro de Genética y Genómica","description":"","inLanguage":"es"}]}</script>
<!-- / Yoast SEO plugin. -->

Andrés Klein en Radio Infinita - Centro de Genética y Genómica

https://medicina.udd.cl/centro-genetica-genomica/files/2018/10/Andrés-Klein-en-Radio-Infinita.jpg

Centro de Genética y Genómica

https://medicina.udd.cl/centro-genetica-genomica/files/2018/10/Andrés-Klein-en-Radio-Infinita.jpg#breadcrumb

Centro de Genética y Genómica en la Prensa

<p class="attachment"><a href='https://medicina.udd.cl/centro-genetica-genomica/files/2018/10/Andrés-Klein-en-Radio-Infinita.jpg'><img loading="lazy" decoding="async" width="300" height="162" src="https://medicina.udd.cl/centro-genetica-genomica/files/2018/10/Andrés-Klein-en-Radio-Infinita-300x162.jpg" class="attachment-medium size-medium" alt="" srcset="https://medicina.udd.cl/centro-genetica-genomica/files/2018/10/Andrés-Klein-en-Radio-Infinita-300x162.jpg 300w, https://medicina.udd.cl/centro-genetica-genomica/files/2018/10/Andrés-Klein-en-Radio-Infinita.jpg 660w" sizes="auto, (max-width: 300px) 100vw, 300px" /></a></p>

2018/10/Andrés-Klein-en-Radio-Infinita.jpg

Andrés-Klein-en-Radio-Infinita-150x150.jpg

https://medicina.udd.cl/centro-genetica-genomica/files/2018/10/Andrés-Klein-en-Radio-Infinita-150x150.jpg

Andrés-Klein-en-Radio-Infinita-300x162.jpg

https://medicina.udd.cl/centro-genetica-genomica/files/2018/10/Andrés-Klein-en-Radio-Infinita-300x162.jpg

Andrés-Klein-en-Radio-Infinita-316x224.jpg

https://medicina.udd.cl/centro-genetica-genomica/files/2018/10/Andrés-Klein-en-Radio-Infinita-316x224.jpg

Andrés-Klein-en-Radio-Infinita-286x205.jpg

https://medicina.udd.cl/centro-genetica-genomica/files/2018/10/Andrés-Klein-en-Radio-Infinita-286x205.jpg

Andrés-Klein-en-Radio-Infinita-288x150.jpg

https://medicina.udd.cl/centro-genetica-genomica/files/2018/10/Andrés-Klein-en-Radio-Infinita-288x150.jpg

Andrés-Klein-en-Radio-Infinita-182x140.jpg

https://medicina.udd.cl/centro-genetica-genomica/files/2018/10/Andrés-Klein-en-Radio-Infinita-182x140.jpg

Andrés-Klein-en-Radio-Infinita-62x62.jpg

https://medicina.udd.cl/centro-genetica-genomica/files/2018/10/Andrés-Klein-en-Radio-Infinita-62x62.jpg

Andrés-Klein-en-Radio-Infinita-87x62.jpg

https://medicina.udd.cl/centro-genetica-genomica/files/2018/10/Andrés-Klein-en-Radio-Infinita-87x62.jpg

Andrés-Klein-en-Radio-Infinita-660x357.jpg

https://medicina.udd.cl/centro-genetica-genomica/files/2018/10/Andrés-Klein-en-Radio-Infinita-660x357.jpg

Andrés-Klein-en-Radio-Infinita-300x300.jpg

https://medicina.udd.cl/centro-genetica-genomica/files/2018/10/Andrés-Klein-en-Radio-Infinita-300x300.jpg

Andrés-Klein-en-Radio-Infinita-220x260.jpg

https://medicina.udd.cl/centro-genetica-genomica/files/2018/10/Andrés-Klein-en-Radio-Infinita-220x260.jpg

Andrés-Klein-en-Radio-Infinita-125x80.jpg

https://medicina.udd.cl/centro-genetica-genomica/files/2018/10/Andrés-Klein-en-Radio-Infinita-125x80.jpg

Andrés-Klein-en-Radio-Infinita-340x220.jpg

https://medicina.udd.cl/centro-genetica-genomica/files/2018/10/Andrés-Klein-en-Radio-Infinita-340x220.jpg

Andrés-Klein-en-Radio-Infinita-365x255.jpg

https://medicina.udd.cl/centro-genetica-genomica/files/2018/10/Andrés-Klein-en-Radio-Infinita-365x255.jpg

Andrés-Klein-en-Radio-Infinita-660x345.jpg

https://medicina.udd.cl/centro-genetica-genomica/files/2018/10/Andrés-Klein-en-Radio-Infinita-660x345.jpg

Andrés-Klein-en-Radio-Infinita-126x126.jpg

https://medicina.udd.cl/centro-genetica-genomica/files/2018/10/Andrés-Klein-en-Radio-Infinita-126x126.jpg

Andrés-Klein-en-Radio-Infinita.jpg
