{"id":2443,"date":"2020-01-22T17:34:38","date_gmt":"2020-01-22T20:34:38","guid":{"rendered":"http:\/\/medicina.udd.cl\/centro-genetica-genomica\/files\/2020\/01\/RicardoArmisen.jpg"},"modified":"2020-01-22T17:34:38","modified_gmt":"2020-01-22T20:34:38","slug":"ricardoarmisen","status":"inherit","type":"attachment","link":"https:\/\/medicina.udd.cl\/centro-genetica-genomica\/persona\/ricardo-armisen-yanez-m-d-ph-d\/ricardoarmisen\/","title":{"rendered":"RicardoArmisen"},"author":9192219,"featured_media":0,"comment_status":"open","ping_status":"closed","template":"","meta":[],"class_list":["post-2443","attachment","type-attachment","status-inherit","hentry"],"yoast_head":"<!-- This site is optimized with the Yoast SEO plugin v26.9 - https:\/\/yoast.com\/product\/yoast-seo-wordpress\/ -->\n<title>RicardoArmisen - Centro de Gen\u00e9tica y Gen\u00f3mica<\/title>\n<meta name=\"robots\" content=\"index, follow, max-snippet:-1, max-image-preview:large, max-video-preview:-1\" \/>\n<link rel=\"canonical\" href=\"https:\/\/medicina.udd.cl\/centro-genetica-genomica\/files\/2020\/01\/RicardoArmisen.jpg\" \/>\n<meta property=\"og:locale\" content=\"es_ES\" \/>\n<meta property=\"og:type\" content=\"article\" \/>\n<meta property=\"og:title\" content=\"RicardoArmisen - Centro de Gen\u00e9tica y Gen\u00f3mica\" \/>\n<meta property=\"og:url\" content=\"https:\/\/medicina.udd.cl\/centro-genetica-genomica\/files\/2020\/01\/RicardoArmisen.jpg\" \/>\n<meta property=\"og:site_name\" content=\"Centro de Gen\u00e9tica y Gen\u00f3mica\" \/>\n<meta property=\"og:image\" content=\"https:\/\/medicina.udd.cl\/centro-genetica-genomica\/files\/2020\/01\/RicardoArmisen.jpg\" \/>\n\t<meta property=\"og:image:width\" content=\"3165\" \/>\n\t<meta property=\"og:image:height\" content=\"2710\" \/>\n\t<meta property=\"og:image:type\" content=\"image\/jpeg\" \/>\n<script type=\"application\/ld+json\" class=\"yoast-schema-graph\">{\"@context\":\"https:\/\/schema.org\",\"@graph\":[{\"@type\":\"WebPage\",\"@id\":\"https:\/\/medicina.udd.cl\/centro-genetica-genomica\/files\/2020\/01\/RicardoArmisen.jpg\",\"url\":\"https:\/\/medicina.udd.cl\/centro-genetica-genomica\/files\/2020\/01\/RicardoArmisen.jpg\",\"name\":\"RicardoArmisen - Centro de Gen\u00e9tica y Gen\u00f3mica\",\"isPartOf\":{\"@id\":\"https:\/\/medicina.udd.cl\/centro-genetica-genomica\/#website\"},\"datePublished\":\"2020-01-22T20:34:38+00:00\",\"breadcrumb\":{\"@id\":\"https:\/\/medicina.udd.cl\/centro-genetica-genomica\/files\/2020\/01\/RicardoArmisen.jpg#breadcrumb\"},\"inLanguage\":\"es\",\"potentialAction\":[{\"@type\":\"ReadAction\",\"target\":[\"https:\/\/medicina.udd.cl\/centro-genetica-genomica\/files\/2020\/01\/RicardoArmisen.jpg\"]}]},{\"@type\":\"BreadcrumbList\",\"@id\":\"https:\/\/medicina.udd.cl\/centro-genetica-genomica\/files\/2020\/01\/RicardoArmisen.jpg#breadcrumb\",\"itemListElement\":[{\"@type\":\"ListItem\",\"position\":1,\"name\":\"Inicio\",\"item\":\"https:\/\/medicina.udd.cl\/centro-genetica-genomica\/\"},{\"@type\":\"ListItem\",\"position\":2,\"name\":\"Ricardo Armis\u00e9n Y\u00e1\u00f1ez. M.D, Ph.D.\",\"item\":\"https:\/\/medicina.udd.cl\/centro-genetica-genomica\/persona\/ricardo-armisen-yanez-m-d-ph-d\/\"},{\"@type\":\"ListItem\",\"position\":3,\"name\":\"RicardoArmisen\"}]},{\"@type\":\"WebSite\",\"@id\":\"https:\/\/medicina.udd.cl\/centro-genetica-genomica\/#website\",\"url\":\"https:\/\/medicina.udd.cl\/centro-genetica-genomica\/\",\"name\":\"Centro de Gen\u00e9tica y Gen\u00f3mica\",\"description\":\"\",\"inLanguage\":\"es\"}]}<\/script>\n<!-- \/ Yoast SEO plugin. -->","yoast_head_json":{"title":"RicardoArmisen - Centro de Gen\u00e9tica y Gen\u00f3mica","robots":{"index":"index","follow":"follow","max-snippet":"max-snippet:-1","max-image-preview":"max-image-preview:large","max-video-preview":"max-video-preview:-1"},"canonical":"https:\/\/medicina.udd.cl\/centro-genetica-genomica\/files\/2020\/01\/RicardoArmisen.jpg","og_locale":"es_ES","og_type":"article","og_title":"RicardoArmisen - Centro de Gen\u00e9tica y Gen\u00f3mica","og_url":"https:\/\/medicina.udd.cl\/centro-genetica-genomica\/files\/2020\/01\/RicardoArmisen.jpg","og_site_name":"Centro de Gen\u00e9tica y Gen\u00f3mica","og_image":[{"width":3165,"height":2710,"url":"https:\/\/medicina.udd.cl\/centro-genetica-genomica\/files\/2020\/01\/RicardoArmisen.jpg","type":"image\/jpeg"}],"schema":{"@context":"https:\/\/schema.org","@graph":[{"@type":"WebPage","@id":"https:\/\/medicina.udd.cl\/centro-genetica-genomica\/files\/2020\/01\/RicardoArmisen.jpg","url":"https:\/\/medicina.udd.cl\/centro-genetica-genomica\/files\/2020\/01\/RicardoArmisen.jpg","name":"RicardoArmisen - Centro de Gen\u00e9tica y Gen\u00f3mica","isPartOf":{"@id":"https:\/\/medicina.udd.cl\/centro-genetica-genomica\/#website"},"datePublished":"2020-01-22T20:34:38+00:00","breadcrumb":{"@id":"https:\/\/medicina.udd.cl\/centro-genetica-genomica\/files\/2020\/01\/RicardoArmisen.jpg#breadcrumb"},"inLanguage":"es","potentialAction":[{"@type":"ReadAction","target":["https:\/\/medicina.udd.cl\/centro-genetica-genomica\/files\/2020\/01\/RicardoArmisen.jpg"]}]},{"@type":"BreadcrumbList","@id":"https:\/\/medicina.udd.cl\/centro-genetica-genomica\/files\/2020\/01\/RicardoArmisen.jpg#breadcrumb","itemListElement":[{"@type":"ListItem","position":1,"name":"Inicio","item":"https:\/\/medicina.udd.cl\/centro-genetica-genomica\/"},{"@type":"ListItem","position":2,"name":"Ricardo Armis\u00e9n Y\u00e1\u00f1ez. M.D, Ph.D.","item":"https:\/\/medicina.udd.cl\/centro-genetica-genomica\/persona\/ricardo-armisen-yanez-m-d-ph-d\/"},{"@type":"ListItem","position":3,"name":"RicardoArmisen"}]},{"@type":"WebSite","@id":"https:\/\/medicina.udd.cl\/centro-genetica-genomica\/#website","url":"https:\/\/medicina.udd.cl\/centro-genetica-genomica\/","name":"Centro de Gen\u00e9tica y Gen\u00f3mica","description":"","inLanguage":"es"}]}},"description":{"rendered":"<p class=\"attachment\"><a href='https:\/\/medicina.udd.cl\/centro-genetica-genomica\/files\/2020\/01\/RicardoArmisen.jpg'><img loading=\"lazy\" decoding=\"async\" width=\"300\" height=\"257\" src=\"https:\/\/medicina.udd.cl\/centro-genetica-genomica\/files\/2020\/01\/RicardoArmisen-300x257.jpg\" class=\"attachment-medium size-medium\" alt=\"\" srcset=\"https:\/\/medicina.udd.cl\/centro-genetica-genomica\/files\/2020\/01\/RicardoArmisen-300x257.jpg 300w, https:\/\/medicina.udd.cl\/centro-genetica-genomica\/files\/2020\/01\/RicardoArmisen-768x658.jpg 768w, https:\/\/medicina.udd.cl\/centro-genetica-genomica\/files\/2020\/01\/RicardoArmisen-1024x877.jpg 1024w, https:\/\/medicina.udd.cl\/centro-genetica-genomica\/files\/2020\/01\/RicardoArmisen-960x822.jpg 960w\" sizes=\"auto, (max-width: 300px) 100vw, 300px\" \/><\/a><\/p>\n"},"caption":{"rendered":""},"alt_text":"","media_type":"image","mime_type":"image\/jpeg","media_details":{"width":3165,"height":2710,"file":"2020\/01\/RicardoArmisen.jpg","sizes":{"thumbnail":{"file":"RicardoArmisen-150x150.jpg","width":150,"height":150,"mime_type":"image\/jpeg","source_url":"https:\/\/medicina.udd.cl\/centro-genetica-genomica\/files\/2020\/01\/RicardoArmisen-150x150.jpg"},"medium":{"file":"RicardoArmisen-300x257.jpg","width":300,"height":257,"mime_type":"image\/jpeg","source_url":"https:\/\/medicina.udd.cl\/centro-genetica-genomica\/files\/2020\/01\/RicardoArmisen-300x257.jpg"},"medium_large":{"file":"RicardoArmisen-768x658.jpg","width":768,"height":658,"mime_type":"image\/jpeg","source_url":"https:\/\/medicina.udd.cl\/centro-genetica-genomica\/files\/2020\/01\/RicardoArmisen-768x658.jpg"},"large":{"file":"RicardoArmisen-1024x877.jpg","width":1024,"height":877,"mime_type":"image\/jpeg","source_url":"https:\/\/medicina.udd.cl\/centro-genetica-genomica\/files\/2020\/01\/RicardoArmisen-1024x877.jpg"},"newsletter_featured":{"file":"RicardoArmisen-316x224.jpg","width":316,"height":224,"mime_type":"image\/jpeg","source_url":"https:\/\/medicina.udd.cl\/centro-genetica-genomica\/files\/2020\/01\/RicardoArmisen-316x224.jpg"},"newsletter_first":{"file":"RicardoArmisen-286x205.jpg","width":286,"height":205,"mime_type":"image\/jpeg","source_url":"https:\/\/medicina.udd.cl\/centro-genetica-genomica\/files\/2020\/01\/RicardoArmisen-286x205.jpg"},"newsletter_thumb":{"file":"RicardoArmisen-288x150.jpg","width":288,"height":150,"mime_type":"image\/jpeg","source_url":"https:\/\/medicina.udd.cl\/centro-genetica-genomica\/files\/2020\/01\/RicardoArmisen-288x150.jpg"},"newsletter_column":{"file":"RicardoArmisen-182x140.jpg","width":182,"height":140,"mime_type":"image\/jpeg","source_url":"https:\/\/medicina.udd.cl\/centro-genetica-genomica\/files\/2020\/01\/RicardoArmisen-182x140.jpg"},"newsletter_square":{"file":"RicardoArmisen-62x62.jpg","width":62,"height":62,"mime_type":"image\/jpeg","source_url":"https:\/\/medicina.udd.cl\/centro-genetica-genomica\/files\/2020\/01\/RicardoArmisen-62x62.jpg"},"newsletter_square_large":{"file":"RicardoArmisen-87x62.jpg","width":87,"height":62,"mime_type":"image\/jpeg","source_url":"https:\/\/medicina.udd.cl\/centro-genetica-genomica\/files\/2020\/01\/RicardoArmisen-87x62.jpg"},"featured-home":{"file":"RicardoArmisen-800x450.jpg","width":800,"height":450,"mime_type":"image\/jpeg","source_url":"https:\/\/medicina.udd.cl\/centro-genetica-genomica\/files\/2020\/01\/RicardoArmisen-800x450.jpg"},"featured-career":{"file":"RicardoArmisen-660x430.jpg","width":660,"height":430,"mime_type":"image\/jpeg","source_url":"https:\/\/medicina.udd.cl\/centro-genetica-genomica\/files\/2020\/01\/RicardoArmisen-660x430.jpg"},"squared":{"file":"RicardoArmisen-300x300.jpg","width":300,"height":300,"mime_type":"image\/jpeg","source_url":"https:\/\/medicina.udd.cl\/centro-genetica-genomica\/files\/2020\/01\/RicardoArmisen-300x300.jpg"},"stretch":{"file":"RicardoArmisen-800x450.jpg","width":800,"height":450,"mime_type":"image\/jpeg","source_url":"https:\/\/medicina.udd.cl\/centro-genetica-genomica\/files\/2020\/01\/RicardoArmisen-800x450.jpg"},"portrait-medium":{"file":"RicardoArmisen-220x260.jpg","width":220,"height":260,"mime_type":"image\/jpeg","source_url":"https:\/\/medicina.udd.cl\/centro-genetica-genomica\/files\/2020\/01\/RicardoArmisen-220x260.jpg"},"landscape-small":{"file":"RicardoArmisen-125x80.jpg","width":125,"height":80,"mime_type":"image\/jpeg","source_url":"https:\/\/medicina.udd.cl\/centro-genetica-genomica\/files\/2020\/01\/RicardoArmisen-125x80.jpg"},"landscape-medium":{"file":"RicardoArmisen-340x220.jpg","width":340,"height":220,"mime_type":"image\/jpeg","source_url":"https:\/\/medicina.udd.cl\/centro-genetica-genomica\/files\/2020\/01\/RicardoArmisen-340x220.jpg"},"landscape-large":{"file":"RicardoArmisen-365x255.jpg","width":365,"height":255,"mime_type":"image\/jpeg","source_url":"https:\/\/medicina.udd.cl\/centro-genetica-genomica\/files\/2020\/01\/RicardoArmisen-365x255.jpg"},"landscape-xlarge":{"file":"RicardoArmisen-660x430.jpg","width":660,"height":430,"mime_type":"image\/jpeg","source_url":"https:\/\/medicina.udd.cl\/centro-genetica-genomica\/files\/2020\/01\/RicardoArmisen-660x430.jpg"},"panoramic":{"file":"RicardoArmisen-940x345.jpg","width":940,"height":345,"mime_type":"image\/jpeg","source_url":"https:\/\/medicina.udd.cl\/centro-genetica-genomica\/files\/2020\/01\/RicardoArmisen-940x345.jpg"},"stretch-large":{"file":"RicardoArmisen-940x450.jpg","width":940,"height":450,"mime_type":"image\/jpeg","source_url":"https:\/\/medicina.udd.cl\/centro-genetica-genomica\/files\/2020\/01\/RicardoArmisen-940x450.jpg"},"proportional-large":{"file":"RicardoArmisen-960x822.jpg","width":960,"height":822,"mime_type":"image\/jpeg","source_url":"https:\/\/medicina.udd.cl\/centro-genetica-genomica\/files\/2020\/01\/RicardoArmisen-960x822.jpg"},"custom_content":{"file":"RicardoArmisen-126x126.jpg","width":126,"height":126,"mime_type":"image\/jpeg","source_url":"https:\/\/medicina.udd.cl\/centro-genetica-genomica\/files\/2020\/01\/RicardoArmisen-126x126.jpg"},"full":{"file":"RicardoArmisen.jpg","width":3165,"height":2710,"mime_type":"image\/jpeg","source_url":"https:\/\/medicina.udd.cl\/centro-genetica-genomica\/files\/2020\/01\/RicardoArmisen.jpg"}},"image_meta":{"aperture":"5.6","credit":"","camera":"Canon EOS REBEL T5","caption":"","created_timestamp":"1579622901","copyright":"","focal_length":"21","iso":"800","shutter_speed":"0.016666666666667","title":"","orientation":"1","keywords":[]}},"post":2442,"source_url":"https:\/\/medicina.udd.cl\/centro-genetica-genomica\/files\/2020\/01\/RicardoArmisen.jpg","_links":{"self":[{"href":"https:\/\/medicina.udd.cl\/centro-genetica-genomica\/wp-json\/wp\/v2\/media\/2443","targetHints":{"allow":["GET"]}}],"collection":[{"href":"https:\/\/medicina.udd.cl\/centro-genetica-genomica\/wp-json\/wp\/v2\/media"}],"about":[{"href":"https:\/\/medicina.udd.cl\/centro-genetica-genomica\/wp-json\/wp\/v2\/types\/attachment"}],"author":[{"embeddable":true,"href":"https:\/\/medicina.udd.cl\/centro-genetica-genomica\/wp-json\/wp\/v2\/users\/9192219"}],"replies":[{"embeddable":true,"href":"https:\/\/medicina.udd.cl\/centro-genetica-genomica\/wp-json\/wp\/v2\/comments?post=2443"}],"wp:attached-to":[{"embeddable":true,"post_type":"person","id":2442,"href":"https:\/\/medicina.udd.cl\/centro-genetica-genomica\/wp-json\/wp\/v2\/people\/2442"}],"curies":[{"name":"wp","href":"https:\/\/api.w.org\/{rel}","templated":true}]}}

<!-- This site is optimized with the Yoast SEO plugin v26.9 - https://yoast.com/product/yoast-seo-wordpress/ -->
<title>RicardoArmisen - Centro de Genética y Genómica</title>
<meta name="robots" content="index, follow, max-snippet:-1, max-image-preview:large, max-video-preview:-1" />
<link rel="canonical" href="https://medicina.udd.cl/centro-genetica-genomica/files/2020/01/RicardoArmisen.jpg" />
<meta property="og:locale" content="es_ES" />
<meta property="og:type" content="article" />
<meta property="og:title" content="RicardoArmisen - Centro de Genética y Genómica" />
<meta property="og:url" content="https://medicina.udd.cl/centro-genetica-genomica/files/2020/01/RicardoArmisen.jpg" />
<meta property="og:site_name" content="Centro de Genética y Genómica" />
<meta property="og:image" content="https://medicina.udd.cl/centro-genetica-genomica/files/2020/01/RicardoArmisen.jpg" />
	<meta property="og:image:width" content="3165" />
	<meta property="og:image:height" content="2710" />
	<meta property="og:image:type" content="image/jpeg" />
<script type="application/ld+json" class="yoast-schema-graph">{"@context":"https://schema.org","@graph":[{"@type":"WebPage","@id":"https://medicina.udd.cl/centro-genetica-genomica/files/2020/01/RicardoArmisen.jpg","url":"https://medicina.udd.cl/centro-genetica-genomica/files/2020/01/RicardoArmisen.jpg","name":"RicardoArmisen - Centro de Genética y Genómica","isPartOf":{"@id":"https://medicina.udd.cl/centro-genetica-genomica/#website"},"datePublished":"2020-01-22T20:34:38+00:00","breadcrumb":{"@id":"https://medicina.udd.cl/centro-genetica-genomica/files/2020/01/RicardoArmisen.jpg#breadcrumb"},"inLanguage":"es","potentialAction":[{"@type":"ReadAction","target":["https://medicina.udd.cl/centro-genetica-genomica/files/2020/01/RicardoArmisen.jpg"]}]},{"@type":"BreadcrumbList","@id":"https://medicina.udd.cl/centro-genetica-genomica/files/2020/01/RicardoArmisen.jpg#breadcrumb","itemListElement":[{"@type":"ListItem","position":1,"name":"Inicio","item":"https://medicina.udd.cl/centro-genetica-genomica/"},{"@type":"ListItem","position":2,"name":"Ricardo Armisén Yáñez. M.D, Ph.D.","item":"https://medicina.udd.cl/centro-genetica-genomica/persona/ricardo-armisen-yanez-m-d-ph-d/"},{"@type":"ListItem","position":3,"name":"RicardoArmisen"}]},{"@type":"WebSite","@id":"https://medicina.udd.cl/centro-genetica-genomica/#website","url":"https://medicina.udd.cl/centro-genetica-genomica/","name":"Centro de Genética y Genómica","description":"","inLanguage":"es"}]}</script>
<!-- / Yoast SEO plugin. -->

RicardoArmisen - Centro de Genética y Genómica

Centro de Genética y Genómica

Ricardo Armisén Yáñez. M.D, Ph.D.
