{"id":2907,"date":"2022-12-27T17:36:55","date_gmt":"2022-12-27T20:36:55","guid":{"rendered":"https:\/\/medicina.udd.cl\/centro-genetica-genomica\/files\/2022\/12\/eduardo-perez-icim.png"},"modified":"2022-12-27T17:36:55","modified_gmt":"2022-12-27T20:36:55","slug":"eduardo-perez-icim","status":"inherit","type":"attachment","link":"https:\/\/medicina.udd.cl\/centro-genetica-genomica\/nuestro-equipo\/eduardo-perez-icim\/","title":{"rendered":"Eduardo-P\u00e9rez-ICIM"},"author":9192219,"featured_media":0,"comment_status":"open","ping_status":"closed","template":"","meta":[],"class_list":["post-2907","attachment","type-attachment","status-inherit","hentry"],"yoast_head":"<!-- This site is optimized with the Yoast SEO plugin v26.9 - https:\/\/yoast.com\/product\/yoast-seo-wordpress\/ -->\n<title>Eduardo-P\u00e9rez-ICIM - Centro de Gen\u00e9tica y Gen\u00f3mica<\/title>\n<meta name=\"robots\" content=\"index, follow, max-snippet:-1, max-image-preview:large, max-video-preview:-1\" \/>\n<link rel=\"canonical\" href=\"https:\/\/medicina.udd.cl\/centro-genetica-genomica\/files\/2022\/12\/eduardo-perez-icim.png\" \/>\n<meta property=\"og:locale\" content=\"es_ES\" \/>\n<meta property=\"og:type\" content=\"article\" \/>\n<meta property=\"og:title\" content=\"Eduardo-P\u00e9rez-ICIM - Centro de Gen\u00e9tica y Gen\u00f3mica\" \/>\n<meta property=\"og:url\" content=\"https:\/\/medicina.udd.cl\/centro-genetica-genomica\/files\/2022\/12\/eduardo-perez-icim.png\" \/>\n<meta property=\"og:site_name\" content=\"Centro de Gen\u00e9tica y Gen\u00f3mica\" \/>\n<meta property=\"og:image\" content=\"https:\/\/medicina.udd.cl\/centro-genetica-genomica\/files\/2022\/12\/eduardo-perez-icim.png\" \/>\n\t<meta property=\"og:image:width\" content=\"400\" \/>\n\t<meta property=\"og:image:height\" content=\"400\" \/>\n\t<meta property=\"og:image:type\" content=\"image\/png\" \/>\n<script type=\"application\/ld+json\" class=\"yoast-schema-graph\">{\"@context\":\"https:\/\/schema.org\",\"@graph\":[{\"@type\":\"WebPage\",\"@id\":\"https:\/\/medicina.udd.cl\/centro-genetica-genomica\/files\/2022\/12\/eduardo-perez-icim.png\",\"url\":\"https:\/\/medicina.udd.cl\/centro-genetica-genomica\/files\/2022\/12\/eduardo-perez-icim.png\",\"name\":\"Eduardo-P\u00e9rez-ICIM - Centro de Gen\u00e9tica y Gen\u00f3mica\",\"isPartOf\":{\"@id\":\"https:\/\/medicina.udd.cl\/centro-genetica-genomica\/#website\"},\"datePublished\":\"2022-12-27T20:36:55+00:00\",\"breadcrumb\":{\"@id\":\"https:\/\/medicina.udd.cl\/centro-genetica-genomica\/files\/2022\/12\/eduardo-perez-icim.png#breadcrumb\"},\"inLanguage\":\"es\",\"potentialAction\":[{\"@type\":\"ReadAction\",\"target\":[\"https:\/\/medicina.udd.cl\/centro-genetica-genomica\/files\/2022\/12\/eduardo-perez-icim.png\"]}]},{\"@type\":\"BreadcrumbList\",\"@id\":\"https:\/\/medicina.udd.cl\/centro-genetica-genomica\/files\/2022\/12\/eduardo-perez-icim.png#breadcrumb\",\"itemListElement\":[{\"@type\":\"ListItem\",\"position\":1,\"name\":\"Inicio\",\"item\":\"https:\/\/medicina.udd.cl\/centro-genetica-genomica\/\"},{\"@type\":\"ListItem\",\"position\":2,\"name\":\"Nuestro equipo\",\"item\":\"https:\/\/medicina.udd.cl\/centro-genetica-genomica\/nuestro-equipo\/\"},{\"@type\":\"ListItem\",\"position\":3,\"name\":\"Eduardo-P\u00e9rez-ICIM\"}]},{\"@type\":\"WebSite\",\"@id\":\"https:\/\/medicina.udd.cl\/centro-genetica-genomica\/#website\",\"url\":\"https:\/\/medicina.udd.cl\/centro-genetica-genomica\/\",\"name\":\"Centro de Gen\u00e9tica y Gen\u00f3mica\",\"description\":\"\",\"inLanguage\":\"es\"}]}<\/script>\n<!-- \/ Yoast SEO plugin. -->","yoast_head_json":{"title":"Eduardo-P\u00e9rez-ICIM - Centro de Gen\u00e9tica y Gen\u00f3mica","robots":{"index":"index","follow":"follow","max-snippet":"max-snippet:-1","max-image-preview":"max-image-preview:large","max-video-preview":"max-video-preview:-1"},"canonical":"https:\/\/medicina.udd.cl\/centro-genetica-genomica\/files\/2022\/12\/eduardo-perez-icim.png","og_locale":"es_ES","og_type":"article","og_title":"Eduardo-P\u00e9rez-ICIM - Centro de Gen\u00e9tica y Gen\u00f3mica","og_url":"https:\/\/medicina.udd.cl\/centro-genetica-genomica\/files\/2022\/12\/eduardo-perez-icim.png","og_site_name":"Centro de Gen\u00e9tica y Gen\u00f3mica","og_image":[{"width":400,"height":400,"url":"https:\/\/medicina.udd.cl\/centro-genetica-genomica\/files\/2022\/12\/eduardo-perez-icim.png","type":"image\/png"}],"schema":{"@context":"https:\/\/schema.org","@graph":[{"@type":"WebPage","@id":"https:\/\/medicina.udd.cl\/centro-genetica-genomica\/files\/2022\/12\/eduardo-perez-icim.png","url":"https:\/\/medicina.udd.cl\/centro-genetica-genomica\/files\/2022\/12\/eduardo-perez-icim.png","name":"Eduardo-P\u00e9rez-ICIM - Centro de Gen\u00e9tica y Gen\u00f3mica","isPartOf":{"@id":"https:\/\/medicina.udd.cl\/centro-genetica-genomica\/#website"},"datePublished":"2022-12-27T20:36:55+00:00","breadcrumb":{"@id":"https:\/\/medicina.udd.cl\/centro-genetica-genomica\/files\/2022\/12\/eduardo-perez-icim.png#breadcrumb"},"inLanguage":"es","potentialAction":[{"@type":"ReadAction","target":["https:\/\/medicina.udd.cl\/centro-genetica-genomica\/files\/2022\/12\/eduardo-perez-icim.png"]}]},{"@type":"BreadcrumbList","@id":"https:\/\/medicina.udd.cl\/centro-genetica-genomica\/files\/2022\/12\/eduardo-perez-icim.png#breadcrumb","itemListElement":[{"@type":"ListItem","position":1,"name":"Inicio","item":"https:\/\/medicina.udd.cl\/centro-genetica-genomica\/"},{"@type":"ListItem","position":2,"name":"Nuestro equipo","item":"https:\/\/medicina.udd.cl\/centro-genetica-genomica\/nuestro-equipo\/"},{"@type":"ListItem","position":3,"name":"Eduardo-P\u00e9rez-ICIM"}]},{"@type":"WebSite","@id":"https:\/\/medicina.udd.cl\/centro-genetica-genomica\/#website","url":"https:\/\/medicina.udd.cl\/centro-genetica-genomica\/","name":"Centro de Gen\u00e9tica y Gen\u00f3mica","description":"","inLanguage":"es"}]}},"description":{"rendered":"<p class=\"attachment\"><a href='https:\/\/medicina.udd.cl\/centro-genetica-genomica\/files\/2022\/12\/eduardo-perez-icim.png'><img loading=\"lazy\" decoding=\"async\" width=\"300\" height=\"300\" src=\"https:\/\/medicina.udd.cl\/centro-genetica-genomica\/files\/2022\/12\/eduardo-perez-icim-300x300.png\" class=\"attachment-medium size-medium\" alt=\"\" srcset=\"https:\/\/medicina.udd.cl\/centro-genetica-genomica\/files\/2022\/12\/eduardo-perez-icim-300x300.png 300w, https:\/\/medicina.udd.cl\/centro-genetica-genomica\/files\/2022\/12\/eduardo-perez-icim-150x150.png 150w, https:\/\/medicina.udd.cl\/centro-genetica-genomica\/files\/2022\/12\/eduardo-perez-icim-62x62.png 62w, https:\/\/medicina.udd.cl\/centro-genetica-genomica\/files\/2022\/12\/eduardo-perez-icim-250x250.png 250w, https:\/\/medicina.udd.cl\/centro-genetica-genomica\/files\/2022\/12\/eduardo-perez-icim-126x126.png 126w, https:\/\/medicina.udd.cl\/centro-genetica-genomica\/files\/2022\/12\/eduardo-perez-icim.png 400w\" sizes=\"auto, (max-width: 300px) 100vw, 300px\" \/><\/a><\/p>\n"},"caption":{"rendered":""},"alt_text":"","media_type":"image","mime_type":"image\/png","media_details":{"width":400,"height":400,"file":"2022\/12\/eduardo-perez-icim.png","filesize":275712,"sizes":{"medium":{"file":"eduardo-perez-icim-300x300.png","width":300,"height":300,"filesize":148864,"mime_type":"image\/png","source_url":"https:\/\/medicina.udd.cl\/centro-genetica-genomica\/files\/2022\/12\/eduardo-perez-icim-300x300.png"},"thumbnail":{"file":"eduardo-perez-icim-150x150.png","width":150,"height":150,"filesize":43754,"mime_type":"image\/png","source_url":"https:\/\/medicina.udd.cl\/centro-genetica-genomica\/files\/2022\/12\/eduardo-perez-icim-150x150.png"},"newsletter_featured":{"file":"eduardo-perez-icim-316x224.png","width":316,"height":224,"filesize":112672,"mime_type":"image\/png","source_url":"https:\/\/medicina.udd.cl\/centro-genetica-genomica\/files\/2022\/12\/eduardo-perez-icim-316x224.png"},"newsletter_first":{"file":"eduardo-perez-icim-286x205.png","width":286,"height":205,"filesize":96190,"mime_type":"image\/png","source_url":"https:\/\/medicina.udd.cl\/centro-genetica-genomica\/files\/2022\/12\/eduardo-perez-icim-286x205.png"},"newsletter_thumb":{"file":"eduardo-perez-icim-288x150.png","width":288,"height":150,"filesize":67043,"mime_type":"image\/png","source_url":"https:\/\/medicina.udd.cl\/centro-genetica-genomica\/files\/2022\/12\/eduardo-perez-icim-288x150.png"},"newsletter_column":{"file":"eduardo-perez-icim-182x140.png","width":182,"height":140,"filesize":47452,"mime_type":"image\/png","source_url":"https:\/\/medicina.udd.cl\/centro-genetica-genomica\/files\/2022\/12\/eduardo-perez-icim-182x140.png"},"newsletter_square":{"file":"eduardo-perez-icim-62x62.png","width":62,"height":62,"filesize":9566,"mime_type":"image\/png","source_url":"https:\/\/medicina.udd.cl\/centro-genetica-genomica\/files\/2022\/12\/eduardo-perez-icim-62x62.png"},"newsletter_square_large":{"file":"eduardo-perez-icim-87x62.png","width":87,"height":62,"filesize":12466,"mime_type":"image\/png","source_url":"https:\/\/medicina.udd.cl\/centro-genetica-genomica\/files\/2022\/12\/eduardo-perez-icim-87x62.png"},"landscape_680":{"file":"eduardo-perez-icim-400x382.png","width":400,"height":382,"filesize":251025,"mime_type":"image\/png","source_url":"https:\/\/medicina.udd.cl\/centro-genetica-genomica\/files\/2022\/12\/eduardo-perez-icim-400x382.png"},"square_200":{"file":"eduardo-perez-icim-250x250.png","width":250,"height":250,"filesize":107726,"mime_type":"image\/png","source_url":"https:\/\/medicina.udd.cl\/centro-genetica-genomica\/files\/2022\/12\/eduardo-perez-icim-250x250.png"},"custom_content":{"file":"eduardo-perez-icim-126x126.png","width":126,"height":126,"filesize":32288,"mime_type":"image\/png","source_url":"https:\/\/medicina.udd.cl\/centro-genetica-genomica\/files\/2022\/12\/eduardo-perez-icim-126x126.png"},"full":{"file":"eduardo-perez-icim.png","width":400,"height":400,"mime_type":"image\/png","source_url":"https:\/\/medicina.udd.cl\/centro-genetica-genomica\/files\/2022\/12\/eduardo-perez-icim.png"}},"image_meta":{"aperture":"0","credit":"","camera":"","caption":"","created_timestamp":"0","copyright":"","focal_length":"0","iso":"0","shutter_speed":"0","title":"","orientation":"0","keywords":[]}},"post":2531,"source_url":"https:\/\/medicina.udd.cl\/centro-genetica-genomica\/files\/2022\/12\/eduardo-perez-icim.png","_links":{"self":[{"href":"https:\/\/medicina.udd.cl\/centro-genetica-genomica\/wp-json\/wp\/v2\/media\/2907","targetHints":{"allow":["GET"]}}],"collection":[{"href":"https:\/\/medicina.udd.cl\/centro-genetica-genomica\/wp-json\/wp\/v2\/media"}],"about":[{"href":"https:\/\/medicina.udd.cl\/centro-genetica-genomica\/wp-json\/wp\/v2\/types\/attachment"}],"author":[{"embeddable":true,"href":"https:\/\/medicina.udd.cl\/centro-genetica-genomica\/wp-json\/wp\/v2\/users\/9192219"}],"replies":[{"embeddable":true,"href":"https:\/\/medicina.udd.cl\/centro-genetica-genomica\/wp-json\/wp\/v2\/comments?post=2907"}],"wp:attached-to":[{"embeddable":true,"post_type":"page","id":2531,"href":"https:\/\/medicina.udd.cl\/centro-genetica-genomica\/wp-json\/wp\/v2\/pages\/2531"}],"curies":[{"name":"wp","href":"https:\/\/api.w.org\/{rel}","templated":true}]}}

Eduardo-Pérez-ICIM

<!-- This site is optimized with the Yoast SEO plugin v26.9 - https://yoast.com/product/yoast-seo-wordpress/ -->
<title>Eduardo-Pérez-ICIM - Centro de Genética y Genómica</title>
<meta name="robots" content="index, follow, max-snippet:-1, max-image-preview:large, max-video-preview:-1" />
<link rel="canonical" href="https://medicina.udd.cl/centro-genetica-genomica/files/2022/12/eduardo-perez-icim.png" />
<meta property="og:locale" content="es_ES" />
<meta property="og:type" content="article" />
<meta property="og:title" content="Eduardo-Pérez-ICIM - Centro de Genética y Genómica" />
<meta property="og:url" content="https://medicina.udd.cl/centro-genetica-genomica/files/2022/12/eduardo-perez-icim.png" />
<meta property="og:site_name" content="Centro de Genética y Genómica" />
<meta property="og:image" content="https://medicina.udd.cl/centro-genetica-genomica/files/2022/12/eduardo-perez-icim.png" />
	<meta property="og:image:width" content="400" />
	<meta property="og:image:height" content="400" />
	<meta property="og:image:type" content="image/png" />
<script type="application/ld+json" class="yoast-schema-graph">{"@context":"https://schema.org","@graph":[{"@type":"WebPage","@id":"https://medicina.udd.cl/centro-genetica-genomica/files/2022/12/eduardo-perez-icim.png","url":"https://medicina.udd.cl/centro-genetica-genomica/files/2022/12/eduardo-perez-icim.png","name":"Eduardo-Pérez-ICIM - Centro de Genética y Genómica","isPartOf":{"@id":"https://medicina.udd.cl/centro-genetica-genomica/#website"},"datePublished":"2022-12-27T20:36:55+00:00","breadcrumb":{"@id":"https://medicina.udd.cl/centro-genetica-genomica/files/2022/12/eduardo-perez-icim.png#breadcrumb"},"inLanguage":"es","potentialAction":[{"@type":"ReadAction","target":["https://medicina.udd.cl/centro-genetica-genomica/files/2022/12/eduardo-perez-icim.png"]}]},{"@type":"BreadcrumbList","@id":"https://medicina.udd.cl/centro-genetica-genomica/files/2022/12/eduardo-perez-icim.png#breadcrumb","itemListElement":[{"@type":"ListItem","position":1,"name":"Inicio","item":"https://medicina.udd.cl/centro-genetica-genomica/"},{"@type":"ListItem","position":2,"name":"Nuestro equipo","item":"https://medicina.udd.cl/centro-genetica-genomica/nuestro-equipo/"},{"@type":"ListItem","position":3,"name":"Eduardo-Pérez-ICIM"}]},{"@type":"WebSite","@id":"https://medicina.udd.cl/centro-genetica-genomica/#website","url":"https://medicina.udd.cl/centro-genetica-genomica/","name":"Centro de Genética y Genómica","description":"","inLanguage":"es"}]}</script>
<!-- / Yoast SEO plugin. -->

Eduardo-Pérez-ICIM - Centro de Genética y Genómica

Centro de Genética y Genómica
