{"id":2916,"date":"2024-02-27T18:11:46","date_gmt":"2024-02-27T21:11:46","guid":{"rendered":"https:\/\/medicina.udd.cl\/centro-genetica-genomica\/files\/2024\/02\/eduardo-perez-3.jpg"},"modified":"2024-02-27T18:11:46","modified_gmt":"2024-02-27T21:11:46","slug":"eduardo-perez-3","status":"inherit","type":"attachment","link":"https:\/\/medicina.udd.cl\/centro-genetica-genomica\/nuestro-equipo\/eduardo-perez-3\/","title":{"rendered":"Eduardo P\u00e9rez.3"},"author":9192219,"featured_media":0,"comment_status":"","ping_status":"closed","template":"","meta":[],"class_list":["post-2916","attachment","type-attachment","status-inherit","hentry"],"yoast_head":"<!-- This site is optimized with the Yoast SEO plugin v26.9 - https:\/\/yoast.com\/product\/yoast-seo-wordpress\/ -->\n<title>Eduardo P\u00e9rez.3 - Centro de Gen\u00e9tica y Gen\u00f3mica<\/title>\n<meta name=\"robots\" content=\"index, follow, max-snippet:-1, max-image-preview:large, max-video-preview:-1\" \/>\n<link rel=\"canonical\" href=\"https:\/\/medicina.udd.cl\/centro-genetica-genomica\/files\/2024\/02\/eduardo-perez-3.jpg\" \/>\n<meta property=\"og:locale\" content=\"es_ES\" \/>\n<meta property=\"og:type\" content=\"article\" \/>\n<meta property=\"og:title\" content=\"Eduardo P\u00e9rez.3 - Centro de Gen\u00e9tica y Gen\u00f3mica\" \/>\n<meta property=\"og:url\" content=\"https:\/\/medicina.udd.cl\/centro-genetica-genomica\/files\/2024\/02\/eduardo-perez-3.jpg\" \/>\n<meta property=\"og:site_name\" content=\"Centro de Gen\u00e9tica y Gen\u00f3mica\" \/>\n<meta property=\"og:image\" content=\"https:\/\/medicina.udd.cl\/centro-genetica-genomica\/files\/2024\/02\/eduardo-perez-3.jpg\" \/>\n\t<meta property=\"og:image:width\" content=\"1\" \/>\n\t<meta property=\"og:image:height\" content=\"1\" \/>\n\t<meta property=\"og:image:type\" content=\"image\/jpeg\" \/>\n<script type=\"application\/ld+json\" class=\"yoast-schema-graph\">{\"@context\":\"https:\/\/schema.org\",\"@graph\":[{\"@type\":\"WebPage\",\"@id\":\"https:\/\/medicina.udd.cl\/centro-genetica-genomica\/files\/2024\/02\/eduardo-perez-3.jpg\",\"url\":\"https:\/\/medicina.udd.cl\/centro-genetica-genomica\/files\/2024\/02\/eduardo-perez-3.jpg\",\"name\":\"Eduardo P\u00e9rez.3 - Centro de Gen\u00e9tica y Gen\u00f3mica\",\"isPartOf\":{\"@id\":\"https:\/\/medicina.udd.cl\/centro-genetica-genomica\/#website\"},\"datePublished\":\"2024-02-27T21:11:46+00:00\",\"breadcrumb\":{\"@id\":\"https:\/\/medicina.udd.cl\/centro-genetica-genomica\/files\/2024\/02\/eduardo-perez-3.jpg#breadcrumb\"},\"inLanguage\":\"es\",\"potentialAction\":[{\"@type\":\"ReadAction\",\"target\":[\"https:\/\/medicina.udd.cl\/centro-genetica-genomica\/files\/2024\/02\/eduardo-perez-3.jpg\"]}]},{\"@type\":\"BreadcrumbList\",\"@id\":\"https:\/\/medicina.udd.cl\/centro-genetica-genomica\/files\/2024\/02\/eduardo-perez-3.jpg#breadcrumb\",\"itemListElement\":[{\"@type\":\"ListItem\",\"position\":1,\"name\":\"Inicio\",\"item\":\"https:\/\/medicina.udd.cl\/centro-genetica-genomica\/\"},{\"@type\":\"ListItem\",\"position\":2,\"name\":\"Nuestro equipo\",\"item\":\"https:\/\/medicina.udd.cl\/centro-genetica-genomica\/nuestro-equipo\/\"},{\"@type\":\"ListItem\",\"position\":3,\"name\":\"Eduardo P\u00e9rez.3\"}]},{\"@type\":\"WebSite\",\"@id\":\"https:\/\/medicina.udd.cl\/centro-genetica-genomica\/#website\",\"url\":\"https:\/\/medicina.udd.cl\/centro-genetica-genomica\/\",\"name\":\"Centro de Gen\u00e9tica y Gen\u00f3mica\",\"description\":\"\",\"inLanguage\":\"es\"}]}<\/script>\n<!-- \/ Yoast SEO plugin. -->","yoast_head_json":{"title":"Eduardo P\u00e9rez.3 - Centro de Gen\u00e9tica y Gen\u00f3mica","robots":{"index":"index","follow":"follow","max-snippet":"max-snippet:-1","max-image-preview":"max-image-preview:large","max-video-preview":"max-video-preview:-1"},"canonical":"https:\/\/medicina.udd.cl\/centro-genetica-genomica\/files\/2024\/02\/eduardo-perez-3.jpg","og_locale":"es_ES","og_type":"article","og_title":"Eduardo P\u00e9rez.3 - Centro de Gen\u00e9tica y Gen\u00f3mica","og_url":"https:\/\/medicina.udd.cl\/centro-genetica-genomica\/files\/2024\/02\/eduardo-perez-3.jpg","og_site_name":"Centro de Gen\u00e9tica y Gen\u00f3mica","og_image":[{"url":"https:\/\/medicina.udd.cl\/centro-genetica-genomica\/files\/2024\/02\/eduardo-perez-3.jpg","width":1,"height":1,"type":"image\/jpeg"}],"schema":{"@context":"https:\/\/schema.org","@graph":[{"@type":"WebPage","@id":"https:\/\/medicina.udd.cl\/centro-genetica-genomica\/files\/2024\/02\/eduardo-perez-3.jpg","url":"https:\/\/medicina.udd.cl\/centro-genetica-genomica\/files\/2024\/02\/eduardo-perez-3.jpg","name":"Eduardo P\u00e9rez.3 - Centro de Gen\u00e9tica y Gen\u00f3mica","isPartOf":{"@id":"https:\/\/medicina.udd.cl\/centro-genetica-genomica\/#website"},"datePublished":"2024-02-27T21:11:46+00:00","breadcrumb":{"@id":"https:\/\/medicina.udd.cl\/centro-genetica-genomica\/files\/2024\/02\/eduardo-perez-3.jpg#breadcrumb"},"inLanguage":"es","potentialAction":[{"@type":"ReadAction","target":["https:\/\/medicina.udd.cl\/centro-genetica-genomica\/files\/2024\/02\/eduardo-perez-3.jpg"]}]},{"@type":"BreadcrumbList","@id":"https:\/\/medicina.udd.cl\/centro-genetica-genomica\/files\/2024\/02\/eduardo-perez-3.jpg#breadcrumb","itemListElement":[{"@type":"ListItem","position":1,"name":"Inicio","item":"https:\/\/medicina.udd.cl\/centro-genetica-genomica\/"},{"@type":"ListItem","position":2,"name":"Nuestro equipo","item":"https:\/\/medicina.udd.cl\/centro-genetica-genomica\/nuestro-equipo\/"},{"@type":"ListItem","position":3,"name":"Eduardo P\u00e9rez.3"}]},{"@type":"WebSite","@id":"https:\/\/medicina.udd.cl\/centro-genetica-genomica\/#website","url":"https:\/\/medicina.udd.cl\/centro-genetica-genomica\/","name":"Centro de Gen\u00e9tica y Gen\u00f3mica","description":"","inLanguage":"es"}]}},"description":{"rendered":"<p class=\"attachment\"><a href='https:\/\/medicina.udd.cl\/centro-genetica-genomica\/files\/2024\/02\/eduardo-perez-3-scaled.jpg'><img loading=\"lazy\" decoding=\"async\" width=\"300\" height=\"300\" src=\"https:\/\/medicina.udd.cl\/centro-genetica-genomica\/files\/2024\/02\/eduardo-perez-3-300x300.jpg\" class=\"attachment-medium size-medium\" alt=\"\" srcset=\"https:\/\/medicina.udd.cl\/centro-genetica-genomica\/files\/2024\/02\/eduardo-perez-3-300x300.jpg 300w, https:\/\/medicina.udd.cl\/centro-genetica-genomica\/files\/2024\/02\/eduardo-perez-3-1024x1024.jpg 1024w, https:\/\/medicina.udd.cl\/centro-genetica-genomica\/files\/2024\/02\/eduardo-perez-3-150x150.jpg 150w, https:\/\/medicina.udd.cl\/centro-genetica-genomica\/files\/2024\/02\/eduardo-perez-3-768x768.jpg 768w, https:\/\/medicina.udd.cl\/centro-genetica-genomica\/files\/2024\/02\/eduardo-perez-3-62x62.jpg 62w, https:\/\/medicina.udd.cl\/centro-genetica-genomica\/files\/2024\/02\/eduardo-perez-3-1536x1536.jpg 1536w, https:\/\/medicina.udd.cl\/centro-genetica-genomica\/files\/2024\/02\/eduardo-perez-3-2048x2048.jpg 2048w, https:\/\/medicina.udd.cl\/centro-genetica-genomica\/files\/2024\/02\/eduardo-perez-3-750x750.jpg 750w, https:\/\/medicina.udd.cl\/centro-genetica-genomica\/files\/2024\/02\/eduardo-perez-3-500x500.jpg 500w, https:\/\/medicina.udd.cl\/centro-genetica-genomica\/files\/2024\/02\/eduardo-perez-3-250x250.jpg 250w, https:\/\/medicina.udd.cl\/centro-genetica-genomica\/files\/2024\/02\/eduardo-perez-3-126x126.jpg 126w\" sizes=\"auto, (max-width: 300px) 100vw, 300px\" \/><\/a><\/p>\n"},"caption":{"rendered":""},"alt_text":"","media_type":"image","mime_type":"image\/jpeg","media_details":{"width":2560,"height":2560,"file":"2024\/02\/eduardo-perez-3-scaled.jpg","filesize":224005,"sizes":{"medium":{"file":"eduardo-perez-3-300x300.jpg","width":300,"height":300,"filesize":8463,"mime_type":"image\/jpeg","source_url":"https:\/\/medicina.udd.cl\/centro-genetica-genomica\/files\/2024\/02\/eduardo-perez-3-300x300.jpg"},"large":{"file":"eduardo-perez-3-1024x1024.jpg","width":1024,"height":1024,"filesize":54403,"mime_type":"image\/jpeg","source_url":"https:\/\/medicina.udd.cl\/centro-genetica-genomica\/files\/2024\/02\/eduardo-perez-3-1024x1024.jpg"},"thumbnail":{"file":"eduardo-perez-3-150x150.jpg","width":150,"height":150,"filesize":3231,"mime_type":"image\/jpeg","source_url":"https:\/\/medicina.udd.cl\/centro-genetica-genomica\/files\/2024\/02\/eduardo-perez-3-150x150.jpg"},"medium_large":{"file":"eduardo-perez-3-768x768.jpg","width":768,"height":768,"filesize":34902,"mime_type":"image\/jpeg","source_url":"https:\/\/medicina.udd.cl\/centro-genetica-genomica\/files\/2024\/02\/eduardo-perez-3-768x768.jpg"},"newsletter_featured":{"file":"eduardo-perez-3-316x224.jpg","width":316,"height":224,"filesize":6812,"mime_type":"image\/jpeg","source_url":"https:\/\/medicina.udd.cl\/centro-genetica-genomica\/files\/2024\/02\/eduardo-perez-3-316x224.jpg"},"newsletter_first":{"file":"eduardo-perez-3-286x205.jpg","width":286,"height":205,"filesize":6059,"mime_type":"image\/jpeg","source_url":"https:\/\/medicina.udd.cl\/centro-genetica-genomica\/files\/2024\/02\/eduardo-perez-3-286x205.jpg"},"newsletter_thumb":{"file":"eduardo-perez-3-288x150.jpg","width":288,"height":150,"filesize":4698,"mime_type":"image\/jpeg","source_url":"https:\/\/medicina.udd.cl\/centro-genetica-genomica\/files\/2024\/02\/eduardo-perez-3-288x150.jpg"},"newsletter_column":{"file":"eduardo-perez-3-182x140.jpg","width":182,"height":140,"filesize":3390,"mime_type":"image\/jpeg","source_url":"https:\/\/medicina.udd.cl\/centro-genetica-genomica\/files\/2024\/02\/eduardo-perez-3-182x140.jpg"},"newsletter_square":{"file":"eduardo-perez-3-62x62.jpg","width":62,"height":62,"filesize":1072,"mime_type":"image\/jpeg","source_url":"https:\/\/medicina.udd.cl\/centro-genetica-genomica\/files\/2024\/02\/eduardo-perez-3-62x62.jpg"},"newsletter_square_large":{"file":"eduardo-perez-3-87x62.jpg","width":87,"height":62,"filesize":1282,"mime_type":"image\/jpeg","source_url":"https:\/\/medicina.udd.cl\/centro-genetica-genomica\/files\/2024\/02\/eduardo-perez-3-87x62.jpg"},"1536x1536":{"file":"eduardo-perez-3-1536x1536.jpg","width":1536,"height":1536,"filesize":101542,"mime_type":"image\/jpeg","source_url":"https:\/\/medicina.udd.cl\/centro-genetica-genomica\/files\/2024\/02\/eduardo-perez-3-1536x1536.jpg"},"2048x2048":{"file":"eduardo-perez-3-2048x2048.jpg","width":2048,"height":2048,"filesize":158124,"mime_type":"image\/jpeg","source_url":"https:\/\/medicina.udd.cl\/centro-genetica-genomica\/files\/2024\/02\/eduardo-perez-3-2048x2048.jpg"},"landscape_1920":{"file":"eduardo-perez-3-1920x1080.jpg","width":1920,"height":1080,"filesize":84799,"mime_type":"image\/jpeg","source_url":"https:\/\/medicina.udd.cl\/centro-genetica-genomica\/files\/2024\/02\/eduardo-perez-3-1920x1080.jpg"},"landscape_1366":{"file":"eduardo-perez-3-1366x768.jpg","width":1366,"height":768,"filesize":50379,"mime_type":"image\/jpeg","source_url":"https:\/\/medicina.udd.cl\/centro-genetica-genomica\/files\/2024\/02\/eduardo-perez-3-1366x768.jpg"},"landscape_952":{"file":"eduardo-perez-3-952x534.jpg","width":952,"height":534,"filesize":29180,"mime_type":"image\/jpeg","source_url":"https:\/\/medicina.udd.cl\/centro-genetica-genomica\/files\/2024\/02\/eduardo-perez-3-952x534.jpg"},"landscape_680":{"file":"eduardo-perez-3-680x382.jpg","width":680,"height":382,"filesize":17575,"mime_type":"image\/jpeg","source_url":"https:\/\/medicina.udd.cl\/centro-genetica-genomica\/files\/2024\/02\/eduardo-perez-3-680x382.jpg"},"square_750":{"file":"eduardo-perez-3-750x750.jpg","width":750,"height":750,"filesize":33671,"mime_type":"image\/jpeg","source_url":"https:\/\/medicina.udd.cl\/centro-genetica-genomica\/files\/2024\/02\/eduardo-perez-3-750x750.jpg"},"square_500":{"file":"eduardo-perez-3-500x500.jpg","width":500,"height":500,"filesize":18314,"mime_type":"image\/jpeg","source_url":"https:\/\/medicina.udd.cl\/centro-genetica-genomica\/files\/2024\/02\/eduardo-perez-3-500x500.jpg"},"square_200":{"file":"eduardo-perez-3-250x250.jpg","width":250,"height":250,"filesize":6535,"mime_type":"image\/jpeg","source_url":"https:\/\/medicina.udd.cl\/centro-genetica-genomica\/files\/2024\/02\/eduardo-perez-3-250x250.jpg"},"post-thumbnail":{"file":"eduardo-perez-3-952x534.jpg","width":952,"height":534,"filesize":29180,"mime_type":"image\/jpeg","source_url":"https:\/\/medicina.udd.cl\/centro-genetica-genomica\/files\/2024\/02\/eduardo-perez-3-952x534.jpg"},"custom_content":{"file":"eduardo-perez-3-126x126.jpg","width":126,"height":126,"filesize":2507,"mime_type":"image\/jpeg","source_url":"https:\/\/medicina.udd.cl\/centro-genetica-genomica\/files\/2024\/02\/eduardo-perez-3-126x126.jpg"},"full":{"file":"eduardo-perez-3-scaled.jpg","width":2560,"height":2560,"mime_type":"image\/jpeg","source_url":"https:\/\/medicina.udd.cl\/centro-genetica-genomica\/files\/2024\/02\/eduardo-perez-3-scaled.jpg"}},"image_meta":{"aperture":"0","credit":"","camera":"","caption":"","created_timestamp":"0","copyright":"","focal_length":"0","iso":"0","shutter_speed":"0","title":"","orientation":"0","keywords":[]},"original_image":"eduardo-perez-3.jpg"},"post":2531,"source_url":"https:\/\/medicina.udd.cl\/centro-genetica-genomica\/files\/2024\/02\/eduardo-perez-3-scaled.jpg","_links":{"self":[{"href":"https:\/\/medicina.udd.cl\/centro-genetica-genomica\/wp-json\/wp\/v2\/media\/2916","targetHints":{"allow":["GET"]}}],"collection":[{"href":"https:\/\/medicina.udd.cl\/centro-genetica-genomica\/wp-json\/wp\/v2\/media"}],"about":[{"href":"https:\/\/medicina.udd.cl\/centro-genetica-genomica\/wp-json\/wp\/v2\/types\/attachment"}],"author":[{"embeddable":true,"href":"https:\/\/medicina.udd.cl\/centro-genetica-genomica\/wp-json\/wp\/v2\/users\/9192219"}],"replies":[{"embeddable":true,"href":"https:\/\/medicina.udd.cl\/centro-genetica-genomica\/wp-json\/wp\/v2\/comments?post=2916"}],"wp:attached-to":[{"embeddable":true,"post_type":"page","id":2531,"href":"https:\/\/medicina.udd.cl\/centro-genetica-genomica\/wp-json\/wp\/v2\/pages\/2531"}],"curies":[{"name":"wp","href":"https:\/\/api.w.org\/{rel}","templated":true}]}}

Eduardo Pérez.3

<!-- This site is optimized with the Yoast SEO plugin v26.9 - https://yoast.com/product/yoast-seo-wordpress/ -->
<title>Eduardo Pérez.3 - Centro de Genética y Genómica</title>
<meta name="robots" content="index, follow, max-snippet:-1, max-image-preview:large, max-video-preview:-1" />
<link rel="canonical" href="https://medicina.udd.cl/centro-genetica-genomica/files/2024/02/eduardo-perez-3.jpg" />
<meta property="og:locale" content="es_ES" />
<meta property="og:type" content="article" />
<meta property="og:title" content="Eduardo Pérez.3 - Centro de Genética y Genómica" />
<meta property="og:url" content="https://medicina.udd.cl/centro-genetica-genomica/files/2024/02/eduardo-perez-3.jpg" />
<meta property="og:site_name" content="Centro de Genética y Genómica" />
<meta property="og:image" content="https://medicina.udd.cl/centro-genetica-genomica/files/2024/02/eduardo-perez-3.jpg" />
	<meta property="og:image:width" content="1" />
	<meta property="og:image:height" content="1" />
	<meta property="og:image:type" content="image/jpeg" />
<script type="application/ld+json" class="yoast-schema-graph">{"@context":"https://schema.org","@graph":[{"@type":"WebPage","@id":"https://medicina.udd.cl/centro-genetica-genomica/files/2024/02/eduardo-perez-3.jpg","url":"https://medicina.udd.cl/centro-genetica-genomica/files/2024/02/eduardo-perez-3.jpg","name":"Eduardo Pérez.3 - Centro de Genética y Genómica","isPartOf":{"@id":"https://medicina.udd.cl/centro-genetica-genomica/#website"},"datePublished":"2024-02-27T21:11:46+00:00","breadcrumb":{"@id":"https://medicina.udd.cl/centro-genetica-genomica/files/2024/02/eduardo-perez-3.jpg#breadcrumb"},"inLanguage":"es","potentialAction":[{"@type":"ReadAction","target":["https://medicina.udd.cl/centro-genetica-genomica/files/2024/02/eduardo-perez-3.jpg"]}]},{"@type":"BreadcrumbList","@id":"https://medicina.udd.cl/centro-genetica-genomica/files/2024/02/eduardo-perez-3.jpg#breadcrumb","itemListElement":[{"@type":"ListItem","position":1,"name":"Inicio","item":"https://medicina.udd.cl/centro-genetica-genomica/"},{"@type":"ListItem","position":2,"name":"Nuestro equipo","item":"https://medicina.udd.cl/centro-genetica-genomica/nuestro-equipo/"},{"@type":"ListItem","position":3,"name":"Eduardo Pérez.3"}]},{"@type":"WebSite","@id":"https://medicina.udd.cl/centro-genetica-genomica/#website","url":"https://medicina.udd.cl/centro-genetica-genomica/","name":"Centro de Genética y Genómica","description":"","inLanguage":"es"}]}</script>
<!-- / Yoast SEO plugin. -->

Eduardo Pérez.3 - Centro de Genética y Genómica

Centro de Genética y Genómica
