{"id":567,"date":"2012-11-09T10:32:34","date_gmt":"2012-11-09T13:32:34","guid":{"rendered":"http:\/\/medicina.udd.cl\/centro-genetica-humana\/files\/2012\/11\/investigacion-genetica-segundo-semestre.jpg"},"modified":"2012-11-09T10:32:34","modified_gmt":"2012-11-09T13:32:34","slug":"investigacion-genetica-segundo-semestre","status":"inherit","type":"attachment","link":"https:\/\/medicina.udd.cl\/centro-genetica-genomica\/noticias\/2012\/11\/15\/prolifico-segundo-semestre-del-centro-de-genetica-humana\/investigacion-genetica-segundo-semestre\/","title":{"rendered":"Investigaci\u00f3n Gen\u00e9tica segundo semestre"},"author":1,"featured_media":0,"comment_status":"open","ping_status":"open","template":"","meta":[],"class_list":["post-567","attachment","type-attachment","status-inherit","hentry"],"yoast_head":"<!-- This site is optimized with the Yoast SEO plugin v26.9 - https:\/\/yoast.com\/product\/yoast-seo-wordpress\/ -->\n<title>Investigaci\u00f3n Gen\u00e9tica segundo semestre - Centro de Gen\u00e9tica y Gen\u00f3mica<\/title>\n<meta name=\"robots\" content=\"index, follow, max-snippet:-1, max-image-preview:large, max-video-preview:-1\" \/>\n<link rel=\"canonical\" href=\"https:\/\/medicina.udd.cl\/centro-genetica-genomica\/files\/2012\/11\/investigacion-genetica-segundo-semestre.jpg\" \/>\n<meta property=\"og:locale\" content=\"es_ES\" \/>\n<meta property=\"og:type\" content=\"article\" \/>\n<meta property=\"og:title\" content=\"Investigaci\u00f3n Gen\u00e9tica segundo semestre - Centro de Gen\u00e9tica y Gen\u00f3mica\" \/>\n<meta property=\"og:url\" content=\"https:\/\/medicina.udd.cl\/centro-genetica-genomica\/files\/2012\/11\/investigacion-genetica-segundo-semestre.jpg\" \/>\n<meta property=\"og:site_name\" content=\"Centro de Gen\u00e9tica y Gen\u00f3mica\" \/>\n<meta property=\"og:image\" content=\"https:\/\/medicina.udd.cl\/centro-genetica-genomica\/files\/2012\/11\/investigacion-genetica-segundo-semestre.jpg\" \/>\n\t<meta property=\"og:image:width\" content=\"184\" \/>\n\t<meta property=\"og:image:height\" content=\"187\" \/>\n\t<meta property=\"og:image:type\" content=\"image\/jpeg\" \/>\n<script type=\"application\/ld+json\" class=\"yoast-schema-graph\">{\"@context\":\"https:\/\/schema.org\",\"@graph\":[{\"@type\":\"WebPage\",\"@id\":\"https:\/\/medicina.udd.cl\/centro-genetica-genomica\/files\/2012\/11\/investigacion-genetica-segundo-semestre.jpg\",\"url\":\"https:\/\/medicina.udd.cl\/centro-genetica-genomica\/files\/2012\/11\/investigacion-genetica-segundo-semestre.jpg\",\"name\":\"Investigaci\u00f3n Gen\u00e9tica segundo semestre - Centro de Gen\u00e9tica y Gen\u00f3mica\",\"isPartOf\":{\"@id\":\"https:\/\/medicina.udd.cl\/centro-genetica-genomica\/#website\"},\"datePublished\":\"2012-11-09T13:32:34+00:00\",\"breadcrumb\":{\"@id\":\"https:\/\/medicina.udd.cl\/centro-genetica-genomica\/files\/2012\/11\/investigacion-genetica-segundo-semestre.jpg#breadcrumb\"},\"inLanguage\":\"es\",\"potentialAction\":[{\"@type\":\"ReadAction\",\"target\":[\"https:\/\/medicina.udd.cl\/centro-genetica-genomica\/files\/2012\/11\/investigacion-genetica-segundo-semestre.jpg\"]}]},{\"@type\":\"BreadcrumbList\",\"@id\":\"https:\/\/medicina.udd.cl\/centro-genetica-genomica\/files\/2012\/11\/investigacion-genetica-segundo-semestre.jpg#breadcrumb\",\"itemListElement\":[{\"@type\":\"ListItem\",\"position\":1,\"name\":\"Inicio\",\"item\":\"https:\/\/medicina.udd.cl\/centro-genetica-genomica\/\"},{\"@type\":\"ListItem\",\"position\":2,\"name\":\"Prol\u00edfico segundo semestre del Centro de Gen\u00e9tica Humana\",\"item\":\"https:\/\/medicina.udd.cl\/centro-genetica-genomica\/noticias\/2012\/11\/15\/prolifico-segundo-semestre-del-centro-de-genetica-humana\/\"},{\"@type\":\"ListItem\",\"position\":3,\"name\":\"Investigaci\u00f3n Gen\u00e9tica segundo semestre\"}]},{\"@type\":\"WebSite\",\"@id\":\"https:\/\/medicina.udd.cl\/centro-genetica-genomica\/#website\",\"url\":\"https:\/\/medicina.udd.cl\/centro-genetica-genomica\/\",\"name\":\"Centro de Gen\u00e9tica y Gen\u00f3mica\",\"description\":\"\",\"inLanguage\":\"es\"}]}<\/script>\n<!-- \/ Yoast SEO plugin. -->","yoast_head_json":{"title":"Investigaci\u00f3n Gen\u00e9tica segundo semestre - Centro de Gen\u00e9tica y Gen\u00f3mica","robots":{"index":"index","follow":"follow","max-snippet":"max-snippet:-1","max-image-preview":"max-image-preview:large","max-video-preview":"max-video-preview:-1"},"canonical":"https:\/\/medicina.udd.cl\/centro-genetica-genomica\/files\/2012\/11\/investigacion-genetica-segundo-semestre.jpg","og_locale":"es_ES","og_type":"article","og_title":"Investigaci\u00f3n Gen\u00e9tica segundo semestre - Centro de Gen\u00e9tica y Gen\u00f3mica","og_url":"https:\/\/medicina.udd.cl\/centro-genetica-genomica\/files\/2012\/11\/investigacion-genetica-segundo-semestre.jpg","og_site_name":"Centro de Gen\u00e9tica y Gen\u00f3mica","og_image":[{"width":184,"height":187,"url":"https:\/\/medicina.udd.cl\/centro-genetica-genomica\/files\/2012\/11\/investigacion-genetica-segundo-semestre.jpg","type":"image\/jpeg"}],"schema":{"@context":"https:\/\/schema.org","@graph":[{"@type":"WebPage","@id":"https:\/\/medicina.udd.cl\/centro-genetica-genomica\/files\/2012\/11\/investigacion-genetica-segundo-semestre.jpg","url":"https:\/\/medicina.udd.cl\/centro-genetica-genomica\/files\/2012\/11\/investigacion-genetica-segundo-semestre.jpg","name":"Investigaci\u00f3n Gen\u00e9tica segundo semestre - Centro de Gen\u00e9tica y Gen\u00f3mica","isPartOf":{"@id":"https:\/\/medicina.udd.cl\/centro-genetica-genomica\/#website"},"datePublished":"2012-11-09T13:32:34+00:00","breadcrumb":{"@id":"https:\/\/medicina.udd.cl\/centro-genetica-genomica\/files\/2012\/11\/investigacion-genetica-segundo-semestre.jpg#breadcrumb"},"inLanguage":"es","potentialAction":[{"@type":"ReadAction","target":["https:\/\/medicina.udd.cl\/centro-genetica-genomica\/files\/2012\/11\/investigacion-genetica-segundo-semestre.jpg"]}]},{"@type":"BreadcrumbList","@id":"https:\/\/medicina.udd.cl\/centro-genetica-genomica\/files\/2012\/11\/investigacion-genetica-segundo-semestre.jpg#breadcrumb","itemListElement":[{"@type":"ListItem","position":1,"name":"Inicio","item":"https:\/\/medicina.udd.cl\/centro-genetica-genomica\/"},{"@type":"ListItem","position":2,"name":"Prol\u00edfico segundo semestre del Centro de Gen\u00e9tica Humana","item":"https:\/\/medicina.udd.cl\/centro-genetica-genomica\/noticias\/2012\/11\/15\/prolifico-segundo-semestre-del-centro-de-genetica-humana\/"},{"@type":"ListItem","position":3,"name":"Investigaci\u00f3n Gen\u00e9tica segundo semestre"}]},{"@type":"WebSite","@id":"https:\/\/medicina.udd.cl\/centro-genetica-genomica\/#website","url":"https:\/\/medicina.udd.cl\/centro-genetica-genomica\/","name":"Centro de Gen\u00e9tica y Gen\u00f3mica","description":"","inLanguage":"es"}]}},"description":{"rendered":"<p class=\"attachment\"><a href='https:\/\/medicina.udd.cl\/centro-genetica-genomica\/files\/2012\/11\/investigacion-genetica-segundo-semestre.jpg'><img loading=\"lazy\" decoding=\"async\" width=\"184\" height=\"187\" src=\"https:\/\/medicina.udd.cl\/centro-genetica-genomica\/files\/2012\/11\/investigacion-genetica-segundo-semestre.jpg\" class=\"attachment-medium size-medium\" alt=\"\" srcset=\"https:\/\/medicina.udd.cl\/centro-genetica-genomica\/files\/2012\/11\/investigacion-genetica-segundo-semestre.jpg 184w, https:\/\/medicina.udd.cl\/centro-genetica-genomica\/files\/2012\/11\/investigacion-genetica-segundo-semestre-62x62.jpg 62w\" sizes=\"auto, (max-width: 184px) 100vw, 184px\" \/><\/a><\/p>\n"},"caption":{"rendered":""},"alt_text":"","media_type":"image","mime_type":"image\/jpeg","media_details":{"width":184,"height":187,"file":"2012\/11\/investigacion-genetica-segundo-semestre.jpg","sizes":{"thumbnail":{"file":"investigacion-genetica-segundo-semestre-150x150.jpg","width":150,"height":150,"mime_type":"image\/jpeg","source_url":"https:\/\/medicina.udd.cl\/centro-genetica-genomica\/files\/2012\/11\/investigacion-genetica-segundo-semestre-150x150.jpg"},"newsletter_thumb":{"file":"investigacion-genetica-segundo-semestre-184x150.jpg","width":184,"height":150,"mime_type":"image\/jpeg","source_url":"https:\/\/medicina.udd.cl\/centro-genetica-genomica\/files\/2012\/11\/investigacion-genetica-segundo-semestre-184x150.jpg"},"newsletter_column":{"file":"investigacion-genetica-segundo-semestre-182x140.jpg","width":182,"height":140,"mime_type":"image\/jpeg","source_url":"https:\/\/medicina.udd.cl\/centro-genetica-genomica\/files\/2012\/11\/investigacion-genetica-segundo-semestre-182x140.jpg"},"newsletter_square":{"file":"investigacion-genetica-segundo-semestre-62x62.jpg","width":62,"height":62,"mime_type":"image\/jpeg","source_url":"https:\/\/medicina.udd.cl\/centro-genetica-genomica\/files\/2012\/11\/investigacion-genetica-segundo-semestre-62x62.jpg"},"newsletter_square_large":{"file":"investigacion-genetica-segundo-semestre-87x62.jpg","width":87,"height":62,"mime_type":"image\/jpeg","source_url":"https:\/\/medicina.udd.cl\/centro-genetica-genomica\/files\/2012\/11\/investigacion-genetica-segundo-semestre-87x62.jpg"},"landscape-small":{"file":"investigacion-genetica-segundo-semestre-125x80.jpg","width":125,"height":80,"mime_type":"image\/jpeg","source_url":"https:\/\/medicina.udd.cl\/centro-genetica-genomica\/files\/2012\/11\/investigacion-genetica-segundo-semestre-125x80.jpg"},"custom_content":{"file":"investigacion-genetica-segundo-semestre-126x126.jpg","width":126,"height":126,"mime_type":"image\/jpeg","source_url":"https:\/\/medicina.udd.cl\/centro-genetica-genomica\/files\/2012\/11\/investigacion-genetica-segundo-semestre-126x126.jpg"},"full":{"file":"investigacion-genetica-segundo-semestre.jpg","width":184,"height":187,"mime_type":"image\/jpeg","source_url":"https:\/\/medicina.udd.cl\/centro-genetica-genomica\/files\/2012\/11\/investigacion-genetica-segundo-semestre.jpg"}},"image_meta":{"aperture":"0","credit":"","camera":"","caption":"","created_timestamp":"0","copyright":"","focal_length":"0","iso":"0","shutter_speed":"0","title":"","orientation":"1","keywords":[]}},"post":566,"source_url":"https:\/\/medicina.udd.cl\/centro-genetica-genomica\/files\/2012\/11\/investigacion-genetica-segundo-semestre.jpg","_links":{"self":[{"href":"https:\/\/medicina.udd.cl\/centro-genetica-genomica\/wp-json\/wp\/v2\/media\/567","targetHints":{"allow":["GET"]}}],"collection":[{"href":"https:\/\/medicina.udd.cl\/centro-genetica-genomica\/wp-json\/wp\/v2\/media"}],"about":[{"href":"https:\/\/medicina.udd.cl\/centro-genetica-genomica\/wp-json\/wp\/v2\/types\/attachment"}],"author":[{"embeddable":true,"href":"https:\/\/medicina.udd.cl\/centro-genetica-genomica\/wp-json\/wp\/v2\/users\/1"}],"replies":[{"embeddable":true,"href":"https:\/\/medicina.udd.cl\/centro-genetica-genomica\/wp-json\/wp\/v2\/comments?post=567"}],"wp:attached-to":[{"embeddable":true,"post_type":"post","id":566,"href":"https:\/\/medicina.udd.cl\/centro-genetica-genomica\/wp-json\/wp\/v2\/posts\/566"}],"curies":[{"name":"wp","href":"https:\/\/api.w.org\/{rel}","templated":true}]}}

Investigación Genética segundo semestre

<!-- This site is optimized with the Yoast SEO plugin v26.9 - https://yoast.com/product/yoast-seo-wordpress/ -->
<title>Investigación Genética segundo semestre - Centro de Genética y Genómica</title>
<meta name="robots" content="index, follow, max-snippet:-1, max-image-preview:large, max-video-preview:-1" />
<link rel="canonical" href="https://medicina.udd.cl/centro-genetica-genomica/files/2012/11/investigacion-genetica-segundo-semestre.jpg" />
<meta property="og:locale" content="es_ES" />
<meta property="og:type" content="article" />
<meta property="og:title" content="Investigación Genética segundo semestre - Centro de Genética y Genómica" />
<meta property="og:url" content="https://medicina.udd.cl/centro-genetica-genomica/files/2012/11/investigacion-genetica-segundo-semestre.jpg" />
<meta property="og:site_name" content="Centro de Genética y Genómica" />
<meta property="og:image" content="https://medicina.udd.cl/centro-genetica-genomica/files/2012/11/investigacion-genetica-segundo-semestre.jpg" />
	<meta property="og:image:width" content="184" />
	<meta property="og:image:height" content="187" />
	<meta property="og:image:type" content="image/jpeg" />
<script type="application/ld+json" class="yoast-schema-graph">{"@context":"https://schema.org","@graph":[{"@type":"WebPage","@id":"https://medicina.udd.cl/centro-genetica-genomica/files/2012/11/investigacion-genetica-segundo-semestre.jpg","url":"https://medicina.udd.cl/centro-genetica-genomica/files/2012/11/investigacion-genetica-segundo-semestre.jpg","name":"Investigación Genética segundo semestre - Centro de Genética y Genómica","isPartOf":{"@id":"https://medicina.udd.cl/centro-genetica-genomica/#website"},"datePublished":"2012-11-09T13:32:34+00:00","breadcrumb":{"@id":"https://medicina.udd.cl/centro-genetica-genomica/files/2012/11/investigacion-genetica-segundo-semestre.jpg#breadcrumb"},"inLanguage":"es","potentialAction":[{"@type":"ReadAction","target":["https://medicina.udd.cl/centro-genetica-genomica/files/2012/11/investigacion-genetica-segundo-semestre.jpg"]}]},{"@type":"BreadcrumbList","@id":"https://medicina.udd.cl/centro-genetica-genomica/files/2012/11/investigacion-genetica-segundo-semestre.jpg#breadcrumb","itemListElement":[{"@type":"ListItem","position":1,"name":"Inicio","item":"https://medicina.udd.cl/centro-genetica-genomica/"},{"@type":"ListItem","position":2,"name":"Prolífico segundo semestre del Centro de Genética Humana","item":"https://medicina.udd.cl/centro-genetica-genomica/noticias/2012/11/15/prolifico-segundo-semestre-del-centro-de-genetica-humana/"},{"@type":"ListItem","position":3,"name":"Investigación Genética segundo semestre"}]},{"@type":"WebSite","@id":"https://medicina.udd.cl/centro-genetica-genomica/#website","url":"https://medicina.udd.cl/centro-genetica-genomica/","name":"Centro de Genética y Genómica","description":"","inLanguage":"es"}]}</script>
<!-- / Yoast SEO plugin. -->

Investigación Genética segundo semestre - Centro de Genética y Genómica

Centro de Genética y Genómica

Prolífico segundo semestre del Centro de Genética Humana
