{"id":591,"date":"2012-11-13T15:20:06","date_gmt":"2012-11-13T18:20:06","guid":{"rendered":"http:\/\/medicina.udd.cl\/centro-genetica-humana\/files\/2012\/11\/Abstract-Sindrome-Velocardiofacial-Karena-Espinoza.pdf"},"modified":"2012-11-13T15:20:06","modified_gmt":"2012-11-13T18:20:06","slug":"abstract-sindrome-velocardiofacial-karena-espinoza","status":"inherit","type":"attachment","link":"https:\/\/medicina.udd.cl\/centro-genetica-genomica\/noticias\/2012\/11\/14\/cientifica-udd-expone-avances-de-investigacion-en-sindrome-velocardiofacial\/abstract-sindrome-velocardiofacial-karena-espinoza\/","title":{"rendered":"Abstract Sindrome Velocardiofacial Karena Espinoza"},"author":1,"featured_media":0,"comment_status":"open","ping_status":"open","template":"","meta":[],"class_list":["post-591","attachment","type-attachment","status-inherit","hentry"],"yoast_head":"<!-- This site is optimized with the Yoast SEO plugin v26.9 - https:\/\/yoast.com\/product\/yoast-seo-wordpress\/ -->\n<title>Abstract Sindrome Velocardiofacial Karena Espinoza - Centro de Gen\u00e9tica y Gen\u00f3mica<\/title>\n<meta name=\"robots\" content=\"index, follow, max-snippet:-1, max-image-preview:large, max-video-preview:-1\" \/>\n<link rel=\"canonical\" href=\"https:\/\/medicina.udd.cl\/centro-genetica-genomica\/files\/2012\/11\/Abstract-Sindrome-Velocardiofacial-Karena-Espinoza.pdf\" \/>\n<meta property=\"og:locale\" content=\"es_ES\" \/>\n<meta property=\"og:type\" content=\"article\" \/>\n<meta property=\"og:title\" content=\"Abstract Sindrome Velocardiofacial Karena Espinoza - Centro de Gen\u00e9tica y Gen\u00f3mica\" \/>\n<meta property=\"og:description\" content=\"Abstract Sindrome Velocardiofacial Karena Espinoza\" \/>\n<meta property=\"og:url\" content=\"https:\/\/medicina.udd.cl\/centro-genetica-genomica\/files\/2012\/11\/Abstract-Sindrome-Velocardiofacial-Karena-Espinoza.pdf\" \/>\n<meta property=\"og:site_name\" content=\"Centro de Gen\u00e9tica y Gen\u00f3mica\" \/>\n<script type=\"application\/ld+json\" class=\"yoast-schema-graph\">{\"@context\":\"https:\/\/schema.org\",\"@graph\":[{\"@type\":\"WebPage\",\"@id\":\"https:\/\/medicina.udd.cl\/centro-genetica-genomica\/files\/2012\/11\/Abstract-Sindrome-Velocardiofacial-Karena-Espinoza.pdf\",\"url\":\"https:\/\/medicina.udd.cl\/centro-genetica-genomica\/files\/2012\/11\/Abstract-Sindrome-Velocardiofacial-Karena-Espinoza.pdf\",\"name\":\"Abstract Sindrome Velocardiofacial Karena Espinoza - Centro de Gen\u00e9tica y Gen\u00f3mica\",\"isPartOf\":{\"@id\":\"https:\/\/medicina.udd.cl\/centro-genetica-genomica\/#website\"},\"datePublished\":\"2012-11-13T18:20:06+00:00\",\"breadcrumb\":{\"@id\":\"https:\/\/medicina.udd.cl\/centro-genetica-genomica\/files\/2012\/11\/Abstract-Sindrome-Velocardiofacial-Karena-Espinoza.pdf#breadcrumb\"},\"inLanguage\":\"es\",\"potentialAction\":[{\"@type\":\"ReadAction\",\"target\":[\"https:\/\/medicina.udd.cl\/centro-genetica-genomica\/files\/2012\/11\/Abstract-Sindrome-Velocardiofacial-Karena-Espinoza.pdf\"]}]},{\"@type\":\"BreadcrumbList\",\"@id\":\"https:\/\/medicina.udd.cl\/centro-genetica-genomica\/files\/2012\/11\/Abstract-Sindrome-Velocardiofacial-Karena-Espinoza.pdf#breadcrumb\",\"itemListElement\":[{\"@type\":\"ListItem\",\"position\":1,\"name\":\"Inicio\",\"item\":\"https:\/\/medicina.udd.cl\/centro-genetica-genomica\/\"},{\"@type\":\"ListItem\",\"position\":2,\"name\":\"Cient\u00edfica UDD expone avances de investigaci\u00f3n en s\u00edndrome velocardiofacial\",\"item\":\"https:\/\/medicina.udd.cl\/centro-genetica-genomica\/noticias\/2012\/11\/14\/cientifica-udd-expone-avances-de-investigacion-en-sindrome-velocardiofacial\/\"},{\"@type\":\"ListItem\",\"position\":3,\"name\":\"Abstract Sindrome Velocardiofacial Karena Espinoza\"}]},{\"@type\":\"WebSite\",\"@id\":\"https:\/\/medicina.udd.cl\/centro-genetica-genomica\/#website\",\"url\":\"https:\/\/medicina.udd.cl\/centro-genetica-genomica\/\",\"name\":\"Centro de Gen\u00e9tica y Gen\u00f3mica\",\"description\":\"\",\"inLanguage\":\"es\"}]}<\/script>\n<!-- \/ Yoast SEO plugin. -->","yoast_head_json":{"title":"Abstract Sindrome Velocardiofacial Karena Espinoza - Centro de Gen\u00e9tica y Gen\u00f3mica","robots":{"index":"index","follow":"follow","max-snippet":"max-snippet:-1","max-image-preview":"max-image-preview:large","max-video-preview":"max-video-preview:-1"},"canonical":"https:\/\/medicina.udd.cl\/centro-genetica-genomica\/files\/2012\/11\/Abstract-Sindrome-Velocardiofacial-Karena-Espinoza.pdf","og_locale":"es_ES","og_type":"article","og_title":"Abstract Sindrome Velocardiofacial Karena Espinoza - Centro de Gen\u00e9tica y Gen\u00f3mica","og_description":"Abstract Sindrome Velocardiofacial Karena Espinoza","og_url":"https:\/\/medicina.udd.cl\/centro-genetica-genomica\/files\/2012\/11\/Abstract-Sindrome-Velocardiofacial-Karena-Espinoza.pdf","og_site_name":"Centro de Gen\u00e9tica y Gen\u00f3mica","schema":{"@context":"https:\/\/schema.org","@graph":[{"@type":"WebPage","@id":"https:\/\/medicina.udd.cl\/centro-genetica-genomica\/files\/2012\/11\/Abstract-Sindrome-Velocardiofacial-Karena-Espinoza.pdf","url":"https:\/\/medicina.udd.cl\/centro-genetica-genomica\/files\/2012\/11\/Abstract-Sindrome-Velocardiofacial-Karena-Espinoza.pdf","name":"Abstract Sindrome Velocardiofacial Karena Espinoza - Centro de Gen\u00e9tica y Gen\u00f3mica","isPartOf":{"@id":"https:\/\/medicina.udd.cl\/centro-genetica-genomica\/#website"},"datePublished":"2012-11-13T18:20:06+00:00","breadcrumb":{"@id":"https:\/\/medicina.udd.cl\/centro-genetica-genomica\/files\/2012\/11\/Abstract-Sindrome-Velocardiofacial-Karena-Espinoza.pdf#breadcrumb"},"inLanguage":"es","potentialAction":[{"@type":"ReadAction","target":["https:\/\/medicina.udd.cl\/centro-genetica-genomica\/files\/2012\/11\/Abstract-Sindrome-Velocardiofacial-Karena-Espinoza.pdf"]}]},{"@type":"BreadcrumbList","@id":"https:\/\/medicina.udd.cl\/centro-genetica-genomica\/files\/2012\/11\/Abstract-Sindrome-Velocardiofacial-Karena-Espinoza.pdf#breadcrumb","itemListElement":[{"@type":"ListItem","position":1,"name":"Inicio","item":"https:\/\/medicina.udd.cl\/centro-genetica-genomica\/"},{"@type":"ListItem","position":2,"name":"Cient\u00edfica UDD expone avances de investigaci\u00f3n en s\u00edndrome velocardiofacial","item":"https:\/\/medicina.udd.cl\/centro-genetica-genomica\/noticias\/2012\/11\/14\/cientifica-udd-expone-avances-de-investigacion-en-sindrome-velocardiofacial\/"},{"@type":"ListItem","position":3,"name":"Abstract Sindrome Velocardiofacial Karena Espinoza"}]},{"@type":"WebSite","@id":"https:\/\/medicina.udd.cl\/centro-genetica-genomica\/#website","url":"https:\/\/medicina.udd.cl\/centro-genetica-genomica\/","name":"Centro de Gen\u00e9tica y Gen\u00f3mica","description":"","inLanguage":"es"}]}},"description":{"rendered":"<p class=\"attachment\"><a href='https:\/\/medicina.udd.cl\/centro-genetica-genomica\/files\/2012\/11\/Abstract-Sindrome-Velocardiofacial-Karena-Espinoza.pdf'>Abstract Sindrome Velocardiofacial Karena Espinoza<\/a><\/p>\n"},"caption":{"rendered":"<p>Abstract Sindrome Velocardiofacial Karena Espinoza<\/p>\n"},"alt_text":"","media_type":"file","mime_type":"application\/pdf","media_details":{},"post":589,"source_url":"https:\/\/medicina.udd.cl\/centro-genetica-genomica\/files\/2012\/11\/Abstract-Sindrome-Velocardiofacial-Karena-Espinoza.pdf","_links":{"self":[{"href":"https:\/\/medicina.udd.cl\/centro-genetica-genomica\/wp-json\/wp\/v2\/media\/591","targetHints":{"allow":["GET"]}}],"collection":[{"href":"https:\/\/medicina.udd.cl\/centro-genetica-genomica\/wp-json\/wp\/v2\/media"}],"about":[{"href":"https:\/\/medicina.udd.cl\/centro-genetica-genomica\/wp-json\/wp\/v2\/types\/attachment"}],"author":[{"embeddable":true,"href":"https:\/\/medicina.udd.cl\/centro-genetica-genomica\/wp-json\/wp\/v2\/users\/1"}],"replies":[{"embeddable":true,"href":"https:\/\/medicina.udd.cl\/centro-genetica-genomica\/wp-json\/wp\/v2\/comments?post=591"}],"wp:attached-to":[{"embeddable":true,"post_type":"post","id":589,"href":"https:\/\/medicina.udd.cl\/centro-genetica-genomica\/wp-json\/wp\/v2\/posts\/589"}],"curies":[{"name":"wp","href":"https:\/\/api.w.org\/{rel}","templated":true}]}}

<!-- This site is optimized with the Yoast SEO plugin v26.9 - https://yoast.com/product/yoast-seo-wordpress/ -->
<title>Abstract Sindrome Velocardiofacial Karena Espinoza - Centro de Genética y Genómica</title>
<meta name="robots" content="index, follow, max-snippet:-1, max-image-preview:large, max-video-preview:-1" />
<link rel="canonical" href="https://medicina.udd.cl/centro-genetica-genomica/files/2012/11/Abstract-Sindrome-Velocardiofacial-Karena-Espinoza.pdf" />
<meta property="og:locale" content="es_ES" />
<meta property="og:type" content="article" />
<meta property="og:title" content="Abstract Sindrome Velocardiofacial Karena Espinoza - Centro de Genética y Genómica" />
<meta property="og:description" content="Abstract Sindrome Velocardiofacial Karena Espinoza" />
<meta property="og:url" content="https://medicina.udd.cl/centro-genetica-genomica/files/2012/11/Abstract-Sindrome-Velocardiofacial-Karena-Espinoza.pdf" />
<meta property="og:site_name" content="Centro de Genética y Genómica" />
<script type="application/ld+json" class="yoast-schema-graph">{"@context":"https://schema.org","@graph":[{"@type":"WebPage","@id":"https://medicina.udd.cl/centro-genetica-genomica/files/2012/11/Abstract-Sindrome-Velocardiofacial-Karena-Espinoza.pdf","url":"https://medicina.udd.cl/centro-genetica-genomica/files/2012/11/Abstract-Sindrome-Velocardiofacial-Karena-Espinoza.pdf","name":"Abstract Sindrome Velocardiofacial Karena Espinoza - Centro de Genética y Genómica","isPartOf":{"@id":"https://medicina.udd.cl/centro-genetica-genomica/#website"},"datePublished":"2012-11-13T18:20:06+00:00","breadcrumb":{"@id":"https://medicina.udd.cl/centro-genetica-genomica/files/2012/11/Abstract-Sindrome-Velocardiofacial-Karena-Espinoza.pdf#breadcrumb"},"inLanguage":"es","potentialAction":[{"@type":"ReadAction","target":["https://medicina.udd.cl/centro-genetica-genomica/files/2012/11/Abstract-Sindrome-Velocardiofacial-Karena-Espinoza.pdf"]}]},{"@type":"BreadcrumbList","@id":"https://medicina.udd.cl/centro-genetica-genomica/files/2012/11/Abstract-Sindrome-Velocardiofacial-Karena-Espinoza.pdf#breadcrumb","itemListElement":[{"@type":"ListItem","position":1,"name":"Inicio","item":"https://medicina.udd.cl/centro-genetica-genomica/"},{"@type":"ListItem","position":2,"name":"Científica UDD expone avances de investigación en síndrome velocardiofacial","item":"https://medicina.udd.cl/centro-genetica-genomica/noticias/2012/11/14/cientifica-udd-expone-avances-de-investigacion-en-sindrome-velocardiofacial/"},{"@type":"ListItem","position":3,"name":"Abstract Sindrome Velocardiofacial Karena Espinoza"}]},{"@type":"WebSite","@id":"https://medicina.udd.cl/centro-genetica-genomica/#website","url":"https://medicina.udd.cl/centro-genetica-genomica/","name":"Centro de Genética y Genómica","description":"","inLanguage":"es"}]}</script>
<!-- / Yoast SEO plugin. -->

Abstract Sindrome Velocardiofacial Karena Espinoza - Centro de Genética y Genómica

Centro de Genética y Genómica

Científica UDD expone avances de investigación en síndrome velocardiofacial
