{"id":639,"date":"2012-12-07T10:51:00","date_gmt":"2012-12-07T13:51:00","guid":{"rendered":"http:\/\/medicina.udd.cl\/centro-genetica-humana\/files\/2012\/12\/congreso-genetica-sf-2012.jpg"},"modified":"2012-12-07T10:51:00","modified_gmt":"2012-12-07T13:51:00","slug":"congreso-genetica-sf-2012","status":"inherit","type":"attachment","link":"https:\/\/medicina.udd.cl\/centro-genetica-genomica\/noticias\/2012\/12\/07\/investigadoras-del-cgh-presentan-avances-en-sindrome-de-microdelecion-22q11\/congreso-genetica-sf-2012\/","title":{"rendered":"Congreso Gen\u00e9tica EEUU 2012"},"author":1,"featured_media":0,"comment_status":"open","ping_status":"open","template":"","meta":[],"class_list":["post-639","attachment","type-attachment","status-inherit","hentry"],"yoast_head":"<!-- This site is optimized with the Yoast SEO plugin v26.9 - https:\/\/yoast.com\/product\/yoast-seo-wordpress\/ -->\n<title>Congreso Gen\u00e9tica EEUU 2012 - Centro de Gen\u00e9tica y Gen\u00f3mica<\/title>\n<meta name=\"robots\" content=\"index, follow, max-snippet:-1, max-image-preview:large, max-video-preview:-1\" \/>\n<link rel=\"canonical\" href=\"https:\/\/medicina.udd.cl\/centro-genetica-genomica\/files\/2012\/12\/congreso-genetica-sf-2012.jpg\" \/>\n<meta property=\"og:locale\" content=\"es_ES\" \/>\n<meta property=\"og:type\" content=\"article\" \/>\n<meta property=\"og:title\" content=\"Congreso Gen\u00e9tica EEUU 2012 - Centro de Gen\u00e9tica y Gen\u00f3mica\" \/>\n<meta property=\"og:url\" content=\"https:\/\/medicina.udd.cl\/centro-genetica-genomica\/files\/2012\/12\/congreso-genetica-sf-2012.jpg\" \/>\n<meta property=\"og:site_name\" content=\"Centro de Gen\u00e9tica y Gen\u00f3mica\" \/>\n<meta property=\"og:image\" content=\"https:\/\/medicina.udd.cl\/centro-genetica-genomica\/files\/2012\/12\/congreso-genetica-sf-2012.jpg\" \/>\n\t<meta property=\"og:image:width\" content=\"400\" \/>\n\t<meta property=\"og:image:height\" content=\"120\" \/>\n\t<meta property=\"og:image:type\" content=\"image\/jpeg\" \/>\n<script type=\"application\/ld+json\" class=\"yoast-schema-graph\">{\"@context\":\"https:\/\/schema.org\",\"@graph\":[{\"@type\":\"WebPage\",\"@id\":\"https:\/\/medicina.udd.cl\/centro-genetica-genomica\/files\/2012\/12\/congreso-genetica-sf-2012.jpg\",\"url\":\"https:\/\/medicina.udd.cl\/centro-genetica-genomica\/files\/2012\/12\/congreso-genetica-sf-2012.jpg\",\"name\":\"Congreso Gen\u00e9tica EEUU 2012 - Centro de Gen\u00e9tica y Gen\u00f3mica\",\"isPartOf\":{\"@id\":\"https:\/\/medicina.udd.cl\/centro-genetica-genomica\/#website\"},\"datePublished\":\"2012-12-07T13:51:00+00:00\",\"breadcrumb\":{\"@id\":\"https:\/\/medicina.udd.cl\/centro-genetica-genomica\/files\/2012\/12\/congreso-genetica-sf-2012.jpg#breadcrumb\"},\"inLanguage\":\"es\",\"potentialAction\":[{\"@type\":\"ReadAction\",\"target\":[\"https:\/\/medicina.udd.cl\/centro-genetica-genomica\/files\/2012\/12\/congreso-genetica-sf-2012.jpg\"]}]},{\"@type\":\"BreadcrumbList\",\"@id\":\"https:\/\/medicina.udd.cl\/centro-genetica-genomica\/files\/2012\/12\/congreso-genetica-sf-2012.jpg#breadcrumb\",\"itemListElement\":[{\"@type\":\"ListItem\",\"position\":1,\"name\":\"Inicio\",\"item\":\"https:\/\/medicina.udd.cl\/centro-genetica-genomica\/\"},{\"@type\":\"ListItem\",\"position\":2,\"name\":\"Investigadoras del CGH presentan avances en S\u00edndrome de Microdeleci\u00f3n 22q11\",\"item\":\"https:\/\/medicina.udd.cl\/centro-genetica-genomica\/noticias\/2012\/12\/07\/investigadoras-del-cgh-presentan-avances-en-sindrome-de-microdelecion-22q11\/\"},{\"@type\":\"ListItem\",\"position\":3,\"name\":\"Congreso Gen\u00e9tica EEUU 2012\"}]},{\"@type\":\"WebSite\",\"@id\":\"https:\/\/medicina.udd.cl\/centro-genetica-genomica\/#website\",\"url\":\"https:\/\/medicina.udd.cl\/centro-genetica-genomica\/\",\"name\":\"Centro de Gen\u00e9tica y Gen\u00f3mica\",\"description\":\"\",\"inLanguage\":\"es\"}]}<\/script>\n<!-- \/ Yoast SEO plugin. -->","yoast_head_json":{"title":"Congreso Gen\u00e9tica EEUU 2012 - Centro de Gen\u00e9tica y Gen\u00f3mica","robots":{"index":"index","follow":"follow","max-snippet":"max-snippet:-1","max-image-preview":"max-image-preview:large","max-video-preview":"max-video-preview:-1"},"canonical":"https:\/\/medicina.udd.cl\/centro-genetica-genomica\/files\/2012\/12\/congreso-genetica-sf-2012.jpg","og_locale":"es_ES","og_type":"article","og_title":"Congreso Gen\u00e9tica EEUU 2012 - Centro de Gen\u00e9tica y Gen\u00f3mica","og_url":"https:\/\/medicina.udd.cl\/centro-genetica-genomica\/files\/2012\/12\/congreso-genetica-sf-2012.jpg","og_site_name":"Centro de Gen\u00e9tica y Gen\u00f3mica","og_image":[{"width":400,"height":120,"url":"https:\/\/medicina.udd.cl\/centro-genetica-genomica\/files\/2012\/12\/congreso-genetica-sf-2012.jpg","type":"image\/jpeg"}],"schema":{"@context":"https:\/\/schema.org","@graph":[{"@type":"WebPage","@id":"https:\/\/medicina.udd.cl\/centro-genetica-genomica\/files\/2012\/12\/congreso-genetica-sf-2012.jpg","url":"https:\/\/medicina.udd.cl\/centro-genetica-genomica\/files\/2012\/12\/congreso-genetica-sf-2012.jpg","name":"Congreso Gen\u00e9tica EEUU 2012 - Centro de Gen\u00e9tica y Gen\u00f3mica","isPartOf":{"@id":"https:\/\/medicina.udd.cl\/centro-genetica-genomica\/#website"},"datePublished":"2012-12-07T13:51:00+00:00","breadcrumb":{"@id":"https:\/\/medicina.udd.cl\/centro-genetica-genomica\/files\/2012\/12\/congreso-genetica-sf-2012.jpg#breadcrumb"},"inLanguage":"es","potentialAction":[{"@type":"ReadAction","target":["https:\/\/medicina.udd.cl\/centro-genetica-genomica\/files\/2012\/12\/congreso-genetica-sf-2012.jpg"]}]},{"@type":"BreadcrumbList","@id":"https:\/\/medicina.udd.cl\/centro-genetica-genomica\/files\/2012\/12\/congreso-genetica-sf-2012.jpg#breadcrumb","itemListElement":[{"@type":"ListItem","position":1,"name":"Inicio","item":"https:\/\/medicina.udd.cl\/centro-genetica-genomica\/"},{"@type":"ListItem","position":2,"name":"Investigadoras del CGH presentan avances en S\u00edndrome de Microdeleci\u00f3n 22q11","item":"https:\/\/medicina.udd.cl\/centro-genetica-genomica\/noticias\/2012\/12\/07\/investigadoras-del-cgh-presentan-avances-en-sindrome-de-microdelecion-22q11\/"},{"@type":"ListItem","position":3,"name":"Congreso Gen\u00e9tica EEUU 2012"}]},{"@type":"WebSite","@id":"https:\/\/medicina.udd.cl\/centro-genetica-genomica\/#website","url":"https:\/\/medicina.udd.cl\/centro-genetica-genomica\/","name":"Centro de Gen\u00e9tica y Gen\u00f3mica","description":"","inLanguage":"es"}]}},"description":{"rendered":"<p class=\"attachment\"><a href='https:\/\/medicina.udd.cl\/centro-genetica-genomica\/files\/2012\/12\/congreso-genetica-sf-2012.jpg'><img loading=\"lazy\" decoding=\"async\" width=\"300\" height=\"90\" src=\"https:\/\/medicina.udd.cl\/centro-genetica-genomica\/files\/2012\/12\/congreso-genetica-sf-2012-300x90.jpg\" class=\"attachment-medium size-medium\" alt=\"\" srcset=\"https:\/\/medicina.udd.cl\/centro-genetica-genomica\/files\/2012\/12\/congreso-genetica-sf-2012-300x90.jpg 300w, https:\/\/medicina.udd.cl\/centro-genetica-genomica\/files\/2012\/12\/congreso-genetica-sf-2012.jpg 400w\" sizes=\"auto, (max-width: 300px) 100vw, 300px\" \/><\/a><\/p>\n"},"caption":{"rendered":""},"alt_text":"","media_type":"image","mime_type":"image\/jpeg","media_details":{"width":400,"height":120,"file":"2012\/12\/congreso-genetica-sf-2012.jpg","sizes":{"thumbnail":{"file":"congreso-genetica-sf-2012-150x120.jpg","width":150,"height":120,"mime_type":"image\/jpeg","source_url":"https:\/\/medicina.udd.cl\/centro-genetica-genomica\/files\/2012\/12\/congreso-genetica-sf-2012-150x120.jpg"},"medium":{"file":"congreso-genetica-sf-2012-300x90.jpg","width":300,"height":90,"mime_type":"image\/jpeg","source_url":"https:\/\/medicina.udd.cl\/centro-genetica-genomica\/files\/2012\/12\/congreso-genetica-sf-2012-300x90.jpg"},"newsletter_featured":{"file":"congreso-genetica-sf-2012-316x120.jpg","width":316,"height":120,"mime_type":"image\/jpeg","source_url":"https:\/\/medicina.udd.cl\/centro-genetica-genomica\/files\/2012\/12\/congreso-genetica-sf-2012-316x120.jpg"},"newsletter_first":{"file":"congreso-genetica-sf-2012-286x120.jpg","width":286,"height":120,"mime_type":"image\/jpeg","source_url":"https:\/\/medicina.udd.cl\/centro-genetica-genomica\/files\/2012\/12\/congreso-genetica-sf-2012-286x120.jpg"},"newsletter_thumb":{"file":"congreso-genetica-sf-2012-288x120.jpg","width":288,"height":120,"mime_type":"image\/jpeg","source_url":"https:\/\/medicina.udd.cl\/centro-genetica-genomica\/files\/2012\/12\/congreso-genetica-sf-2012-288x120.jpg"},"newsletter_column":{"file":"congreso-genetica-sf-2012-182x120.jpg","width":182,"height":120,"mime_type":"image\/jpeg","source_url":"https:\/\/medicina.udd.cl\/centro-genetica-genomica\/files\/2012\/12\/congreso-genetica-sf-2012-182x120.jpg"},"newsletter_square":{"file":"congreso-genetica-sf-2012-62x62.jpg","width":62,"height":62,"mime_type":"image\/jpeg","source_url":"https:\/\/medicina.udd.cl\/centro-genetica-genomica\/files\/2012\/12\/congreso-genetica-sf-2012-62x62.jpg"},"newsletter_square_large":{"file":"congreso-genetica-sf-2012-87x62.jpg","width":87,"height":62,"mime_type":"image\/jpeg","source_url":"https:\/\/medicina.udd.cl\/centro-genetica-genomica\/files\/2012\/12\/congreso-genetica-sf-2012-87x62.jpg"},"squared":{"file":"congreso-genetica-sf-2012-300x120.jpg","width":300,"height":120,"mime_type":"image\/jpeg","source_url":"https:\/\/medicina.udd.cl\/centro-genetica-genomica\/files\/2012\/12\/congreso-genetica-sf-2012-300x120.jpg"},"portrait-medium":{"file":"congreso-genetica-sf-2012-220x120.jpg","width":220,"height":120,"mime_type":"image\/jpeg","source_url":"https:\/\/medicina.udd.cl\/centro-genetica-genomica\/files\/2012\/12\/congreso-genetica-sf-2012-220x120.jpg"},"landscape-small":{"file":"congreso-genetica-sf-2012-125x80.jpg","width":125,"height":80,"mime_type":"image\/jpeg","source_url":"https:\/\/medicina.udd.cl\/centro-genetica-genomica\/files\/2012\/12\/congreso-genetica-sf-2012-125x80.jpg"},"landscape-medium":{"file":"congreso-genetica-sf-2012-340x120.jpg","width":340,"height":120,"mime_type":"image\/jpeg","source_url":"https:\/\/medicina.udd.cl\/centro-genetica-genomica\/files\/2012\/12\/congreso-genetica-sf-2012-340x120.jpg"},"landscape-large":{"file":"congreso-genetica-sf-2012-365x120.jpg","width":365,"height":120,"mime_type":"image\/jpeg","source_url":"https:\/\/medicina.udd.cl\/centro-genetica-genomica\/files\/2012\/12\/congreso-genetica-sf-2012-365x120.jpg"},"custom_content":{"file":"congreso-genetica-sf-2012-126x120.jpg","width":126,"height":120,"mime_type":"image\/jpeg","source_url":"https:\/\/medicina.udd.cl\/centro-genetica-genomica\/files\/2012\/12\/congreso-genetica-sf-2012-126x120.jpg"},"full":{"file":"congreso-genetica-sf-2012.jpg","width":400,"height":120,"mime_type":"image\/jpeg","source_url":"https:\/\/medicina.udd.cl\/centro-genetica-genomica\/files\/2012\/12\/congreso-genetica-sf-2012.jpg"}},"image_meta":{"aperture":"0","credit":"","camera":"","caption":"","created_timestamp":"0","copyright":"","focal_length":"0","iso":"0","shutter_speed":"0","title":"","orientation":"1","keywords":[]}},"post":633,"source_url":"https:\/\/medicina.udd.cl\/centro-genetica-genomica\/files\/2012\/12\/congreso-genetica-sf-2012.jpg","_links":{"self":[{"href":"https:\/\/medicina.udd.cl\/centro-genetica-genomica\/wp-json\/wp\/v2\/media\/639","targetHints":{"allow":["GET"]}}],"collection":[{"href":"https:\/\/medicina.udd.cl\/centro-genetica-genomica\/wp-json\/wp\/v2\/media"}],"about":[{"href":"https:\/\/medicina.udd.cl\/centro-genetica-genomica\/wp-json\/wp\/v2\/types\/attachment"}],"author":[{"embeddable":true,"href":"https:\/\/medicina.udd.cl\/centro-genetica-genomica\/wp-json\/wp\/v2\/users\/1"}],"replies":[{"embeddable":true,"href":"https:\/\/medicina.udd.cl\/centro-genetica-genomica\/wp-json\/wp\/v2\/comments?post=639"}],"wp:attached-to":[{"embeddable":true,"post_type":"post","id":633,"href":"https:\/\/medicina.udd.cl\/centro-genetica-genomica\/wp-json\/wp\/v2\/posts\/633"}],"curies":[{"name":"wp","href":"https:\/\/api.w.org\/{rel}","templated":true}]}}

Congreso Genética EEUU 2012

<!-- This site is optimized with the Yoast SEO plugin v26.9 - https://yoast.com/product/yoast-seo-wordpress/ -->
<title>Congreso Genética EEUU 2012 - Centro de Genética y Genómica</title>
<meta name="robots" content="index, follow, max-snippet:-1, max-image-preview:large, max-video-preview:-1" />
<link rel="canonical" href="https://medicina.udd.cl/centro-genetica-genomica/files/2012/12/congreso-genetica-sf-2012.jpg" />
<meta property="og:locale" content="es_ES" />
<meta property="og:type" content="article" />
<meta property="og:title" content="Congreso Genética EEUU 2012 - Centro de Genética y Genómica" />
<meta property="og:url" content="https://medicina.udd.cl/centro-genetica-genomica/files/2012/12/congreso-genetica-sf-2012.jpg" />
<meta property="og:site_name" content="Centro de Genética y Genómica" />
<meta property="og:image" content="https://medicina.udd.cl/centro-genetica-genomica/files/2012/12/congreso-genetica-sf-2012.jpg" />
	<meta property="og:image:width" content="400" />
	<meta property="og:image:height" content="120" />
	<meta property="og:image:type" content="image/jpeg" />
<script type="application/ld+json" class="yoast-schema-graph">{"@context":"https://schema.org","@graph":[{"@type":"WebPage","@id":"https://medicina.udd.cl/centro-genetica-genomica/files/2012/12/congreso-genetica-sf-2012.jpg","url":"https://medicina.udd.cl/centro-genetica-genomica/files/2012/12/congreso-genetica-sf-2012.jpg","name":"Congreso Genética EEUU 2012 - Centro de Genética y Genómica","isPartOf":{"@id":"https://medicina.udd.cl/centro-genetica-genomica/#website"},"datePublished":"2012-12-07T13:51:00+00:00","breadcrumb":{"@id":"https://medicina.udd.cl/centro-genetica-genomica/files/2012/12/congreso-genetica-sf-2012.jpg#breadcrumb"},"inLanguage":"es","potentialAction":[{"@type":"ReadAction","target":["https://medicina.udd.cl/centro-genetica-genomica/files/2012/12/congreso-genetica-sf-2012.jpg"]}]},{"@type":"BreadcrumbList","@id":"https://medicina.udd.cl/centro-genetica-genomica/files/2012/12/congreso-genetica-sf-2012.jpg#breadcrumb","itemListElement":[{"@type":"ListItem","position":1,"name":"Inicio","item":"https://medicina.udd.cl/centro-genetica-genomica/"},{"@type":"ListItem","position":2,"name":"Investigadoras del CGH presentan avances en Síndrome de Microdeleción 22q11","item":"https://medicina.udd.cl/centro-genetica-genomica/noticias/2012/12/07/investigadoras-del-cgh-presentan-avances-en-sindrome-de-microdelecion-22q11/"},{"@type":"ListItem","position":3,"name":"Congreso Genética EEUU 2012"}]},{"@type":"WebSite","@id":"https://medicina.udd.cl/centro-genetica-genomica/#website","url":"https://medicina.udd.cl/centro-genetica-genomica/","name":"Centro de Genética y Genómica","description":"","inLanguage":"es"}]}</script>
<!-- / Yoast SEO plugin. -->

Congreso Genética EEUU 2012 - Centro de Genética y Genómica

Centro de Genética y Genómica

Investigadoras del CGH presentan avances en Síndrome de Microdeleción 22q11
