{"id":902,"date":"2013-07-27T17:51:07","date_gmt":"2013-07-27T21:51:07","guid":{"rendered":""},"modified":"2013-07-27T17:51:07","modified_gmt":"2013-07-27T21:51:07","slug":"marai-cecilia-vial-para-cv-2","status":"inherit","type":"attachment","link":"https:\/\/medicina.udd.cl\/centro-genetica-genomica\/noticias\/2014\/04\/09\/investigadora-udd-en-primer-encuentro-de-genetica-cuantitativa-de-poblaciones\/marai-cecilia-vial-para-cv-2\/","title":{"rendered":"Mar\u00e1i-Cecilia-Vial-para-CV"},"author":34,"featured_media":0,"comment_status":"open","ping_status":"open","template":"","meta":[],"class_list":["post-902","attachment","type-attachment","status-inherit","hentry"],"yoast_head":"<!-- This site is optimized with the Yoast SEO plugin v26.9 - https:\/\/yoast.com\/product\/yoast-seo-wordpress\/ -->\n<title>Mar\u00e1i-Cecilia-Vial-para-CV - Centro de Gen\u00e9tica y Gen\u00f3mica<\/title>\n<meta name=\"robots\" content=\"index, follow, max-snippet:-1, max-image-preview:large, max-video-preview:-1\" \/>\n<link rel=\"canonical\" href=\"https:\/\/medicina.udd.cl\/centro-genetica-genomica\/files\/2013\/07\/Mar\u00e1i-Cecilia-Vial-para-CV.jpg\" \/>\n<meta property=\"og:locale\" content=\"es_ES\" \/>\n<meta property=\"og:type\" content=\"article\" \/>\n<meta property=\"og:title\" content=\"Mar\u00e1i-Cecilia-Vial-para-CV - Centro de Gen\u00e9tica y Gen\u00f3mica\" \/>\n<meta property=\"og:url\" content=\"https:\/\/medicina.udd.cl\/centro-genetica-genomica\/files\/2013\/07\/Mar\u00e1i-Cecilia-Vial-para-CV.jpg\" \/>\n<meta property=\"og:site_name\" content=\"Centro de Gen\u00e9tica y Gen\u00f3mica\" \/>\n<meta property=\"og:image\" content=\"https:\/\/medicina.udd.cl\/centro-genetica-genomica\/files\/2013\/07\/Mar\u00e1i-Cecilia-Vial-para-CV.jpg\" \/>\n\t<meta property=\"og:image:width\" content=\"336\" \/>\n\t<meta property=\"og:image:height\" content=\"408\" \/>\n\t<meta property=\"og:image:type\" content=\"image\/jpeg\" \/>\n<script type=\"application\/ld+json\" class=\"yoast-schema-graph\">{\"@context\":\"https:\/\/schema.org\",\"@graph\":[{\"@type\":\"WebPage\",\"@id\":\"https:\/\/medicina.udd.cl\/centro-genetica-genomica\/files\/2013\/07\/Mar\u00e1i-Cecilia-Vial-para-CV.jpg\",\"url\":\"https:\/\/medicina.udd.cl\/centro-genetica-genomica\/files\/2013\/07\/Mar\u00e1i-Cecilia-Vial-para-CV.jpg\",\"name\":\"Mar\u00e1i-Cecilia-Vial-para-CV - Centro de Gen\u00e9tica y Gen\u00f3mica\",\"isPartOf\":{\"@id\":\"https:\/\/medicina.udd.cl\/centro-genetica-genomica\/#website\"},\"datePublished\":\"2013-07-27T21:51:07+00:00\",\"breadcrumb\":{\"@id\":\"https:\/\/medicina.udd.cl\/centro-genetica-genomica\/files\/2013\/07\/Mar\u00e1i-Cecilia-Vial-para-CV.jpg#breadcrumb\"},\"inLanguage\":\"es\",\"potentialAction\":[{\"@type\":\"ReadAction\",\"target\":[\"https:\/\/medicina.udd.cl\/centro-genetica-genomica\/files\/2013\/07\/Mar\u00e1i-Cecilia-Vial-para-CV.jpg\"]}]},{\"@type\":\"BreadcrumbList\",\"@id\":\"https:\/\/medicina.udd.cl\/centro-genetica-genomica\/files\/2013\/07\/Mar\u00e1i-Cecilia-Vial-para-CV.jpg#breadcrumb\",\"itemListElement\":[{\"@type\":\"ListItem\",\"position\":1,\"name\":\"Inicio\",\"item\":\"https:\/\/medicina.udd.cl\/centro-genetica-genomica\/\"},{\"@type\":\"ListItem\",\"position\":2,\"name\":\"Investigadora UDD en Primer Encuentro de Gen\u00e9tica Cuantitativa de Poblaciones\",\"item\":\"https:\/\/medicina.udd.cl\/centro-genetica-genomica\/noticias\/2014\/04\/09\/investigadora-udd-en-primer-encuentro-de-genetica-cuantitativa-de-poblaciones\/\"},{\"@type\":\"ListItem\",\"position\":3,\"name\":\"Mar\u00e1i-Cecilia-Vial-para-CV\"}]},{\"@type\":\"WebSite\",\"@id\":\"https:\/\/medicina.udd.cl\/centro-genetica-genomica\/#website\",\"url\":\"https:\/\/medicina.udd.cl\/centro-genetica-genomica\/\",\"name\":\"Centro de Gen\u00e9tica y Gen\u00f3mica\",\"description\":\"\",\"inLanguage\":\"es\"}]}<\/script>\n<!-- \/ Yoast SEO plugin. -->","yoast_head_json":{"title":"Mar\u00e1i-Cecilia-Vial-para-CV - Centro de Gen\u00e9tica y Gen\u00f3mica","robots":{"index":"index","follow":"follow","max-snippet":"max-snippet:-1","max-image-preview":"max-image-preview:large","max-video-preview":"max-video-preview:-1"},"canonical":"https:\/\/medicina.udd.cl\/centro-genetica-genomica\/files\/2013\/07\/Mar\u00e1i-Cecilia-Vial-para-CV.jpg","og_locale":"es_ES","og_type":"article","og_title":"Mar\u00e1i-Cecilia-Vial-para-CV - Centro de Gen\u00e9tica y Gen\u00f3mica","og_url":"https:\/\/medicina.udd.cl\/centro-genetica-genomica\/files\/2013\/07\/Mar\u00e1i-Cecilia-Vial-para-CV.jpg","og_site_name":"Centro de Gen\u00e9tica y Gen\u00f3mica","og_image":[{"width":336,"height":408,"url":"https:\/\/medicina.udd.cl\/centro-genetica-genomica\/files\/2013\/07\/Mar\u00e1i-Cecilia-Vial-para-CV.jpg","type":"image\/jpeg"}],"schema":{"@context":"https:\/\/schema.org","@graph":[{"@type":"WebPage","@id":"https:\/\/medicina.udd.cl\/centro-genetica-genomica\/files\/2013\/07\/Mar\u00e1i-Cecilia-Vial-para-CV.jpg","url":"https:\/\/medicina.udd.cl\/centro-genetica-genomica\/files\/2013\/07\/Mar\u00e1i-Cecilia-Vial-para-CV.jpg","name":"Mar\u00e1i-Cecilia-Vial-para-CV - Centro de Gen\u00e9tica y Gen\u00f3mica","isPartOf":{"@id":"https:\/\/medicina.udd.cl\/centro-genetica-genomica\/#website"},"datePublished":"2013-07-27T21:51:07+00:00","breadcrumb":{"@id":"https:\/\/medicina.udd.cl\/centro-genetica-genomica\/files\/2013\/07\/Mar\u00e1i-Cecilia-Vial-para-CV.jpg#breadcrumb"},"inLanguage":"es","potentialAction":[{"@type":"ReadAction","target":["https:\/\/medicina.udd.cl\/centro-genetica-genomica\/files\/2013\/07\/Mar\u00e1i-Cecilia-Vial-para-CV.jpg"]}]},{"@type":"BreadcrumbList","@id":"https:\/\/medicina.udd.cl\/centro-genetica-genomica\/files\/2013\/07\/Mar\u00e1i-Cecilia-Vial-para-CV.jpg#breadcrumb","itemListElement":[{"@type":"ListItem","position":1,"name":"Inicio","item":"https:\/\/medicina.udd.cl\/centro-genetica-genomica\/"},{"@type":"ListItem","position":2,"name":"Investigadora UDD en Primer Encuentro de Gen\u00e9tica Cuantitativa de Poblaciones","item":"https:\/\/medicina.udd.cl\/centro-genetica-genomica\/noticias\/2014\/04\/09\/investigadora-udd-en-primer-encuentro-de-genetica-cuantitativa-de-poblaciones\/"},{"@type":"ListItem","position":3,"name":"Mar\u00e1i-Cecilia-Vial-para-CV"}]},{"@type":"WebSite","@id":"https:\/\/medicina.udd.cl\/centro-genetica-genomica\/#website","url":"https:\/\/medicina.udd.cl\/centro-genetica-genomica\/","name":"Centro de Gen\u00e9tica y Gen\u00f3mica","description":"","inLanguage":"es"}]}},"description":{"rendered":"<p class=\"attachment\"><a href='https:\/\/medicina.udd.cl\/centro-genetica-genomica\/files\/2013\/07\/Mar\u00e1i-Cecilia-Vial-para-CV.jpg'><img loading=\"lazy\" decoding=\"async\" width=\"247\" height=\"300\" src=\"https:\/\/medicina.udd.cl\/centro-genetica-genomica\/files\/2013\/07\/Mar\u00e1i-Cecilia-Vial-para-CV-247x300.jpg\" class=\"attachment-medium size-medium\" alt=\"\" srcset=\"https:\/\/medicina.udd.cl\/centro-genetica-genomica\/files\/2013\/07\/Mar\u00e1i-Cecilia-Vial-para-CV-247x300.jpg 247w, https:\/\/medicina.udd.cl\/centro-genetica-genomica\/files\/2013\/07\/Mar\u00e1i-Cecilia-Vial-para-CV.jpg 336w\" sizes=\"auto, (max-width: 247px) 100vw, 247px\" \/><\/a><\/p>\n"},"caption":{"rendered":""},"alt_text":"","media_type":"image","mime_type":"image\/jpeg","media_details":{"width":336,"height":408,"file":"2013\/07\/Mar\u00e1i-Cecilia-Vial-para-CV.jpg","sizes":{"thumbnail":{"file":"Mar\u00e1i-Cecilia-Vial-para-CV-150x150.jpg","width":150,"height":150,"mime_type":"image\/jpeg","source_url":"https:\/\/medicina.udd.cl\/centro-genetica-genomica\/files\/2013\/07\/Mar\u00e1i-Cecilia-Vial-para-CV-150x150.jpg"},"medium":{"file":"Mar\u00e1i-Cecilia-Vial-para-CV-247x300.jpg","width":247,"height":300,"mime_type":"image\/jpeg","source_url":"https:\/\/medicina.udd.cl\/centro-genetica-genomica\/files\/2013\/07\/Mar\u00e1i-Cecilia-Vial-para-CV-247x300.jpg"},"newsletter_featured":{"file":"Mar\u00e1i-Cecilia-Vial-para-CV-316x224.jpg","width":316,"height":224,"mime_type":"image\/jpeg","source_url":"https:\/\/medicina.udd.cl\/centro-genetica-genomica\/files\/2013\/07\/Mar\u00e1i-Cecilia-Vial-para-CV-316x224.jpg"},"newsletter_first":{"file":"Mar\u00e1i-Cecilia-Vial-para-CV-286x205.jpg","width":286,"height":205,"mime_type":"image\/jpeg","source_url":"https:\/\/medicina.udd.cl\/centro-genetica-genomica\/files\/2013\/07\/Mar\u00e1i-Cecilia-Vial-para-CV-286x205.jpg"},"newsletter_thumb":{"file":"Mar\u00e1i-Cecilia-Vial-para-CV-288x150.jpg","width":288,"height":150,"mime_type":"image\/jpeg","source_url":"https:\/\/medicina.udd.cl\/centro-genetica-genomica\/files\/2013\/07\/Mar\u00e1i-Cecilia-Vial-para-CV-288x150.jpg"},"newsletter_column":{"file":"Mar\u00e1i-Cecilia-Vial-para-CV-182x140.jpg","width":182,"height":140,"mime_type":"image\/jpeg","source_url":"https:\/\/medicina.udd.cl\/centro-genetica-genomica\/files\/2013\/07\/Mar\u00e1i-Cecilia-Vial-para-CV-182x140.jpg"},"newsletter_square":{"file":"Mar\u00e1i-Cecilia-Vial-para-CV-62x62.jpg","width":62,"height":62,"mime_type":"image\/jpeg","source_url":"https:\/\/medicina.udd.cl\/centro-genetica-genomica\/files\/2013\/07\/Mar\u00e1i-Cecilia-Vial-para-CV-62x62.jpg"},"newsletter_square_large":{"file":"Mar\u00e1i-Cecilia-Vial-para-CV-87x62.jpg","width":87,"height":62,"mime_type":"image\/jpeg","source_url":"https:\/\/medicina.udd.cl\/centro-genetica-genomica\/files\/2013\/07\/Mar\u00e1i-Cecilia-Vial-para-CV-87x62.jpg"},"squared":{"file":"Mar\u00e1i-Cecilia-Vial-para-CV-300x300.jpg","width":300,"height":300,"mime_type":"image\/jpeg","source_url":"https:\/\/medicina.udd.cl\/centro-genetica-genomica\/files\/2013\/07\/Mar\u00e1i-Cecilia-Vial-para-CV-300x300.jpg"},"portrait-medium":{"file":"Mar\u00e1i-Cecilia-Vial-para-CV-220x260.jpg","width":220,"height":260,"mime_type":"image\/jpeg","source_url":"https:\/\/medicina.udd.cl\/centro-genetica-genomica\/files\/2013\/07\/Mar\u00e1i-Cecilia-Vial-para-CV-220x260.jpg"},"landscape-small":{"file":"Mar\u00e1i-Cecilia-Vial-para-CV-125x80.jpg","width":125,"height":80,"mime_type":"image\/jpeg","source_url":"https:\/\/medicina.udd.cl\/centro-genetica-genomica\/files\/2013\/07\/Mar\u00e1i-Cecilia-Vial-para-CV-125x80.jpg"},"landscape-medium":{"file":"Mar\u00e1i-Cecilia-Vial-para-CV-336x220.jpg","width":336,"height":220,"mime_type":"image\/jpeg","source_url":"https:\/\/medicina.udd.cl\/centro-genetica-genomica\/files\/2013\/07\/Mar\u00e1i-Cecilia-Vial-para-CV-336x220.jpg"},"landscape-large":{"file":"Mar\u00e1i-Cecilia-Vial-para-CV-336x255.jpg","width":336,"height":255,"mime_type":"image\/jpeg","source_url":"https:\/\/medicina.udd.cl\/centro-genetica-genomica\/files\/2013\/07\/Mar\u00e1i-Cecilia-Vial-para-CV-336x255.jpg"},"panoramic":{"file":"Mar\u00e1i-Cecilia-Vial-para-CV-336x345.jpg","width":336,"height":345,"mime_type":"image\/jpeg","source_url":"https:\/\/medicina.udd.cl\/centro-genetica-genomica\/files\/2013\/07\/Mar\u00e1i-Cecilia-Vial-para-CV-336x345.jpg"},"custom_content":{"file":"Mar\u00e1i-Cecilia-Vial-para-CV-126x126.jpg","width":126,"height":126,"mime_type":"image\/jpeg","source_url":"https:\/\/medicina.udd.cl\/centro-genetica-genomica\/files\/2013\/07\/Mar\u00e1i-Cecilia-Vial-para-CV-126x126.jpg"},"full":{"file":"Mar\u00e1i-Cecilia-Vial-para-CV.jpg","width":336,"height":408,"mime_type":"image\/jpeg","source_url":"https:\/\/medicina.udd.cl\/centro-genetica-genomica\/files\/2013\/07\/Mar\u00e1i-Cecilia-Vial-para-CV.jpg"}},"image_meta":{"aperture":5,"credit":"","camera":"Canon EOS REBEL T2i","caption":"","created_timestamp":1357744281,"copyright":"","focal_length":"43","iso":"400","shutter_speed":"0.016666666666667","title":""}},"post":1135,"source_url":"https:\/\/medicina.udd.cl\/centro-genetica-genomica\/files\/2013\/07\/Mar\u00e1i-Cecilia-Vial-para-CV.jpg","_links":{"self":[{"href":"https:\/\/medicina.udd.cl\/centro-genetica-genomica\/wp-json\/wp\/v2\/media\/902","targetHints":{"allow":["GET"]}}],"collection":[{"href":"https:\/\/medicina.udd.cl\/centro-genetica-genomica\/wp-json\/wp\/v2\/media"}],"about":[{"href":"https:\/\/medicina.udd.cl\/centro-genetica-genomica\/wp-json\/wp\/v2\/types\/attachment"}],"author":[{"embeddable":true,"href":"https:\/\/medicina.udd.cl\/centro-genetica-genomica\/wp-json\/wp\/v2\/users\/34"}],"replies":[{"embeddable":true,"href":"https:\/\/medicina.udd.cl\/centro-genetica-genomica\/wp-json\/wp\/v2\/comments?post=902"}],"wp:attached-to":[{"embeddable":true,"post_type":"post","id":1135,"href":"https:\/\/medicina.udd.cl\/centro-genetica-genomica\/wp-json\/wp\/v2\/posts\/1135"}],"curies":[{"name":"wp","href":"https:\/\/api.w.org\/{rel}","templated":true}]}}

Marái-Cecilia-Vial-para-CV

<!-- This site is optimized with the Yoast SEO plugin v26.9 - https://yoast.com/product/yoast-seo-wordpress/ -->
<title>Marái-Cecilia-Vial-para-CV - Centro de Genética y Genómica</title>
<meta name="robots" content="index, follow, max-snippet:-1, max-image-preview:large, max-video-preview:-1" />
<link rel="canonical" href="https://medicina.udd.cl/centro-genetica-genomica/files/2013/07/Marái-Cecilia-Vial-para-CV.jpg" />
<meta property="og:locale" content="es_ES" />
<meta property="og:type" content="article" />
<meta property="og:title" content="Marái-Cecilia-Vial-para-CV - Centro de Genética y Genómica" />
<meta property="og:url" content="https://medicina.udd.cl/centro-genetica-genomica/files/2013/07/Marái-Cecilia-Vial-para-CV.jpg" />
<meta property="og:site_name" content="Centro de Genética y Genómica" />
<meta property="og:image" content="https://medicina.udd.cl/centro-genetica-genomica/files/2013/07/Marái-Cecilia-Vial-para-CV.jpg" />
	<meta property="og:image:width" content="336" />
	<meta property="og:image:height" content="408" />
	<meta property="og:image:type" content="image/jpeg" />
<script type="application/ld+json" class="yoast-schema-graph">{"@context":"https://schema.org","@graph":[{"@type":"WebPage","@id":"https://medicina.udd.cl/centro-genetica-genomica/files/2013/07/Marái-Cecilia-Vial-para-CV.jpg","url":"https://medicina.udd.cl/centro-genetica-genomica/files/2013/07/Marái-Cecilia-Vial-para-CV.jpg","name":"Marái-Cecilia-Vial-para-CV - Centro de Genética y Genómica","isPartOf":{"@id":"https://medicina.udd.cl/centro-genetica-genomica/#website"},"datePublished":"2013-07-27T21:51:07+00:00","breadcrumb":{"@id":"https://medicina.udd.cl/centro-genetica-genomica/files/2013/07/Marái-Cecilia-Vial-para-CV.jpg#breadcrumb"},"inLanguage":"es","potentialAction":[{"@type":"ReadAction","target":["https://medicina.udd.cl/centro-genetica-genomica/files/2013/07/Marái-Cecilia-Vial-para-CV.jpg"]}]},{"@type":"BreadcrumbList","@id":"https://medicina.udd.cl/centro-genetica-genomica/files/2013/07/Marái-Cecilia-Vial-para-CV.jpg#breadcrumb","itemListElement":[{"@type":"ListItem","position":1,"name":"Inicio","item":"https://medicina.udd.cl/centro-genetica-genomica/"},{"@type":"ListItem","position":2,"name":"Investigadora UDD en Primer Encuentro de Genética Cuantitativa de Poblaciones","item":"https://medicina.udd.cl/centro-genetica-genomica/noticias/2014/04/09/investigadora-udd-en-primer-encuentro-de-genetica-cuantitativa-de-poblaciones/"},{"@type":"ListItem","position":3,"name":"Marái-Cecilia-Vial-para-CV"}]},{"@type":"WebSite","@id":"https://medicina.udd.cl/centro-genetica-genomica/#website","url":"https://medicina.udd.cl/centro-genetica-genomica/","name":"Centro de Genética y Genómica","description":"","inLanguage":"es"}]}</script>
<!-- / Yoast SEO plugin. -->

Marái-Cecilia-Vial-para-CV - Centro de Genética y Genómica

https://medicina.udd.cl/centro-genetica-genomica/files/2013/07/Marái-Cecilia-Vial-para-CV.jpg

Centro de Genética y Genómica

https://medicina.udd.cl/centro-genetica-genomica/files/2013/07/Marái-Cecilia-Vial-para-CV.jpg#breadcrumb

Investigadora UDD en Primer Encuentro de Genética Cuantitativa de Poblaciones

<p class="attachment"><a href='https://medicina.udd.cl/centro-genetica-genomica/files/2013/07/Marái-Cecilia-Vial-para-CV.jpg'><img loading="lazy" decoding="async" width="247" height="300" src="https://medicina.udd.cl/centro-genetica-genomica/files/2013/07/Marái-Cecilia-Vial-para-CV-247x300.jpg" class="attachment-medium size-medium" alt="" srcset="https://medicina.udd.cl/centro-genetica-genomica/files/2013/07/Marái-Cecilia-Vial-para-CV-247x300.jpg 247w, https://medicina.udd.cl/centro-genetica-genomica/files/2013/07/Marái-Cecilia-Vial-para-CV.jpg 336w" sizes="auto, (max-width: 247px) 100vw, 247px" /></a></p>

2013/07/Marái-Cecilia-Vial-para-CV.jpg

Marái-Cecilia-Vial-para-CV-150x150.jpg

https://medicina.udd.cl/centro-genetica-genomica/files/2013/07/Marái-Cecilia-Vial-para-CV-150x150.jpg

Marái-Cecilia-Vial-para-CV-247x300.jpg

https://medicina.udd.cl/centro-genetica-genomica/files/2013/07/Marái-Cecilia-Vial-para-CV-247x300.jpg

Marái-Cecilia-Vial-para-CV-316x224.jpg

https://medicina.udd.cl/centro-genetica-genomica/files/2013/07/Marái-Cecilia-Vial-para-CV-316x224.jpg

Marái-Cecilia-Vial-para-CV-286x205.jpg

https://medicina.udd.cl/centro-genetica-genomica/files/2013/07/Marái-Cecilia-Vial-para-CV-286x205.jpg

Marái-Cecilia-Vial-para-CV-288x150.jpg

https://medicina.udd.cl/centro-genetica-genomica/files/2013/07/Marái-Cecilia-Vial-para-CV-288x150.jpg

Marái-Cecilia-Vial-para-CV-182x140.jpg

https://medicina.udd.cl/centro-genetica-genomica/files/2013/07/Marái-Cecilia-Vial-para-CV-182x140.jpg

Marái-Cecilia-Vial-para-CV-62x62.jpg

https://medicina.udd.cl/centro-genetica-genomica/files/2013/07/Marái-Cecilia-Vial-para-CV-62x62.jpg

Marái-Cecilia-Vial-para-CV-87x62.jpg

https://medicina.udd.cl/centro-genetica-genomica/files/2013/07/Marái-Cecilia-Vial-para-CV-87x62.jpg

Marái-Cecilia-Vial-para-CV-300x300.jpg

https://medicina.udd.cl/centro-genetica-genomica/files/2013/07/Marái-Cecilia-Vial-para-CV-300x300.jpg

Marái-Cecilia-Vial-para-CV-220x260.jpg

https://medicina.udd.cl/centro-genetica-genomica/files/2013/07/Marái-Cecilia-Vial-para-CV-220x260.jpg

Marái-Cecilia-Vial-para-CV-125x80.jpg

https://medicina.udd.cl/centro-genetica-genomica/files/2013/07/Marái-Cecilia-Vial-para-CV-125x80.jpg

Marái-Cecilia-Vial-para-CV-336x220.jpg

https://medicina.udd.cl/centro-genetica-genomica/files/2013/07/Marái-Cecilia-Vial-para-CV-336x220.jpg

Marái-Cecilia-Vial-para-CV-336x255.jpg

https://medicina.udd.cl/centro-genetica-genomica/files/2013/07/Marái-Cecilia-Vial-para-CV-336x255.jpg

Marái-Cecilia-Vial-para-CV-336x345.jpg

https://medicina.udd.cl/centro-genetica-genomica/files/2013/07/Marái-Cecilia-Vial-para-CV-336x345.jpg

Marái-Cecilia-Vial-para-CV-126x126.jpg

https://medicina.udd.cl/centro-genetica-genomica/files/2013/07/Marái-Cecilia-Vial-para-CV-126x126.jpg

Marái-Cecilia-Vial-para-CV.jpg
