{"id":2526,"date":"2020-08-27T16:17:37","date_gmt":"2020-08-27T20:17:37","guid":{"rendered":"http:\/\/medicina.udd.cl\/centro-genetica-genomica\/?page_id=2526"},"modified":"2022-02-24T16:10:56","modified_gmt":"2022-02-24T19:10:56","slug":"sobre-el-centro-2","status":"publish","type":"page","link":"https:\/\/medicina.udd.cl\/centro-genetica-genomica\/sobre-el-centro-2\/","title":{"rendered":"Sobre el Centro"},"content":{"rendered":"<section class=\"wp-block-udd-text-row\">\n\t<div class=\"text-row\">\n\t\t<div class=\"text-row__content\">\n\t\t\t<div class=\"text-row__content-inner text\">\n\t\t\t\t\t\t\t\t\n<p>Grupo multidisciplinario de profesionales con formaci\u00f3n e inter\u00e9s en distintos \u00e1mbitos de la gen\u00e9tica, gen\u00f3mica y su relaci\u00f3n con la medicina. Realizamos docencia, investigaci\u00f3n, y extensi\u00f3n.<\/p>\n\n<p>En Chile, la situaci\u00f3n especial de mestizaje, nos puede ayudar desde el punto de vista gen\u00e9tico a entender c\u00f3mo la variaci\u00f3n gen\u00e9tica natural entre individuos afecta diversos atributos, tanto en salud como en enfermedad.<\/p>\n\n<p>En individuos sanos, buscamos entender le gen\u00f3mica local y c\u00f3mo \u00e9sta var\u00eda con respecto a otras poblaciones. En patolog\u00eda, queremos comprender las causas y modificadores gen\u00e9ticos de enfermedades humanas. En otras palabras, por qu\u00e9 algunas personas padecen de enfermedades gen\u00e9ticas y cu\u00e1ndo las tienen, por qu\u00e9 distintos pacientes con la misma patolog\u00eda pueden presentar distintos s\u00edntomas.<\/p>\n\n<p>Estudiamos todo tipo de enfermedades, integrando la cl\u00ednica, gen\u00f3mica, bioinform\u00e1tica y an\u00e1lisis funcionales, con el objetivo de desarrollar una medicina personalizada para cada individuo. Participamos activamente con pacientes y asociaciones de pacientes para entender sus necesidades. En colaboraci\u00f3n con ellos, otros centros de CAS-UDD y otras universidades, contribuimos a la generaci\u00f3n de pol\u00edticas p\u00fablicas en salud.<\/p>\n\t\t\t<\/div>\n\t\t<\/div>\n\t\t<div class=\"text-row__media\">\n\t\t\t<img loading=\"lazy\" decoding=\"async\" width=\"801\" height=\"534\" src=\"https:\/\/medicina.udd.cl\/centro-genetica-genomica\/files\/2018\/01\/IMG_3224.jpg\" class=\"text-row__media-image\" alt=\"\" srcset=\"https:\/\/medicina.udd.cl\/centro-genetica-genomica\/files\/2018\/01\/IMG_3224.jpg 4096w, https:\/\/medicina.udd.cl\/centro-genetica-genomica\/files\/2018\/01\/IMG_3224-300x200.jpg 300w, https:\/\/medicina.udd.cl\/centro-genetica-genomica\/files\/2018\/01\/IMG_3224-768x512.jpg 768w, https:\/\/medicina.udd.cl\/centro-genetica-genomica\/files\/2018\/01\/IMG_3224-1024x683.jpg 1024w, https:\/\/medicina.udd.cl\/centro-genetica-genomica\/files\/2018\/01\/IMG_3224-960x640.jpg 960w\" sizes=\"auto, (max-width: 801px) 100vw, 801px\" \/>\t\t<\/div>\n\t<\/div>\n<\/section>\n","protected":false},"excerpt":{"rendered":"","protected":false},"author":42,"featured_media":2199,"parent":0,"menu_order":0,"comment_status":"closed","ping_status":"closed","template":"","meta":{"footnotes":""},"class_list":["post-2526","page","type-page","status-publish","has-post-thumbnail","hentry"],"yoast_head":"<!-- This site is optimized with the Yoast SEO plugin v26.9 - https:\/\/yoast.com\/product\/yoast-seo-wordpress\/ -->\n<title>Sobre el Centro - Centro de Gen\u00e9tica y Gen\u00f3mica<\/title>\n<meta name=\"robots\" content=\"index, follow, max-snippet:-1, max-image-preview:large, max-video-preview:-1\" \/>\n<link rel=\"canonical\" href=\"https:\/\/medicina.udd.cl\/centro-genetica-genomica\/sobre-el-centro-2\/\" \/>\n<meta property=\"og:locale\" content=\"es_ES\" \/>\n<meta property=\"og:type\" content=\"article\" \/>\n<meta property=\"og:title\" content=\"Sobre el Centro - Centro de Gen\u00e9tica y Gen\u00f3mica\" \/>\n<meta property=\"og:url\" content=\"https:\/\/medicina.udd.cl\/centro-genetica-genomica\/sobre-el-centro-2\/\" \/>\n<meta property=\"og:site_name\" content=\"Centro de Gen\u00e9tica y Gen\u00f3mica\" \/>\n<meta property=\"article:modified_time\" content=\"2022-02-24T19:10:56+00:00\" \/>\n<meta property=\"og:image\" content=\"https:\/\/medicina.udd.cl\/centro-genetica-genomica\/files\/2018\/01\/IMG_3224-1024x683.jpg\" \/>\n\t<meta property=\"og:image:width\" content=\"1024\" \/>\n\t<meta property=\"og:image:height\" content=\"683\" \/>\n\t<meta property=\"og:image:type\" content=\"image\/jpeg\" \/>\n<meta name=\"twitter:label1\" content=\"Tiempo de lectura\" \/>\n\t<meta name=\"twitter:data1\" content=\"1 minuto\" \/>\n<script type=\"application\/ld+json\" class=\"yoast-schema-graph\">{\"@context\":\"https:\/\/schema.org\",\"@graph\":[{\"@type\":\"WebPage\",\"@id\":\"https:\/\/medicina.udd.cl\/centro-genetica-genomica\/sobre-el-centro-2\/\",\"url\":\"https:\/\/medicina.udd.cl\/centro-genetica-genomica\/sobre-el-centro-2\/\",\"name\":\"Sobre el Centro - Centro de Gen\u00e9tica y Gen\u00f3mica\",\"isPartOf\":{\"@id\":\"https:\/\/medicina.udd.cl\/centro-genetica-genomica\/#website\"},\"primaryImageOfPage\":{\"@id\":\"https:\/\/medicina.udd.cl\/centro-genetica-genomica\/sobre-el-centro-2\/#primaryimage\"},\"image\":{\"@id\":\"https:\/\/medicina.udd.cl\/centro-genetica-genomica\/sobre-el-centro-2\/#primaryimage\"},\"thumbnailUrl\":\"https:\/\/medicina.udd.cl\/centro-genetica-genomica\/files\/2018\/01\/IMG_3224.jpg\",\"datePublished\":\"2020-08-27T20:17:37+00:00\",\"dateModified\":\"2022-02-24T19:10:56+00:00\",\"breadcrumb\":{\"@id\":\"https:\/\/medicina.udd.cl\/centro-genetica-genomica\/sobre-el-centro-2\/#breadcrumb\"},\"inLanguage\":\"es\",\"potentialAction\":[{\"@type\":\"ReadAction\",\"target\":[\"https:\/\/medicina.udd.cl\/centro-genetica-genomica\/sobre-el-centro-2\/\"]}]},{\"@type\":\"ImageObject\",\"inLanguage\":\"es\",\"@id\":\"https:\/\/medicina.udd.cl\/centro-genetica-genomica\/sobre-el-centro-2\/#primaryimage\",\"url\":\"https:\/\/medicina.udd.cl\/centro-genetica-genomica\/files\/2018\/01\/IMG_3224.jpg\",\"contentUrl\":\"https:\/\/medicina.udd.cl\/centro-genetica-genomica\/files\/2018\/01\/IMG_3224.jpg\",\"width\":4096,\"height\":2731},{\"@type\":\"BreadcrumbList\",\"@id\":\"https:\/\/medicina.udd.cl\/centro-genetica-genomica\/sobre-el-centro-2\/#breadcrumb\",\"itemListElement\":[{\"@type\":\"ListItem\",\"position\":1,\"name\":\"Inicio\",\"item\":\"https:\/\/medicina.udd.cl\/centro-genetica-genomica\/\"},{\"@type\":\"ListItem\",\"position\":2,\"name\":\"Sobre el Centro\"}]},{\"@type\":\"WebSite\",\"@id\":\"https:\/\/medicina.udd.cl\/centro-genetica-genomica\/#website\",\"url\":\"https:\/\/medicina.udd.cl\/centro-genetica-genomica\/\",\"name\":\"Centro de Gen\u00e9tica y Gen\u00f3mica\",\"description\":\"\",\"inLanguage\":\"es\"}]}<\/script>\n<!-- \/ Yoast SEO plugin. -->","yoast_head_json":{"title":"Sobre el Centro - Centro de Gen\u00e9tica y Gen\u00f3mica","robots":{"index":"index","follow":"follow","max-snippet":"max-snippet:-1","max-image-preview":"max-image-preview:large","max-video-preview":"max-video-preview:-1"},"canonical":"https:\/\/medicina.udd.cl\/centro-genetica-genomica\/sobre-el-centro-2\/","og_locale":"es_ES","og_type":"article","og_title":"Sobre el Centro - Centro de Gen\u00e9tica y Gen\u00f3mica","og_url":"https:\/\/medicina.udd.cl\/centro-genetica-genomica\/sobre-el-centro-2\/","og_site_name":"Centro de Gen\u00e9tica y Gen\u00f3mica","article_modified_time":"2022-02-24T19:10:56+00:00","og_image":[{"width":1024,"height":683,"url":"https:\/\/medicina.udd.cl\/centro-genetica-genomica\/files\/2018\/01\/IMG_3224-1024x683.jpg","type":"image\/jpeg"}],"twitter_misc":{"Tiempo de lectura":"1 minuto"},"schema":{"@context":"https:\/\/schema.org","@graph":[{"@type":"WebPage","@id":"https:\/\/medicina.udd.cl\/centro-genetica-genomica\/sobre-el-centro-2\/","url":"https:\/\/medicina.udd.cl\/centro-genetica-genomica\/sobre-el-centro-2\/","name":"Sobre el Centro - Centro de Gen\u00e9tica y Gen\u00f3mica","isPartOf":{"@id":"https:\/\/medicina.udd.cl\/centro-genetica-genomica\/#website"},"primaryImageOfPage":{"@id":"https:\/\/medicina.udd.cl\/centro-genetica-genomica\/sobre-el-centro-2\/#primaryimage"},"image":{"@id":"https:\/\/medicina.udd.cl\/centro-genetica-genomica\/sobre-el-centro-2\/#primaryimage"},"thumbnailUrl":"https:\/\/medicina.udd.cl\/centro-genetica-genomica\/files\/2018\/01\/IMG_3224.jpg","datePublished":"2020-08-27T20:17:37+00:00","dateModified":"2022-02-24T19:10:56+00:00","breadcrumb":{"@id":"https:\/\/medicina.udd.cl\/centro-genetica-genomica\/sobre-el-centro-2\/#breadcrumb"},"inLanguage":"es","potentialAction":[{"@type":"ReadAction","target":["https:\/\/medicina.udd.cl\/centro-genetica-genomica\/sobre-el-centro-2\/"]}]},{"@type":"ImageObject","inLanguage":"es","@id":"https:\/\/medicina.udd.cl\/centro-genetica-genomica\/sobre-el-centro-2\/#primaryimage","url":"https:\/\/medicina.udd.cl\/centro-genetica-genomica\/files\/2018\/01\/IMG_3224.jpg","contentUrl":"https:\/\/medicina.udd.cl\/centro-genetica-genomica\/files\/2018\/01\/IMG_3224.jpg","width":4096,"height":2731},{"@type":"BreadcrumbList","@id":"https:\/\/medicina.udd.cl\/centro-genetica-genomica\/sobre-el-centro-2\/#breadcrumb","itemListElement":[{"@type":"ListItem","position":1,"name":"Inicio","item":"https:\/\/medicina.udd.cl\/centro-genetica-genomica\/"},{"@type":"ListItem","position":2,"name":"Sobre el Centro"}]},{"@type":"WebSite","@id":"https:\/\/medicina.udd.cl\/centro-genetica-genomica\/#website","url":"https:\/\/medicina.udd.cl\/centro-genetica-genomica\/","name":"Centro de Gen\u00e9tica y Gen\u00f3mica","description":"","inLanguage":"es"}]}},"_links":{"self":[{"href":"https:\/\/medicina.udd.cl\/centro-genetica-genomica\/wp-json\/wp\/v2\/pages\/2526","targetHints":{"allow":["GET"]}}],"collection":[{"href":"https:\/\/medicina.udd.cl\/centro-genetica-genomica\/wp-json\/wp\/v2\/pages"}],"about":[{"href":"https:\/\/medicina.udd.cl\/centro-genetica-genomica\/wp-json\/wp\/v2\/types\/page"}],"author":[{"embeddable":true,"href":"https:\/\/medicina.udd.cl\/centro-genetica-genomica\/wp-json\/wp\/v2\/users\/42"}],"replies":[{"embeddable":true,"href":"https:\/\/medicina.udd.cl\/centro-genetica-genomica\/wp-json\/wp\/v2\/comments?post=2526"}],"version-history":[{"count":3,"href":"https:\/\/medicina.udd.cl\/centro-genetica-genomica\/wp-json\/wp\/v2\/pages\/2526\/revisions"}],"predecessor-version":[{"id":2858,"href":"https:\/\/medicina.udd.cl\/centro-genetica-genomica\/wp-json\/wp\/v2\/pages\/2526\/revisions\/2858"}],"wp:featuredmedia":[{"embeddable":true,"href":"https:\/\/medicina.udd.cl\/centro-genetica-genomica\/wp-json\/wp\/v2\/media\/2199"}],"wp:attachment":[{"href":"https:\/\/medicina.udd.cl\/centro-genetica-genomica\/wp-json\/wp\/v2\/media?parent=2526"}],"curies":[{"name":"wp","href":"https:\/\/api.w.org\/{rel}","templated":true}]}}

<section class="wp-block-udd-text-row">
	<div class="text-row">
		<div class="text-row__content">
			<div class="text-row__content-inner text">
								
<p>Grupo multidisciplinario de profesionales con formación e interés en distintos ámbitos de la genética, genómica y su relación con la medicina. Realizamos docencia, investigación, y extensión.</p>

<p>En Chile, la situación especial de mestizaje, nos puede ayudar desde el punto de vista genético a entender cómo la variación genética natural entre individuos afecta diversos atributos, tanto en salud como en enfermedad.</p>

<p>En individuos sanos, buscamos entender le genómica local y cómo ésta varía con respecto a otras poblaciones. En patología, queremos comprender las causas y modificadores genéticos de enfermedades humanas. En otras palabras, por qué algunas personas padecen de enfermedades genéticas y cuándo las tienen, por qué distintos pacientes con la misma patología pueden presentar distintos síntomas.</p>

<p>Estudiamos todo tipo de enfermedades, integrando la clínica, genómica, bioinformática y análisis funcionales, con el objetivo de desarrollar una medicina personalizada para cada individuo. Participamos activamente con pacientes y asociaciones de pacientes para entender sus necesidades. En colaboración con ellos, otros centros de CAS-UDD y otras universidades, contribuimos a la generación de políticas públicas en salud.</p>
			</div>
		</div>
		<div class="text-row__media">
			<img loading="lazy" decoding="async" width="801" height="534" src="https://medicina.udd.cl/centro-genetica-genomica/files/2018/01/IMG_3224.jpg" class="text-row__media-image" alt="" srcset="https://medicina.udd.cl/centro-genetica-genomica/files/2018/01/IMG_3224.jpg 4096w, https://medicina.udd.cl/centro-genetica-genomica/files/2018/01/IMG_3224-300x200.jpg 300w, https://medicina.udd.cl/centro-genetica-genomica/files/2018/01/IMG_3224-768x512.jpg 768w, https://medicina.udd.cl/centro-genetica-genomica/files/2018/01/IMG_3224-1024x683.jpg 1024w, https://medicina.udd.cl/centro-genetica-genomica/files/2018/01/IMG_3224-960x640.jpg 960w" sizes="auto, (max-width: 801px) 100vw, 801px" />		</div>
	</div>
</section>

<!-- This site is optimized with the Yoast SEO plugin v26.9 - https://yoast.com/product/yoast-seo-wordpress/ -->
<title>Sobre el Centro - Centro de Genética y Genómica</title>
<meta name="robots" content="index, follow, max-snippet:-1, max-image-preview:large, max-video-preview:-1" />
<link rel="canonical" href="https://medicina.udd.cl/centro-genetica-genomica/sobre-el-centro-2/" />
<meta property="og:locale" content="es_ES" />
<meta property="og:type" content="article" />
<meta property="og:title" content="Sobre el Centro - Centro de Genética y Genómica" />
<meta property="og:url" content="https://medicina.udd.cl/centro-genetica-genomica/sobre-el-centro-2/" />
<meta property="og:site_name" content="Centro de Genética y Genómica" />
<meta property="article:modified_time" content="2022-02-24T19:10:56+00:00" />
<meta property="og:image" content="https://medicina.udd.cl/centro-genetica-genomica/files/2018/01/IMG_3224-1024x683.jpg" />
	<meta property="og:image:width" content="1024" />
	<meta property="og:image:height" content="683" />
	<meta property="og:image:type" content="image/jpeg" />
<meta name="twitter:label1" content="Tiempo de lectura" />
	<meta name="twitter:data1" content="1 minuto" />
<script type="application/ld+json" class="yoast-schema-graph">{"@context":"https://schema.org","@graph":[{"@type":"WebPage","@id":"https://medicina.udd.cl/centro-genetica-genomica/sobre-el-centro-2/","url":"https://medicina.udd.cl/centro-genetica-genomica/sobre-el-centro-2/","name":"Sobre el Centro - Centro de Genética y Genómica","isPartOf":{"@id":"https://medicina.udd.cl/centro-genetica-genomica/#website"},"primaryImageOfPage":{"@id":"https://medicina.udd.cl/centro-genetica-genomica/sobre-el-centro-2/#primaryimage"},"image":{"@id":"https://medicina.udd.cl/centro-genetica-genomica/sobre-el-centro-2/#primaryimage"},"thumbnailUrl":"https://medicina.udd.cl/centro-genetica-genomica/files/2018/01/IMG_3224.jpg","datePublished":"2020-08-27T20:17:37+00:00","dateModified":"2022-02-24T19:10:56+00:00","breadcrumb":{"@id":"https://medicina.udd.cl/centro-genetica-genomica/sobre-el-centro-2/#breadcrumb"},"inLanguage":"es","potentialAction":[{"@type":"ReadAction","target":["https://medicina.udd.cl/centro-genetica-genomica/sobre-el-centro-2/"]}]},{"@type":"ImageObject","inLanguage":"es","@id":"https://medicina.udd.cl/centro-genetica-genomica/sobre-el-centro-2/#primaryimage","url":"https://medicina.udd.cl/centro-genetica-genomica/files/2018/01/IMG_3224.jpg","contentUrl":"https://medicina.udd.cl/centro-genetica-genomica/files/2018/01/IMG_3224.jpg","width":4096,"height":2731},{"@type":"BreadcrumbList","@id":"https://medicina.udd.cl/centro-genetica-genomica/sobre-el-centro-2/#breadcrumb","itemListElement":[{"@type":"ListItem","position":1,"name":"Inicio","item":"https://medicina.udd.cl/centro-genetica-genomica/"},{"@type":"ListItem","position":2,"name":"Sobre el Centro"}]},{"@type":"WebSite","@id":"https://medicina.udd.cl/centro-genetica-genomica/#website","url":"https://medicina.udd.cl/centro-genetica-genomica/","name":"Centro de Genética y Genómica","description":"","inLanguage":"es"}]}</script>
<!-- / Yoast SEO plugin. -->

Sobre el Centro - Centro de Genética y Genómica

Centro de Genética y Genómica
