{"id":2568,"date":"2020-08-28T11:54:20","date_gmt":"2020-08-28T15:54:20","guid":{"rendered":"http:\/\/medicina.udd.cl\/centro-genetica-genomica\/?page_id=2568"},"modified":"2022-03-09T12:20:28","modified_gmt":"2022-03-09T15:20:28","slug":"andres-klein","status":"publish","type":"page","link":"https:\/\/medicina.udd.cl\/centro-genetica-genomica\/andres-klein\/","title":{"rendered":"Andr\u00e9s Klein"},"content":{"rendered":"<section class=\"wp-block-udd-featured-link\">\n\t<div class=\"container\">\n\t\t<div class=\"featured-link\">\n\t\t\t\t\t\t<div class=\"featured-link__media\">\n\t\t\t<a href=\"\" data-url=\"\">\n\t\t\t\t\t<img loading=\"lazy\" decoding=\"async\" width=\"400\" height=\"382\" src=\"https:\/\/medicina.udd.cl\/centro-genetica-genomica\/files\/2020\/08\/Andr\u00e9s-Klein-400x382.jpg\" class=\"featured-link__media-image\" alt=\"\" \/>\t\t\t\t<\/a>\n\t\t\t<\/div>\n\t\t\t\t\t\t<div class=\"featured-link__content\">\n\t\t\t\t\t\t\t\t<h4 class=\"featured-link__epigraph\">\n\t\t\t\t\tDirector\t\t\t\t<\/h4>\n\t\t\t\t\t\t\t\t\t\t\t\t\t<h3 class=\"featured-link__title\">\n\t\t\t\t\t\t<a data-url=\"\" href=\"\">\n\t\t\t\t\t\t\tAndr\u00e9s Klein, PhD.\t\t\t\t\t\t<\/a>\n\t\t\t\t\t<\/h3>\n\t\t\t\t\t\t\t\t\t\t\t\t<div class=\"featured-link__description\">\n\t\t\t\t\t\u2013 Doctor en Biolog\u00eda Celular y Molecular, Pontificia Universidad Cat\u00f3lica de Chile.<br> \u2013 Entrenamiento postdoctoral en la Universidad de Stanford y el Instituto Weizmann de Ciencias.<br><a href=\"mailto:andresklein@udd.cl\">andresklein@udd.cl<\/a> \t\t\t\t<\/div>\n\t\t\t\t\t\t\t\t\t\t\t\t\t\t\t<\/div>\n\t\t<\/div>\n\t<\/div>\n<\/section>\n\n\n<!-- WP Block: UDD - Cards Alternate -->\n<section class=\"wp-block-udd-access-cards\">\n\t<div class=\"container\">\n\t\t\t\t<div class=\"block__content\">\n\t\t\t<div class=\"access-cards\">\n\t\t\t\t\t\t\t<div class=\"access-card-wrapper\">\n\t\t\t\t\t\t\t\t\t\t<div class=\"access-card\">\n\t\t\t\t\t\t<h3 class=\"access-card__title\">L\u00edneas de investigaci\u00f3n<\/h3>\n\t\t\t\t\t\t<p class=\"access-card__description\">\n\t\t\t\t\t\t\t\t\t\t\t\t\t<\/p>\n\t\t\t\t\t\t\t\t\t\t\t\t\t\t\t\t\t\t<div class=\"access-card__link\">\n\t\t\t\t\t\t\t\t<a href=\"https:\/\/medicina.udd.cl\/centro-genetica-genomica\/lineas-de-investigacion-andres-klein\/\" class=\"access-card__link-text\" data-url=\"https:\/\/medicina.udd.cl\/centro-genetica-genomica\/lineas-de-investigacion-andres-klein\/\">Conocer m\u00e1s<\/a>\n\t\t\t\t\t\t\t<\/div>\n\t\t\t\t\t\t\t\t\t\t\t<\/div>\n\t\t\t\t<\/div>\n\t\t\t\t\t\t\t<div class=\"access-card-wrapper\">\n\t\t\t\t\t\t\t\t\t\t<div class=\"access-card\">\n\t\t\t\t\t\t<h3 class=\"access-card__title\">Publicaciones<\/h3>\n\t\t\t\t\t\t<p class=\"access-card__description\">\n\t\t\t\t\t\t\t\t\t\t\t\t\t<\/p>\n\t\t\t\t\t\t\t\t\t\t\t\t\t\t\t\t\t\t<div class=\"access-card__link\">\n\t\t\t\t\t\t\t\t<a href=\"https:\/\/medicina.udd.cl\/centro-genetica-genomica\/publicaciones-andres-klein\/\" class=\"access-card__link-text\" data-url=\"https:\/\/medicina.udd.cl\/centro-genetica-genomica\/publicaciones-andres-klein\/\">Art\u00edculos destacados<\/a>\n\t\t\t\t\t\t\t<\/div>\n\t\t\t\t\t\t\t\t\t\t\t<\/div>\n\t\t\t\t<\/div>\n\t\t\t\t\t\t\t<div class=\"access-card-wrapper\">\n\t\t\t\t\t\t\t\t\t\t<div class=\"access-card\">\n\t\t\t\t\t\t<h3 class=\"access-card__title\">Financiamiento<\/h3>\n\t\t\t\t\t\t<p class=\"access-card__description\">\n\t\t\t\t\t\t\t\t\t\t\t\t\t<\/p>\n\t\t\t\t\t\t\t\t\t\t\t\t\t\t\t\t\t\t<div class=\"access-card__link\">\n\t\t\t\t\t\t\t\t<a href=\"https:\/\/medicina.udd.cl\/centro-genetica-genomica\/financiamiento-andres-klein\/\" class=\"access-card__link-text\" data-url=\"https:\/\/medicina.udd.cl\/centro-genetica-genomica\/financiamiento-andres-klein\/\">Proyectos<\/a>\n\t\t\t\t\t\t\t<\/div>\n\t\t\t\t\t\t\t\t\t\t\t<\/div>\n\t\t\t\t<\/div>\n\t\t\t\t\t\t<\/div>\n\t\t<\/div>\n\t<\/div>\n<\/section>\n\n\n\n<p><strong>Intereses<\/strong><\/p>\n\n\n\n<p>Mi principal inter\u00e9s es descubrir genes modificadores de procesos biol\u00f3gicos, especialmente relacionados con enfermedades lisosomales. Para ello realizo estudios en m\u00faltiples cepas de ratones y en muestras humanas. Utilizamos estrategias de la biolog\u00eda de sistemas, donde se integran fenotipos cl\u00ednicos con datos gen\u00e9ticos, transcriptomas, biolog\u00eda celular, entre otros. Nuestro &nbsp;objetivo es dise\u00f1ar terapias personalizadas para cada paciente basado en su propia biolog\u00eda.<\/p>\n\n\n\n<p><strong>Interests<\/strong><\/p>\n\n\n\n<p>My main interest is uncovering modifier genes of biological processes specially related to lysosomal-associated diseases. To this end we carry-out studies in multiple inbred mouse strains and in humans\u2019 samples. We use systems biology strategies, where we integrate clinical phenotypes with genetic data, transcriptomes, cell biology, among other high-throughput data. Our goal is to design tailored therapies for each patient based on his own biology.<\/p>\n\n\n\n<p><strong>Reconocimientos<\/strong><\/p>\n\n\n\n<ul class=\"wp-block-list\"><li>2008: Beca CONICYT para estudios doctorales.<\/li><li>2009-2011: Pew Latin American Fellow in the Biomedical Sciences.<\/li><li>2009-2011: Beca Postdoctoral de la Ara Parseghian Medical Research Foundation.<\/li><li>2011-2013: Beca Postdoctoral de la UK Gaucher Association.<\/li><li>2013: Elegido como uno de los 5 chilenos menores de 35 a\u00f1os m\u00e1s innovadores del a\u00f1o por la revista Massachusetts Institute of Technology (MIT) technology reviews: http:\/\/www2.technologyreview.es\/tr35chile\/1433\/andres-klein\/.<\/li><li>2013: Elegido uno de los 100 l\u00edderes jovenes del a\u00f1o por la Revista del S\u00e1bado, del diario El Mercurio.<\/li><li>2017-2020: Asesor cient\u00edfico (Scientific Advisory Board) de Cures Within Reach.<\/li><\/ul>\n","protected":false},"excerpt":{"rendered":"<p>Intereses Mi principal inter\u00e9s es descubrir genes modificadores de procesos biol\u00f3gicos, especialmente relacionados con enfermedades lisosomales. Para ello realizo estudios en m\u00faltiples cepas de ratones y en muestras humanas. Utilizamos estrategias de la biolog\u00eda de sistemas, donde se integran fenotipos cl\u00ednicos con datos gen\u00e9ticos, transcriptomas, biolog\u00eda celular, entre otros. Nuestro &nbsp;objetivo es dise\u00f1ar terapias personalizadas [&hellip;]<\/p>\n","protected":false},"author":42,"featured_media":0,"parent":0,"menu_order":0,"comment_status":"closed","ping_status":"closed","template":"","meta":{"footnotes":""},"class_list":["post-2568","page","type-page","status-publish","hentry"],"yoast_head":"<!-- This site is optimized with the Yoast SEO plugin v26.9 - https:\/\/yoast.com\/product\/yoast-seo-wordpress\/ -->\n<title>Andr\u00e9s Klein - Centro de Gen\u00e9tica y Gen\u00f3mica<\/title>\n<meta name=\"robots\" content=\"index, follow, max-snippet:-1, max-image-preview:large, max-video-preview:-1\" \/>\n<link rel=\"canonical\" href=\"https:\/\/medicina.udd.cl\/centro-genetica-genomica\/andres-klein\/\" \/>\n<meta property=\"og:locale\" content=\"es_ES\" \/>\n<meta property=\"og:type\" content=\"article\" \/>\n<meta property=\"og:title\" content=\"Andr\u00e9s Klein - Centro de Gen\u00e9tica y Gen\u00f3mica\" \/>\n<meta property=\"og:description\" content=\"Intereses Mi principal inter\u00e9s es descubrir genes modificadores de procesos biol\u00f3gicos, especialmente relacionados con enfermedades lisosomales. Para ello realizo estudios en m\u00faltiples cepas de ratones y en muestras humanas. Utilizamos estrategias de la biolog\u00eda de sistemas, donde se integran fenotipos cl\u00ednicos con datos gen\u00e9ticos, transcriptomas, biolog\u00eda celular, entre otros. Nuestro &nbsp;objetivo es dise\u00f1ar terapias personalizadas [&hellip;]\" \/>\n<meta property=\"og:url\" content=\"https:\/\/medicina.udd.cl\/centro-genetica-genomica\/andres-klein\/\" \/>\n<meta property=\"og:site_name\" content=\"Centro de Gen\u00e9tica y Gen\u00f3mica\" \/>\n<meta property=\"article:modified_time\" content=\"2022-03-09T15:20:28+00:00\" \/>\n<meta name=\"twitter:label1\" content=\"Tiempo de lectura\" \/>\n\t<meta name=\"twitter:data1\" content=\"1 minuto\" \/>\n<script type=\"application\/ld+json\" class=\"yoast-schema-graph\">{\"@context\":\"https:\/\/schema.org\",\"@graph\":[{\"@type\":\"WebPage\",\"@id\":\"https:\/\/medicina.udd.cl\/centro-genetica-genomica\/andres-klein\/\",\"url\":\"https:\/\/medicina.udd.cl\/centro-genetica-genomica\/andres-klein\/\",\"name\":\"Andr\u00e9s Klein - Centro de Gen\u00e9tica y Gen\u00f3mica\",\"isPartOf\":{\"@id\":\"https:\/\/medicina.udd.cl\/centro-genetica-genomica\/#website\"},\"datePublished\":\"2020-08-28T15:54:20+00:00\",\"dateModified\":\"2022-03-09T15:20:28+00:00\",\"breadcrumb\":{\"@id\":\"https:\/\/medicina.udd.cl\/centro-genetica-genomica\/andres-klein\/#breadcrumb\"},\"inLanguage\":\"es\",\"potentialAction\":[{\"@type\":\"ReadAction\",\"target\":[\"https:\/\/medicina.udd.cl\/centro-genetica-genomica\/andres-klein\/\"]}]},{\"@type\":\"BreadcrumbList\",\"@id\":\"https:\/\/medicina.udd.cl\/centro-genetica-genomica\/andres-klein\/#breadcrumb\",\"itemListElement\":[{\"@type\":\"ListItem\",\"position\":1,\"name\":\"Inicio\",\"item\":\"https:\/\/medicina.udd.cl\/centro-genetica-genomica\/\"},{\"@type\":\"ListItem\",\"position\":2,\"name\":\"Andr\u00e9s Klein\"}]},{\"@type\":\"WebSite\",\"@id\":\"https:\/\/medicina.udd.cl\/centro-genetica-genomica\/#website\",\"url\":\"https:\/\/medicina.udd.cl\/centro-genetica-genomica\/\",\"name\":\"Centro de Gen\u00e9tica y Gen\u00f3mica\",\"description\":\"\",\"inLanguage\":\"es\"}]}<\/script>\n<!-- \/ Yoast SEO plugin. -->","yoast_head_json":{"title":"Andr\u00e9s Klein - Centro de Gen\u00e9tica y Gen\u00f3mica","robots":{"index":"index","follow":"follow","max-snippet":"max-snippet:-1","max-image-preview":"max-image-preview:large","max-video-preview":"max-video-preview:-1"},"canonical":"https:\/\/medicina.udd.cl\/centro-genetica-genomica\/andres-klein\/","og_locale":"es_ES","og_type":"article","og_title":"Andr\u00e9s Klein - Centro de Gen\u00e9tica y Gen\u00f3mica","og_description":"Intereses Mi principal inter\u00e9s es descubrir genes modificadores de procesos biol\u00f3gicos, especialmente relacionados con enfermedades lisosomales. Para ello realizo estudios en m\u00faltiples cepas de ratones y en muestras humanas. Utilizamos estrategias de la biolog\u00eda de sistemas, donde se integran fenotipos cl\u00ednicos con datos gen\u00e9ticos, transcriptomas, biolog\u00eda celular, entre otros. Nuestro &nbsp;objetivo es dise\u00f1ar terapias personalizadas [&hellip;]","og_url":"https:\/\/medicina.udd.cl\/centro-genetica-genomica\/andres-klein\/","og_site_name":"Centro de Gen\u00e9tica y Gen\u00f3mica","article_modified_time":"2022-03-09T15:20:28+00:00","twitter_misc":{"Tiempo de lectura":"1 minuto"},"schema":{"@context":"https:\/\/schema.org","@graph":[{"@type":"WebPage","@id":"https:\/\/medicina.udd.cl\/centro-genetica-genomica\/andres-klein\/","url":"https:\/\/medicina.udd.cl\/centro-genetica-genomica\/andres-klein\/","name":"Andr\u00e9s Klein - Centro de Gen\u00e9tica y Gen\u00f3mica","isPartOf":{"@id":"https:\/\/medicina.udd.cl\/centro-genetica-genomica\/#website"},"datePublished":"2020-08-28T15:54:20+00:00","dateModified":"2022-03-09T15:20:28+00:00","breadcrumb":{"@id":"https:\/\/medicina.udd.cl\/centro-genetica-genomica\/andres-klein\/#breadcrumb"},"inLanguage":"es","potentialAction":[{"@type":"ReadAction","target":["https:\/\/medicina.udd.cl\/centro-genetica-genomica\/andres-klein\/"]}]},{"@type":"BreadcrumbList","@id":"https:\/\/medicina.udd.cl\/centro-genetica-genomica\/andres-klein\/#breadcrumb","itemListElement":[{"@type":"ListItem","position":1,"name":"Inicio","item":"https:\/\/medicina.udd.cl\/centro-genetica-genomica\/"},{"@type":"ListItem","position":2,"name":"Andr\u00e9s Klein"}]},{"@type":"WebSite","@id":"https:\/\/medicina.udd.cl\/centro-genetica-genomica\/#website","url":"https:\/\/medicina.udd.cl\/centro-genetica-genomica\/","name":"Centro de Gen\u00e9tica y Gen\u00f3mica","description":"","inLanguage":"es"}]}},"_links":{"self":[{"href":"https:\/\/medicina.udd.cl\/centro-genetica-genomica\/wp-json\/wp\/v2\/pages\/2568","targetHints":{"allow":["GET"]}}],"collection":[{"href":"https:\/\/medicina.udd.cl\/centro-genetica-genomica\/wp-json\/wp\/v2\/pages"}],"about":[{"href":"https:\/\/medicina.udd.cl\/centro-genetica-genomica\/wp-json\/wp\/v2\/types\/page"}],"author":[{"embeddable":true,"href":"https:\/\/medicina.udd.cl\/centro-genetica-genomica\/wp-json\/wp\/v2\/users\/42"}],"replies":[{"embeddable":true,"href":"https:\/\/medicina.udd.cl\/centro-genetica-genomica\/wp-json\/wp\/v2\/comments?post=2568"}],"version-history":[{"count":16,"href":"https:\/\/medicina.udd.cl\/centro-genetica-genomica\/wp-json\/wp\/v2\/pages\/2568\/revisions"}],"predecessor-version":[{"id":2879,"href":"https:\/\/medicina.udd.cl\/centro-genetica-genomica\/wp-json\/wp\/v2\/pages\/2568\/revisions\/2879"}],"wp:attachment":[{"href":"https:\/\/medicina.udd.cl\/centro-genetica-genomica\/wp-json\/wp\/v2\/media?parent=2568"}],"curies":[{"name":"wp","href":"https:\/\/api.w.org\/{rel}","templated":true}]}}

Andrés Klein

<section class="wp-block-udd-featured-link">
	<div class="container">
		<div class="featured-link">
						<div class="featured-link__media">
			<a href="" data-url="">
					<img loading="lazy" decoding="async" width="400" height="382" src="https://medicina.udd.cl/centro-genetica-genomica/files/2020/08/Andrés-Klein-400x382.jpg" class="featured-link__media-image" alt="" />				</a>
			</div>
						<div class="featured-link__content">
								<h4 class="featured-link__epigraph">
					Director				</h4>
													<h3 class="featured-link__title">
						<a data-url="" href="">
							Andrés Klein, PhD.						</a>
					</h3>
												<div class="featured-link__description">
					– Doctor en Biología Celular y Molecular, Pontificia Universidad Católica de Chile.<br> – Entrenamiento postdoctoral en la Universidad de Stanford y el Instituto Weizmann de Ciencias.<br><a href="mailto:andresklein@udd.cl">andresklein@udd.cl</a> 				</div>
															</div>
		</div>
	</div>
</section>


<!-- WP Block: UDD - Cards Alternate -->
<section class="wp-block-udd-access-cards">
	<div class="container">
				<div class="block__content">
			<div class="access-cards">
							<div class="access-card-wrapper">
										<div class="access-card">
						<h3 class="access-card__title">Líneas de investigación</h3>
						<p class="access-card__description">
													</p>
																		<div class="access-card__link">
								<a href="https://medicina.udd.cl/centro-genetica-genomica/lineas-de-investigacion-andres-klein/" class="access-card__link-text" data-url="https://medicina.udd.cl/centro-genetica-genomica/lineas-de-investigacion-andres-klein/">Conocer más</a>
							</div>
											</div>
				</div>
							<div class="access-card-wrapper">
										<div class="access-card">
						<h3 class="access-card__title">Publicaciones</h3>
						<p class="access-card__description">
													</p>
																		<div class="access-card__link">
								<a href="https://medicina.udd.cl/centro-genetica-genomica/publicaciones-andres-klein/" class="access-card__link-text" data-url="https://medicina.udd.cl/centro-genetica-genomica/publicaciones-andres-klein/">Artículos destacados</a>
							</div>
											</div>
				</div>
							<div class="access-card-wrapper">
										<div class="access-card">
						<h3 class="access-card__title">Financiamiento</h3>
						<p class="access-card__description">
													</p>
																		<div class="access-card__link">
								<a href="https://medicina.udd.cl/centro-genetica-genomica/financiamiento-andres-klein/" class="access-card__link-text" data-url="https://medicina.udd.cl/centro-genetica-genomica/financiamiento-andres-klein/">Proyectos</a>
							</div>
											</div>
				</div>
						</div>
		</div>
	</div>
</section>



<p><strong>Intereses</strong></p>



<p>Mi principal interés es descubrir genes modificadores de procesos biológicos, especialmente relacionados con enfermedades lisosomales. Para ello realizo estudios en múltiples cepas de ratones y en muestras humanas. Utilizamos estrategias de la biología de sistemas, donde se integran fenotipos clínicos con datos genéticos, transcriptomas, biología celular, entre otros. Nuestro &nbsp;objetivo es diseñar terapias personalizadas para cada paciente basado en su propia biología.</p>



<p><strong>Interests</strong></p>



<p>My main interest is uncovering modifier genes of biological processes specially related to lysosomal-associated diseases. To this end we carry-out studies in multiple inbred mouse strains and in humans’ samples. We use systems biology strategies, where we integrate clinical phenotypes with genetic data, transcriptomes, cell biology, among other high-throughput data. Our goal is to design tailored therapies for each patient based on his own biology.</p>



<p><strong>Reconocimientos</strong></p>



<ul class="wp-block-list"><li>2008: Beca CONICYT para estudios doctorales.</li><li>2009-2011: Pew Latin American Fellow in the Biomedical Sciences.</li><li>2009-2011: Beca Postdoctoral de la Ara Parseghian Medical Research Foundation.</li><li>2011-2013: Beca Postdoctoral de la UK Gaucher Association.</li><li>2013: Elegido como uno de los 5 chilenos menores de 35 años más innovadores del año por la revista Massachusetts Institute of Technology (MIT) technology reviews: http://www2.technologyreview.es/tr35chile/1433/andres-klein/.</li><li>2013: Elegido uno de los 100 líderes jovenes del año por la Revista del Sábado, del diario El Mercurio.</li><li>2017-2020: Asesor científico (Scientific Advisory Board) de Cures Within Reach.</li></ul>

<p>Intereses Mi principal interés es descubrir genes modificadores de procesos biológicos, especialmente relacionados con enfermedades lisosomales. Para ello realizo estudios en múltiples cepas de ratones y en muestras humanas. Utilizamos estrategias de la biología de sistemas, donde se integran fenotipos clínicos con datos genéticos, transcriptomas, biología celular, entre otros. Nuestro &nbsp;objetivo es diseñar terapias personalizadas [&hellip;]</p>

<!-- This site is optimized with the Yoast SEO plugin v26.9 - https://yoast.com/product/yoast-seo-wordpress/ -->
<title>Andrés Klein - Centro de Genética y Genómica</title>
<meta name="robots" content="index, follow, max-snippet:-1, max-image-preview:large, max-video-preview:-1" />
<link rel="canonical" href="https://medicina.udd.cl/centro-genetica-genomica/andres-klein/" />
<meta property="og:locale" content="es_ES" />
<meta property="og:type" content="article" />
<meta property="og:title" content="Andrés Klein - Centro de Genética y Genómica" />
<meta property="og:description" content="Intereses Mi principal interés es descubrir genes modificadores de procesos biológicos, especialmente relacionados con enfermedades lisosomales. Para ello realizo estudios en múltiples cepas de ratones y en muestras humanas. Utilizamos estrategias de la biología de sistemas, donde se integran fenotipos clínicos con datos genéticos, transcriptomas, biología celular, entre otros. Nuestro &nbsp;objetivo es diseñar terapias personalizadas [&hellip;]" />
<meta property="og:url" content="https://medicina.udd.cl/centro-genetica-genomica/andres-klein/" />
<meta property="og:site_name" content="Centro de Genética y Genómica" />
<meta property="article:modified_time" content="2022-03-09T15:20:28+00:00" />
<meta name="twitter:label1" content="Tiempo de lectura" />
	<meta name="twitter:data1" content="1 minuto" />
<script type="application/ld+json" class="yoast-schema-graph">{"@context":"https://schema.org","@graph":[{"@type":"WebPage","@id":"https://medicina.udd.cl/centro-genetica-genomica/andres-klein/","url":"https://medicina.udd.cl/centro-genetica-genomica/andres-klein/","name":"Andrés Klein - Centro de Genética y Genómica","isPartOf":{"@id":"https://medicina.udd.cl/centro-genetica-genomica/#website"},"datePublished":"2020-08-28T15:54:20+00:00","dateModified":"2022-03-09T15:20:28+00:00","breadcrumb":{"@id":"https://medicina.udd.cl/centro-genetica-genomica/andres-klein/#breadcrumb"},"inLanguage":"es","potentialAction":[{"@type":"ReadAction","target":["https://medicina.udd.cl/centro-genetica-genomica/andres-klein/"]}]},{"@type":"BreadcrumbList","@id":"https://medicina.udd.cl/centro-genetica-genomica/andres-klein/#breadcrumb","itemListElement":[{"@type":"ListItem","position":1,"name":"Inicio","item":"https://medicina.udd.cl/centro-genetica-genomica/"},{"@type":"ListItem","position":2,"name":"Andrés Klein"}]},{"@type":"WebSite","@id":"https://medicina.udd.cl/centro-genetica-genomica/#website","url":"https://medicina.udd.cl/centro-genetica-genomica/","name":"Centro de Genética y Genómica","description":"","inLanguage":"es"}]}</script>
<!-- / Yoast SEO plugin. -->

Andrés Klein - Centro de Genética y Genómica

Intereses Mi principal interés es descubrir genes modificadores de procesos biológicos, especialmente relacionados con enfermedades lisosomales. Para ello realizo estudios en múltiples cepas de ratones y en muestras humanas. Utilizamos estrategias de la biología de sistemas, donde se integran fenotipos clínicos con datos genéticos, transcriptomas, biología celular, entre otros. Nuestro &nbsp;objetivo es diseñar terapias personalizadas [&hellip;]

Centro de Genética y Genómica
