{"id":2622,"date":"2020-08-28T12:33:52","date_gmt":"2020-08-28T16:33:52","guid":{"rendered":"http:\/\/medicina.udd.cl\/centro-genetica-genomica\/?page_id=2622"},"modified":"2020-08-28T12:33:52","modified_gmt":"2020-08-28T16:33:52","slug":"publicaciones-cecilia-vial","status":"publish","type":"page","link":"https:\/\/medicina.udd.cl\/centro-genetica-genomica\/publicaciones-cecilia-vial\/","title":{"rendered":"Publicaciones"},"content":{"rendered":"\n<ul class=\"wp-block-list\"><li>Clement, J., Ahlm, C., Av\u0161i\u010d-\u017dupanc, T., Botten, J., Chandran, K., Jonsson,C.B., Kariwa, H., Klingstr\u00f6m, J., Klempa, B., Kr\u00fcger, D.H., Leirs, H., Li, D., Liang, M., Markoti\u0107, A.,Papa, A., Schmaljohn, C.S., Tischler, N.D., Ulrich, R.G., Vaheri, A., Vial, C., Yanagihara, R., Maes,P., Meeting report: Eleventh international conference on hantaviruses, Antiviral Research (2020), doi:\u00a0<a href=\"https:\/\/doi.org\/10.1016\/j.antiviral.2020.104733\">https:\/\/doi.org\/10.1016\/j.antiviral.2020.104733<\/a><\/li><li>Hemodynamic and Pulmonary Permeability Characterization of Hantavirus Cardiopulmonary Syndrome by Transpulmonary Thermodilution, by Ren\u00e9 L\u00f3pez , Rodrigo P\u00e9rez-Araos , \u00c1lvaro Salazar, Ana L. Ulloa, Cecilia Vial ,Pablo A. Vial and Jer\u00f3nimo Graf, Viruses 2019, 11(10), 900;\u00a0<a href=\"https:\/\/doi.org\/10.3390\/v11100900\">https:\/\/doi.org\/10.3390\/v11100900<\/a><\/li><li>A 19 Year Analysis of Small Mammals Associated with Human Hantavirus Cases in Chile, Fernando Torres-P\u00e9rez, R. Eduardo Palma ,Dusan Boric-Bargetto ,Cecilia Vial, Marcela Ferr\u00e9s ,Pablo A. Vial ,Constanza Mart\u00ednez-Valdebenito ,Carlos Pavletic, Alonso Parra, Pablo A. Marquet and Gregory J. Mertz, Viruses 2019, 11(9), 848;<a href=\"https:\/\/doi.org\/10.3390\/v11090848\">\u00a0https:\/\/doi.org\/10.3390\/v11090848<\/a><\/li><li>Platelet Count in Patients with Mild Disease at Admission is Associated with Progression to Severe Hantavirus Cardiopulmonary Syndrome, Ren\u00e9 L\u00f3pez, Cecilia Vial , Jer\u00f3nimo Graf, Mario Calvo, Marcela Ferr\u00e9s , Gregory Mertz , Anal\u00eda Cuiza , Begonia Ag\u00fcero, Dante Aguilera, Diego Araya, Ignacia Pailamilla ,Flavia Paratori,V\u00edctor Torres-Torres,Pablo A Vial and Hantavirus Study Group in Chile, Viruses 2019, 11(8), 693;\u00a0<a href=\"https:\/\/doi.org\/10.3390\/v11080693\">https:\/\/doi.org\/10.3390\/v11080693<\/a><\/li><li>Deletions in Genes Participating in Innate Immune Response Modify the Clinical Course of Andes Orthohantavirus Infection, Grazielle Esteves Ribeiro ,Luis Edgardo Leon ,Ruth Perez, Analia Cuiza ,Pablo Agustin Vial, Marcela Ferres ,Gregory J. Mertz\u00a0 and Cecilia Vial *, Viruses 2019, 11(8), 680;\u00a0<a href=\"https:\/\/doi.org\/10.3390\/v11080680\">https:\/\/doi.org\/10.3390\/v11080680<\/a><\/li><li>Factores de riesgo sociodemogr\u00e1ficos del s\u00edndrome cardiopulmonar por hantavirus, *Cecilia Vial C., Francisca Valdivieso R., Anal\u00eda Cuiza V., Iris Delgado B., Grazielle Ribeiro E.,Elena Llop R., Marcela Ferr\u00e9s G. Gabriela M. Repetto L., Ra\u00fal Riquelme,\u00a0 Maria Luisa Rioseco , Mario Calvo, Gregory Mertz, Pablo A. Vial C., Revista Chilena de Infectologia, 36 (4):428., 2019,\u00a0<a href=\"http:\/\/dx.doi.org\/10.4067\/S0716-10182019000400428\">http:\/\/dx.doi.org\/10.4067\/S0716-10182019000400428<\/a><\/li><li>A Single-Nucleotide Polymorphism of \u03b1V\u03b23 Integrin Is Associated with the Andes Virus Infection Susceptibility, Constanza Mart\u00ednez-Valdebenito, Jenniffer Angulo, Nicole Le Corre, Claudia Marco, Cecilia Vial, Juan Francisco Miquel, Jaime Cerda, Gregory Mertz, Pablo Vial, Marcelo Lopez-Lastra, Marcela Ferr\u00e9s, Viruses 2019 11 (2):169,\u00a0<a href=\"https:\/\/doi.org\/10.3390\/v11020169\">https:\/\/doi.org\/10.3390\/v11020169<\/a><\/li><li>Adaptation to Extreme Environments in an Admixed Human Population from the Atacama Desert, Lucas Vicuna,\u00a0 Mario I. Fernandez, Cecilia Vial, Patricio Valdebenito, Eduardo Chaparro, Karena Espinoza, Annemarie Ziegler, Alberto Bustamante and Susana Eyheramendy, Genome Biol. Evol. 2019 11(9):2468\u20132479.\u00a0<a href=\"https:\/\/doi.org\/10.1093\/gbe\/evz172\">https:\/\/doi.org\/10.1093\/gbe\/evz172<\/a><\/li><li>Cecilia Vial*, Constanza Martinez-Valdebenito, Susana Rios, Jessica Martinez, Pablo A. Vial, Marcela Ferres, Juan C.Rivera, Ruth Perez, Francisca Valdivieso, Molecular method for the detection of Andes hantavirus infection: validation for clinical diagnostics, DMID, 2016, 84 (1): 36\u201339.<\/li><li>Susana Eyheramendy, Felipe I Martinez, Federico Manevy, Cecilia Vial*, Gabriela M Repetto, Genetic structure characterization of Chileans reflects historical immigration patterns, Nat Comm, 2015, 6:6472: 1-10,\u00a0<a href=\"https:\/\/doi.org\/10.1038\/ncomms7472\">https:\/\/doi.org\/10.1038\/ncomms7472<\/a><\/li><li>Lay-Son Guillermo, Espinoza Karena, Vial Cecilia, Rivera Juan Carlos, Guzm\u00e1n Maria Luisa, Repetto Gabriela, Chromosomal microarrays testing in children with developmental disabilities and congenital anomalies: clinical experience, 2015, Jornal de Pediatria.91 (2): 189-195.\u00a0<a href=\"https:\/\/doi.org\/10.1016\/j.jped.2014.07.003\">https:\/\/doi.org\/10.1016\/j.jped.2014.07.003<\/a><\/li><li>A nonrandomized multicenter trial of human immune plasma for treatment of hantavirus cardiopulmonary syndrome by ANDV, Vial Pablo, Valdivieso Francisca, Calvo Mario, Rioseco Maria Luisa, Riquelme Ra\u00fal, Araneda Andres, Tomicic Vinko, Graf Jer\u00f3nimo, Paredes Laura, Florenzano Matias, Bidart Teresa, Cuiza Analia, Marco Claudia, Hjelle Brian, Ye Chunyan, Hanfelt-Goade Diane, Vial Cecilia, Rivera Juan Carlos, Delgado Iris, Mertz Gregory J. Hantavirus Study Group in Chile, Antiviral Therapy, 2014,\u00a0<a href=\"https:\/\/doi.org\/10.3851\/IMP2875\">https:\/\/doi.org\/10.3851\/IMP2875<\/a><\/li><li>Martinez-Valdebenito Constanza, Calvo Mario, Vial Cecilia, Mansilla Rita, Marco Claudia, Palma Eduardo, Vial Pablo, Valdivieso Francisca, Mertz Greg, Ferres Marcela, 2014, Person-to-person household and nosocomial transmission of Andes hantavirus, Southern Chile, 2011, Emerging Infectious Disease, 20 (10): 1629-1636<a href=\"https:\/\/doi.org\/10.3201\/eid2010.140353\">\u00a0https:\/\/doi.org\/10.3201\/eid2010.140353<\/a><\/li><li>Pablo A. Vial, Francisca Valdivieso, Marcela Ferres, Raul Riquelme, M. Luisa Rioseco, Mario Calvo, Constanza Castillo, Ricardo D\u00edaz, Luis Scholz, Analia Cuiza, Edith Belmar, Carla Hernandez, Jessica Martinez, Sang-Joon Lee, and Gregory J. Mertz; for the Hantavirus Study Group in Chile* *Cecilia Vial, 2013, High-Dose Intravenous Methylprednisolone for Hantavirus Cardiopulmonary Syndrome in Chile: A Double-Blind, Randomized Controlled Clinical Trial, Clin Infect Disease, 57:943.\u00a0<a href=\"https:\/\/doi.org\/10.1093\/cid\/cit394\">https:\/\/doi.org\/10.1093\/cid\/cit394<\/a><\/li><li>Vial C, Gutierrez J, Santander C, Cabrera D, Brandan E., 2011, Decorin interacts with CTGF\/CCN2 through LRR12 inhibiting its biological activity, J Biol Chem;286(27):24242-52<\/li><li>Cabello-Verrugio, C., Cordova, G., Zu\u00f1iga, L., Vial, C., Brandan, E. \u201cConnective Tissue Growth Factor induction by lysophosphatidic acid requires transactivation of Transforming Growth Factor type beta receptors and the JNK pathway\u201d. (2011) Cell. Signaling 23(2):449-457\u00a0<a href=\"https:\/\/doi.org\/10.1016\/j.cellsig.2010.10.019\">https:\/\/doi.org\/10.1016\/j.cellsig.2010.10.019<\/a><\/li><li>Nguyen, T.Q., Roestenberg, P., van Nieuwenhoven, F.A., Bovenschen, N., Li, Z., Xu, L., Oliver, N., Aten, J., Joles, J.A., Vial, C., Brandan, E., Lyons, K.M., Goldschmeding, R., 2008, CTGF inhibits BMP-7 Signalling Activity in Diabetic Nephropathy, J Am Soc Nephrol,. 19 (11):2098-107\u00a0<a href=\"https:\/\/doi.org\/10.1681\/ASN.2007111261\">https:\/\/doi.org\/10.1681\/ASN.2007111261<\/a><\/li><li>Brandan,E.,Cabello-Verrugio,C.,Vial,C., 2008, Novel Regulatory Mechanisms for Proteoglycans Decorin and Biglycan During Muscle and Muscular Dystrophy, Matrix Biol, 27(8): 700-708\u00a0<a href=\"https:\/\/doi.org\/10.1016\/j.matbio.2008.07.004\">https:\/\/doi.org\/10.1016\/j.matbio.2008.07.004<\/a><\/li><li>Vial,C.,Zu\u00f1iga,L.M.,Cabello-Verrugio,C.,Ca\u00f1\u00f3n,P.,Fadic,R.,Brandan,E., 2007, Skeletal muscle cells express the profibrotic cytokine connective tissue growth factor (CTGF\/CCN2), which induces their dedifferentiation, J Cell Physiol, 215:410-421\u00a0<a href=\"https:\/\/doi.org\/10.1002\/jcp.21324\">https:\/\/doi.org\/10.1002\/jcp.21324<\/a><\/li><\/ul>\n","protected":false},"excerpt":{"rendered":"<p>Clement, J., Ahlm, C., Av\u0161i\u010d-\u017dupanc, T., Botten, J., Chandran, K., Jonsson,C.B., Kariwa, H., Klingstr\u00f6m, J., Klempa, B., Kr\u00fcger, D.H., Leirs, H., Li, D., Liang, M., Markoti\u0107, A.,Papa, A., Schmaljohn, C.S., Tischler, N.D., Ulrich, R.G., Vaheri, A., Vial, C., Yanagihara, R., Maes,P., Meeting report: Eleventh international conference on hantaviruses, Antiviral Research (2020), doi:\u00a0https:\/\/doi.org\/10.1016\/j.antiviral.2020.104733 Hemodynamic and Pulmonary [&hellip;]<\/p>\n","protected":false},"author":42,"featured_media":0,"parent":0,"menu_order":0,"comment_status":"closed","ping_status":"closed","template":"","meta":{"footnotes":""},"class_list":["post-2622","page","type-page","status-publish","hentry"],"yoast_head":"<!-- This site is optimized with the Yoast SEO plugin v26.9 - https:\/\/yoast.com\/product\/yoast-seo-wordpress\/ -->\n<title>Publicaciones - Centro de Gen\u00e9tica y Gen\u00f3mica<\/title>\n<meta name=\"robots\" content=\"index, follow, max-snippet:-1, max-image-preview:large, max-video-preview:-1\" \/>\n<link rel=\"canonical\" href=\"https:\/\/medicina.udd.cl\/centro-genetica-genomica\/publicaciones-cecilia-vial\/\" \/>\n<meta property=\"og:locale\" content=\"es_ES\" \/>\n<meta property=\"og:type\" content=\"article\" \/>\n<meta property=\"og:title\" content=\"Publicaciones - Centro de Gen\u00e9tica y Gen\u00f3mica\" \/>\n<meta property=\"og:description\" content=\"Clement, J., Ahlm, C., Av\u0161i\u010d-\u017dupanc, T., Botten, J., Chandran, K., Jonsson,C.B., Kariwa, H., Klingstr\u00f6m, J., Klempa, B., Kr\u00fcger, D.H., Leirs, H., Li, D., Liang, M., Markoti\u0107, A.,Papa, A., Schmaljohn, C.S., Tischler, N.D., Ulrich, R.G., Vaheri, A., Vial, C., Yanagihara, R., Maes,P., Meeting report: Eleventh international conference on hantaviruses, Antiviral Research (2020), doi:\u00a0https:\/\/doi.org\/10.1016\/j.antiviral.2020.104733 Hemodynamic and Pulmonary [&hellip;]\" \/>\n<meta property=\"og:url\" content=\"https:\/\/medicina.udd.cl\/centro-genetica-genomica\/publicaciones-cecilia-vial\/\" \/>\n<meta property=\"og:site_name\" content=\"Centro de Gen\u00e9tica y Gen\u00f3mica\" \/>\n<meta name=\"twitter:label1\" content=\"Tiempo de lectura\" \/>\n\t<meta name=\"twitter:data1\" content=\"4 minutos\" \/>\n<script type=\"application\/ld+json\" class=\"yoast-schema-graph\">{\"@context\":\"https:\/\/schema.org\",\"@graph\":[{\"@type\":\"WebPage\",\"@id\":\"https:\/\/medicina.udd.cl\/centro-genetica-genomica\/publicaciones-cecilia-vial\/\",\"url\":\"https:\/\/medicina.udd.cl\/centro-genetica-genomica\/publicaciones-cecilia-vial\/\",\"name\":\"Publicaciones - Centro de Gen\u00e9tica y Gen\u00f3mica\",\"isPartOf\":{\"@id\":\"https:\/\/medicina.udd.cl\/centro-genetica-genomica\/#website\"},\"datePublished\":\"2020-08-28T16:33:52+00:00\",\"breadcrumb\":{\"@id\":\"https:\/\/medicina.udd.cl\/centro-genetica-genomica\/publicaciones-cecilia-vial\/#breadcrumb\"},\"inLanguage\":\"es\",\"potentialAction\":[{\"@type\":\"ReadAction\",\"target\":[\"https:\/\/medicina.udd.cl\/centro-genetica-genomica\/publicaciones-cecilia-vial\/\"]}]},{\"@type\":\"BreadcrumbList\",\"@id\":\"https:\/\/medicina.udd.cl\/centro-genetica-genomica\/publicaciones-cecilia-vial\/#breadcrumb\",\"itemListElement\":[{\"@type\":\"ListItem\",\"position\":1,\"name\":\"Inicio\",\"item\":\"https:\/\/medicina.udd.cl\/centro-genetica-genomica\/\"},{\"@type\":\"ListItem\",\"position\":2,\"name\":\"Publicaciones\"}]},{\"@type\":\"WebSite\",\"@id\":\"https:\/\/medicina.udd.cl\/centro-genetica-genomica\/#website\",\"url\":\"https:\/\/medicina.udd.cl\/centro-genetica-genomica\/\",\"name\":\"Centro de Gen\u00e9tica y Gen\u00f3mica\",\"description\":\"\",\"inLanguage\":\"es\"}]}<\/script>\n<!-- \/ Yoast SEO plugin. -->","yoast_head_json":{"title":"Publicaciones - Centro de Gen\u00e9tica y Gen\u00f3mica","robots":{"index":"index","follow":"follow","max-snippet":"max-snippet:-1","max-image-preview":"max-image-preview:large","max-video-preview":"max-video-preview:-1"},"canonical":"https:\/\/medicina.udd.cl\/centro-genetica-genomica\/publicaciones-cecilia-vial\/","og_locale":"es_ES","og_type":"article","og_title":"Publicaciones - Centro de Gen\u00e9tica y Gen\u00f3mica","og_description":"Clement, J., Ahlm, C., Av\u0161i\u010d-\u017dupanc, T., Botten, J., Chandran, K., Jonsson,C.B., Kariwa, H., Klingstr\u00f6m, J., Klempa, B., Kr\u00fcger, D.H., Leirs, H., Li, D., Liang, M., Markoti\u0107, A.,Papa, A., Schmaljohn, C.S., Tischler, N.D., Ulrich, R.G., Vaheri, A., Vial, C., Yanagihara, R., Maes,P., Meeting report: Eleventh international conference on hantaviruses, Antiviral Research (2020), doi:\u00a0https:\/\/doi.org\/10.1016\/j.antiviral.2020.104733 Hemodynamic and Pulmonary [&hellip;]","og_url":"https:\/\/medicina.udd.cl\/centro-genetica-genomica\/publicaciones-cecilia-vial\/","og_site_name":"Centro de Gen\u00e9tica y Gen\u00f3mica","twitter_misc":{"Tiempo de lectura":"4 minutos"},"schema":{"@context":"https:\/\/schema.org","@graph":[{"@type":"WebPage","@id":"https:\/\/medicina.udd.cl\/centro-genetica-genomica\/publicaciones-cecilia-vial\/","url":"https:\/\/medicina.udd.cl\/centro-genetica-genomica\/publicaciones-cecilia-vial\/","name":"Publicaciones - Centro de Gen\u00e9tica y Gen\u00f3mica","isPartOf":{"@id":"https:\/\/medicina.udd.cl\/centro-genetica-genomica\/#website"},"datePublished":"2020-08-28T16:33:52+00:00","breadcrumb":{"@id":"https:\/\/medicina.udd.cl\/centro-genetica-genomica\/publicaciones-cecilia-vial\/#breadcrumb"},"inLanguage":"es","potentialAction":[{"@type":"ReadAction","target":["https:\/\/medicina.udd.cl\/centro-genetica-genomica\/publicaciones-cecilia-vial\/"]}]},{"@type":"BreadcrumbList","@id":"https:\/\/medicina.udd.cl\/centro-genetica-genomica\/publicaciones-cecilia-vial\/#breadcrumb","itemListElement":[{"@type":"ListItem","position":1,"name":"Inicio","item":"https:\/\/medicina.udd.cl\/centro-genetica-genomica\/"},{"@type":"ListItem","position":2,"name":"Publicaciones"}]},{"@type":"WebSite","@id":"https:\/\/medicina.udd.cl\/centro-genetica-genomica\/#website","url":"https:\/\/medicina.udd.cl\/centro-genetica-genomica\/","name":"Centro de Gen\u00e9tica y Gen\u00f3mica","description":"","inLanguage":"es"}]}},"_links":{"self":[{"href":"https:\/\/medicina.udd.cl\/centro-genetica-genomica\/wp-json\/wp\/v2\/pages\/2622","targetHints":{"allow":["GET"]}}],"collection":[{"href":"https:\/\/medicina.udd.cl\/centro-genetica-genomica\/wp-json\/wp\/v2\/pages"}],"about":[{"href":"https:\/\/medicina.udd.cl\/centro-genetica-genomica\/wp-json\/wp\/v2\/types\/page"}],"author":[{"embeddable":true,"href":"https:\/\/medicina.udd.cl\/centro-genetica-genomica\/wp-json\/wp\/v2\/users\/42"}],"replies":[{"embeddable":true,"href":"https:\/\/medicina.udd.cl\/centro-genetica-genomica\/wp-json\/wp\/v2\/comments?post=2622"}],"version-history":[{"count":2,"href":"https:\/\/medicina.udd.cl\/centro-genetica-genomica\/wp-json\/wp\/v2\/pages\/2622\/revisions"}],"predecessor-version":[{"id":2624,"href":"https:\/\/medicina.udd.cl\/centro-genetica-genomica\/wp-json\/wp\/v2\/pages\/2622\/revisions\/2624"}],"wp:attachment":[{"href":"https:\/\/medicina.udd.cl\/centro-genetica-genomica\/wp-json\/wp\/v2\/media?parent=2622"}],"curies":[{"name":"wp","href":"https:\/\/api.w.org\/{rel}","templated":true}]}}