{"id":2656,"date":"2020-08-28T13:06:41","date_gmt":"2020-08-28T17:06:41","guid":{"rendered":"http:\/\/medicina.udd.cl\/centro-genetica-genomica\/?page_id=2656"},"modified":"2022-03-09T12:26:07","modified_gmt":"2022-03-09T15:26:07","slug":"mario-fernandez","status":"publish","type":"page","link":"https:\/\/medicina.udd.cl\/centro-genetica-genomica\/mario-fernandez\/","title":{"rendered":"Mario Fern\u00e1ndez"},"content":{"rendered":"<section class=\"wp-block-udd-featured-link\">\n\t<div class=\"container\">\n\t\t<div class=\"featured-link\">\n\t\t\t\t\t\t<div class=\"featured-link__media\">\n\t\t\t<a href=\"\" data-url=\"\">\n\t\t\t\t\t<img loading=\"lazy\" decoding=\"async\" width=\"680\" height=\"382\" src=\"https:\/\/medicina.udd.cl\/centro-genetica-genomica\/files\/2020\/08\/Mario-Fern\u00e1ndez-680x382.jpg\" class=\"featured-link__media-image\" alt=\"\" srcset=\"https:\/\/medicina.udd.cl\/centro-genetica-genomica\/files\/2020\/08\/Mario-Fern\u00e1ndez-680x382.jpg 680w, https:\/\/medicina.udd.cl\/centro-genetica-genomica\/files\/2020\/08\/Mario-Fern\u00e1ndez-1920x1080.jpg 1920w, https:\/\/medicina.udd.cl\/centro-genetica-genomica\/files\/2020\/08\/Mario-Fern\u00e1ndez-1366x768.jpg 1366w, https:\/\/medicina.udd.cl\/centro-genetica-genomica\/files\/2020\/08\/Mario-Fern\u00e1ndez-952x534.jpg 952w\" sizes=\"auto, (max-width: 680px) 100vw, 680px\" \/>\t\t\t\t<\/a>\n\t\t\t<\/div>\n\t\t\t\t\t\t<div class=\"featured-link__content\">\n\t\t\t\t\t\t\t\t\t\t\t\t\t<h3 class=\"featured-link__title\">\n\t\t\t\t\t\t<a data-url=\"\" href=\"\">\n\t\t\t\t\t\t\tMario Fern\u00e1ndez, MD\t\t\t\t\t\t<\/a>\n\t\t\t\t\t<\/h3>\n\t\t\t\t\t\t\t\t\t\t\t\t<div class=\"featured-link__description\">\n\t\t\t\t\t&#8211; Ur\u00f3logo, Cl\u00ednica Alemana de Santiago<br>\u00a0&#8211; M\u00e9dico Cirujano,\u00a0\u00a0P. U. Cat\u00f3lica de Chile. Residencia de Urolog\u00eda, U. de Chile. Doctoris Medicinae, Universidad de Heidelberg, Alemania. Cient\u00edfico visitante, Departamentos de Urolog\u00eda y Epidemiolog\u00eda, The University of Texas, MD Anderson Cancer Center (EEUU). <br> <a href=\"mailto:mfernandeza@alemana.cl\">mfernandeza@alemana.cl<\/a> \t\t\t\t<\/div>\n\t\t\t\t\t\t\t\t\t\t\t\t\t\t\t<\/div>\n\t\t<\/div>\n\t<\/div>\n<\/section>\n\n\n<!-- WP Block: UDD - Cards Alternate -->\n<section class=\"wp-block-udd-access-cards\">\n\t<div class=\"container\">\n\t\t\t\t<div class=\"block__content\">\n\t\t\t<div class=\"access-cards\">\n\t\t\t\t\t\t\t<div class=\"access-card-wrapper\">\n\t\t\t\t\t\t\t\t\t\t<div class=\"access-card\">\n\t\t\t\t\t\t<h3 class=\"access-card__title\">L\u00edneas de investigaci\u00f3n<\/h3>\n\t\t\t\t\t\t<p class=\"access-card__description\">\n\t\t\t\t\t\t\t\t\t\t\t\t\t<\/p>\n\t\t\t\t\t\t\t\t\t\t\t\t\t\t\t\t\t\t<div class=\"access-card__link\">\n\t\t\t\t\t\t\t\t<a href=\"https:\/\/medicina.udd.cl\/centro-genetica-genomica\/lineas-de-investigacion-mario-fernandez\/\" class=\"access-card__link-text\" data-url=\"https:\/\/medicina.udd.cl\/centro-genetica-genomica\/lineas-de-investigacion-mario-fernandez\/\">Conocer m\u00e1s<\/a>\n\t\t\t\t\t\t\t<\/div>\n\t\t\t\t\t\t\t\t\t\t\t<\/div>\n\t\t\t\t<\/div>\n\t\t\t\t\t\t\t<div class=\"access-card-wrapper\">\n\t\t\t\t\t\t\t\t\t\t<div class=\"access-card\">\n\t\t\t\t\t\t<h3 class=\"access-card__title\">Publicaciones<\/h3>\n\t\t\t\t\t\t<p class=\"access-card__description\">\n\t\t\t\t\t\t\t\t\t\t\t\t\t<\/p>\n\t\t\t\t\t\t\t\t\t\t\t\t\t\t\t\t\t\t<div class=\"access-card__link\">\n\t\t\t\t\t\t\t\t<a href=\"https:\/\/medicina.udd.cl\/centro-genetica-genomica\/publicaciones-mario-fernandez\/\" class=\"access-card__link-text\" data-url=\"https:\/\/medicina.udd.cl\/centro-genetica-genomica\/publicaciones-mario-fernandez\/\">Papers seleccionados<\/a>\n\t\t\t\t\t\t\t<\/div>\n\t\t\t\t\t\t\t\t\t\t\t<\/div>\n\t\t\t\t<\/div>\n\t\t\t\t\t\t\t<div class=\"access-card-wrapper\">\n\t\t\t\t\t\t\t\t\t\t<div class=\"access-card\">\n\t\t\t\t\t\t<h3 class=\"access-card__title\">Financiamiento<\/h3>\n\t\t\t\t\t\t<p class=\"access-card__description\">\n\t\t\t\t\t\t\t\t\t\t\t\t\t<\/p>\n\t\t\t\t\t\t\t\t\t\t\t\t\t\t\t\t\t\t<div class=\"access-card__link\">\n\t\t\t\t\t\t\t\t<a href=\"https:\/\/medicina.udd.cl\/centro-genetica-genomica\/financiamiento-mario-fernandez\/\" class=\"access-card__link-text\" data-url=\"https:\/\/medicina.udd.cl\/centro-genetica-genomica\/financiamiento-mario-fernandez\/\">Proyectos<\/a>\n\t\t\t\t\t\t\t<\/div>\n\t\t\t\t\t\t\t\t\t\t\t<\/div>\n\t\t\t\t<\/div>\n\t\t\t\t\t\t<\/div>\n\t\t<\/div>\n\t<\/div>\n<\/section>\n\n\n\n<p><strong>Intereses<\/strong>&nbsp;<\/p>\n\n\n\n<p>Soy ur\u00f3logo cl\u00ednico con formaci\u00f3n y activo trabajo en investigaci\u00f3n; mis principales \u00e1reas de inter\u00e9s son la susceptibilidad gen\u00e9tica, epidemiolog\u00eda, carcinog\u00e9nesis y factores pron\u00f3sticos cl\u00ednicos y moleculares del c\u00e1ncer de vejiga.&nbsp;<\/p>\n\n\n\n<p><strong>Interests<\/strong><\/p>\n\n\n\n<p>I am a clinical urologist with training and active work in translational research; my main areas of interest are genetic susceptibility, epidemiology, carcinogenesis and clinical and molecular prognostic factors in bladder cancer.<\/p>\n\n\n\n<p><strong>Docencia<\/strong><\/p>\n\n\n\n<ul class=\"wp-block-list\"><li>Pregrado \u2013 Docente en Curso y Seminarios de Urolog\u00eda (4to a\u00f1o Medicina).<\/li><li>Postgrado \u2013 Docente en Curso de Oncolog\u00eda Molecular, Programa de Diplomado en Oncolog\u00eda General (UDD e Instituto Nacional del C\u00e1ncer).<\/li><\/ul>\n\n\n\n<p><strong>Afiliaciones<\/strong><\/p>\n\n\n\n<ul class=\"wp-block-list\"><li>International Bladder Cancer Network<\/li><li>International Bladder Cancer Group<\/li><li>Sociedad Chilena de Urolog\u00eda.<\/li><li>European Association of Urology.<\/li><li>American Urological Association.<\/li><li>Deutsche Gesellschaft f\u00fcr Urologie.<\/li><li>American Association for Cancer Research.<\/li><li>Societ\u00e9 Internationale d\u2019Urologie<\/li><\/ul>\n","protected":false},"excerpt":{"rendered":"<p>Intereses&nbsp; Soy ur\u00f3logo cl\u00ednico con formaci\u00f3n y activo trabajo en investigaci\u00f3n; mis principales \u00e1reas de inter\u00e9s son la susceptibilidad gen\u00e9tica, epidemiolog\u00eda, carcinog\u00e9nesis y factores pron\u00f3sticos cl\u00ednicos y moleculares del c\u00e1ncer de vejiga.&nbsp; Interests I am a clinical urologist with training and active work in translational research; my main areas of interest are genetic susceptibility, epidemiology, [&hellip;]<\/p>\n","protected":false},"author":42,"featured_media":0,"parent":0,"menu_order":0,"comment_status":"closed","ping_status":"closed","template":"","meta":{"footnotes":""},"class_list":["post-2656","page","type-page","status-publish","hentry"],"yoast_head":"<!-- This site is optimized with the Yoast SEO plugin v26.9 - https:\/\/yoast.com\/product\/yoast-seo-wordpress\/ -->\n<title>Mario Fern\u00e1ndez - Centro de Gen\u00e9tica y Gen\u00f3mica<\/title>\n<meta name=\"robots\" content=\"index, follow, max-snippet:-1, max-image-preview:large, max-video-preview:-1\" \/>\n<link rel=\"canonical\" href=\"https:\/\/medicina.udd.cl\/centro-genetica-genomica\/mario-fernandez\/\" \/>\n<meta property=\"og:locale\" content=\"es_ES\" \/>\n<meta property=\"og:type\" content=\"article\" \/>\n<meta property=\"og:title\" content=\"Mario Fern\u00e1ndez - Centro de Gen\u00e9tica y Gen\u00f3mica\" \/>\n<meta property=\"og:description\" content=\"Intereses&nbsp; Soy ur\u00f3logo cl\u00ednico con formaci\u00f3n y activo trabajo en investigaci\u00f3n; mis principales \u00e1reas de inter\u00e9s son la susceptibilidad gen\u00e9tica, epidemiolog\u00eda, carcinog\u00e9nesis y factores pron\u00f3sticos cl\u00ednicos y moleculares del c\u00e1ncer de vejiga.&nbsp; Interests I am a clinical urologist with training and active work in translational research; my main areas of interest are genetic susceptibility, epidemiology, [&hellip;]\" \/>\n<meta property=\"og:url\" content=\"https:\/\/medicina.udd.cl\/centro-genetica-genomica\/mario-fernandez\/\" \/>\n<meta property=\"og:site_name\" content=\"Centro de Gen\u00e9tica y Gen\u00f3mica\" \/>\n<meta property=\"article:modified_time\" content=\"2022-03-09T15:26:07+00:00\" \/>\n<meta name=\"twitter:label1\" content=\"Tiempo de lectura\" \/>\n\t<meta name=\"twitter:data1\" content=\"1 minuto\" \/>\n<script type=\"application\/ld+json\" class=\"yoast-schema-graph\">{\"@context\":\"https:\/\/schema.org\",\"@graph\":[{\"@type\":\"WebPage\",\"@id\":\"https:\/\/medicina.udd.cl\/centro-genetica-genomica\/mario-fernandez\/\",\"url\":\"https:\/\/medicina.udd.cl\/centro-genetica-genomica\/mario-fernandez\/\",\"name\":\"Mario Fern\u00e1ndez - Centro de Gen\u00e9tica y Gen\u00f3mica\",\"isPartOf\":{\"@id\":\"https:\/\/medicina.udd.cl\/centro-genetica-genomica\/#website\"},\"datePublished\":\"2020-08-28T17:06:41+00:00\",\"dateModified\":\"2022-03-09T15:26:07+00:00\",\"breadcrumb\":{\"@id\":\"https:\/\/medicina.udd.cl\/centro-genetica-genomica\/mario-fernandez\/#breadcrumb\"},\"inLanguage\":\"es\",\"potentialAction\":[{\"@type\":\"ReadAction\",\"target\":[\"https:\/\/medicina.udd.cl\/centro-genetica-genomica\/mario-fernandez\/\"]}]},{\"@type\":\"BreadcrumbList\",\"@id\":\"https:\/\/medicina.udd.cl\/centro-genetica-genomica\/mario-fernandez\/#breadcrumb\",\"itemListElement\":[{\"@type\":\"ListItem\",\"position\":1,\"name\":\"Inicio\",\"item\":\"https:\/\/medicina.udd.cl\/centro-genetica-genomica\/\"},{\"@type\":\"ListItem\",\"position\":2,\"name\":\"Mario Fern\u00e1ndez\"}]},{\"@type\":\"WebSite\",\"@id\":\"https:\/\/medicina.udd.cl\/centro-genetica-genomica\/#website\",\"url\":\"https:\/\/medicina.udd.cl\/centro-genetica-genomica\/\",\"name\":\"Centro de Gen\u00e9tica y Gen\u00f3mica\",\"description\":\"\",\"inLanguage\":\"es\"}]}<\/script>\n<!-- \/ Yoast SEO plugin. -->","yoast_head_json":{"title":"Mario Fern\u00e1ndez - Centro de Gen\u00e9tica y Gen\u00f3mica","robots":{"index":"index","follow":"follow","max-snippet":"max-snippet:-1","max-image-preview":"max-image-preview:large","max-video-preview":"max-video-preview:-1"},"canonical":"https:\/\/medicina.udd.cl\/centro-genetica-genomica\/mario-fernandez\/","og_locale":"es_ES","og_type":"article","og_title":"Mario Fern\u00e1ndez - Centro de Gen\u00e9tica y Gen\u00f3mica","og_description":"Intereses&nbsp; Soy ur\u00f3logo cl\u00ednico con formaci\u00f3n y activo trabajo en investigaci\u00f3n; mis principales \u00e1reas de inter\u00e9s son la susceptibilidad gen\u00e9tica, epidemiolog\u00eda, carcinog\u00e9nesis y factores pron\u00f3sticos cl\u00ednicos y moleculares del c\u00e1ncer de vejiga.&nbsp; Interests I am a clinical urologist with training and active work in translational research; my main areas of interest are genetic susceptibility, epidemiology, [&hellip;]","og_url":"https:\/\/medicina.udd.cl\/centro-genetica-genomica\/mario-fernandez\/","og_site_name":"Centro de Gen\u00e9tica y Gen\u00f3mica","article_modified_time":"2022-03-09T15:26:07+00:00","twitter_misc":{"Tiempo de lectura":"1 minuto"},"schema":{"@context":"https:\/\/schema.org","@graph":[{"@type":"WebPage","@id":"https:\/\/medicina.udd.cl\/centro-genetica-genomica\/mario-fernandez\/","url":"https:\/\/medicina.udd.cl\/centro-genetica-genomica\/mario-fernandez\/","name":"Mario Fern\u00e1ndez - Centro de Gen\u00e9tica y Gen\u00f3mica","isPartOf":{"@id":"https:\/\/medicina.udd.cl\/centro-genetica-genomica\/#website"},"datePublished":"2020-08-28T17:06:41+00:00","dateModified":"2022-03-09T15:26:07+00:00","breadcrumb":{"@id":"https:\/\/medicina.udd.cl\/centro-genetica-genomica\/mario-fernandez\/#breadcrumb"},"inLanguage":"es","potentialAction":[{"@type":"ReadAction","target":["https:\/\/medicina.udd.cl\/centro-genetica-genomica\/mario-fernandez\/"]}]},{"@type":"BreadcrumbList","@id":"https:\/\/medicina.udd.cl\/centro-genetica-genomica\/mario-fernandez\/#breadcrumb","itemListElement":[{"@type":"ListItem","position":1,"name":"Inicio","item":"https:\/\/medicina.udd.cl\/centro-genetica-genomica\/"},{"@type":"ListItem","position":2,"name":"Mario Fern\u00e1ndez"}]},{"@type":"WebSite","@id":"https:\/\/medicina.udd.cl\/centro-genetica-genomica\/#website","url":"https:\/\/medicina.udd.cl\/centro-genetica-genomica\/","name":"Centro de Gen\u00e9tica y Gen\u00f3mica","description":"","inLanguage":"es"}]}},"_links":{"self":[{"href":"https:\/\/medicina.udd.cl\/centro-genetica-genomica\/wp-json\/wp\/v2\/pages\/2656","targetHints":{"allow":["GET"]}}],"collection":[{"href":"https:\/\/medicina.udd.cl\/centro-genetica-genomica\/wp-json\/wp\/v2\/pages"}],"about":[{"href":"https:\/\/medicina.udd.cl\/centro-genetica-genomica\/wp-json\/wp\/v2\/types\/page"}],"author":[{"embeddable":true,"href":"https:\/\/medicina.udd.cl\/centro-genetica-genomica\/wp-json\/wp\/v2\/users\/42"}],"replies":[{"embeddable":true,"href":"https:\/\/medicina.udd.cl\/centro-genetica-genomica\/wp-json\/wp\/v2\/comments?post=2656"}],"version-history":[{"count":12,"href":"https:\/\/medicina.udd.cl\/centro-genetica-genomica\/wp-json\/wp\/v2\/pages\/2656\/revisions"}],"predecessor-version":[{"id":2887,"href":"https:\/\/medicina.udd.cl\/centro-genetica-genomica\/wp-json\/wp\/v2\/pages\/2656\/revisions\/2887"}],"wp:attachment":[{"href":"https:\/\/medicina.udd.cl\/centro-genetica-genomica\/wp-json\/wp\/v2\/media?parent=2656"}],"curies":[{"name":"wp","href":"https:\/\/api.w.org\/{rel}","templated":true}]}}