{"id":2659,"date":"2020-08-28T13:09:38","date_gmt":"2020-08-28T17:09:38","guid":{"rendered":"http:\/\/medicina.udd.cl\/centro-genetica-genomica\/?page_id=2659"},"modified":"2020-08-28T13:09:45","modified_gmt":"2020-08-28T17:09:45","slug":"financiamiento-mario-fernandez","status":"publish","type":"page","link":"https:\/\/medicina.udd.cl\/centro-genetica-genomica\/financiamiento-mario-fernandez\/","title":{"rendered":"Financiamiento"},"content":{"rendered":"\n<p><strong>Proyectos como Investigador principal<\/strong><\/p>\n\n\n\n<p>\u201cDeterminantes gen\u00e9ticas asociadas al pron\u00f3stico cl\u00ednico de pacientes con&nbsp;&nbsp;c\u00e1ncer de vejiga con exposici\u00f3n a ars\u00e9nico\u201d, Cl\u00ednica Alemana.<\/p>\n\n\n\n<p>\u201cGenetic variants related to presence of bladder urothelial carcinoma in a high-risk, arsenic-exposed population in northern Chile (Antofagasta): a genome-wide association study\u201d, FONDECYT.<\/p>\n\n\n\n<p>\u201cNucleotide excision DNA repair proteic expression in bladder cancer: relation to smoking and clinicopathological characteristics\u201d, Cl\u00ednica Alemana.<\/p>\n\n\n\n<p>\u201cA panel of molecular biomarkers as predictors of tumor recurrence and progression in non-muscle invasive bladder cancer\u201d, Cl\u00ednica Alemana.<\/p>\n\n\n\n<p>\u201cArsenic- and non- arsenic related Bladder Cancer cell lines\u201d, PMI .<\/p>\n","protected":false},"excerpt":{"rendered":"<p>Proyectos como Investigador principal \u201cDeterminantes gen\u00e9ticas asociadas al pron\u00f3stico cl\u00ednico de pacientes con&nbsp;&nbsp;c\u00e1ncer de vejiga con exposici\u00f3n a ars\u00e9nico\u201d, Cl\u00ednica Alemana. \u201cGenetic variants related to presence of bladder urothelial carcinoma in a high-risk, arsenic-exposed population in northern Chile (Antofagasta): a genome-wide association study\u201d, FONDECYT. \u201cNucleotide excision DNA repair proteic expression in bladder cancer: relation to [&hellip;]<\/p>\n","protected":false},"author":42,"featured_media":0,"parent":0,"menu_order":0,"comment_status":"closed","ping_status":"closed","template":"","meta":{"footnotes":""},"class_list":["post-2659","page","type-page","status-publish","hentry"],"yoast_head":"<!-- This site is optimized with the Yoast SEO plugin v26.9 - https:\/\/yoast.com\/product\/yoast-seo-wordpress\/ -->\n<title>Financiamiento - Centro de Gen\u00e9tica y Gen\u00f3mica<\/title>\n<meta name=\"robots\" content=\"index, follow, max-snippet:-1, max-image-preview:large, max-video-preview:-1\" \/>\n<link rel=\"canonical\" href=\"https:\/\/medicina.udd.cl\/centro-genetica-genomica\/financiamiento-mario-fernandez\/\" \/>\n<meta property=\"og:locale\" content=\"es_ES\" \/>\n<meta property=\"og:type\" content=\"article\" \/>\n<meta property=\"og:title\" content=\"Financiamiento - Centro de Gen\u00e9tica y Gen\u00f3mica\" \/>\n<meta property=\"og:description\" content=\"Proyectos como Investigador principal \u201cDeterminantes gen\u00e9ticas asociadas al pron\u00f3stico cl\u00ednico de pacientes con&nbsp;&nbsp;c\u00e1ncer de vejiga con exposici\u00f3n a ars\u00e9nico\u201d, Cl\u00ednica Alemana. \u201cGenetic variants related to presence of bladder urothelial carcinoma in a high-risk, arsenic-exposed population in northern Chile (Antofagasta): a genome-wide association study\u201d, FONDECYT. \u201cNucleotide excision DNA repair proteic expression in bladder cancer: relation to [&hellip;]\" \/>\n<meta property=\"og:url\" content=\"https:\/\/medicina.udd.cl\/centro-genetica-genomica\/financiamiento-mario-fernandez\/\" \/>\n<meta property=\"og:site_name\" content=\"Centro de Gen\u00e9tica y Gen\u00f3mica\" \/>\n<meta property=\"article:modified_time\" content=\"2020-08-28T17:09:45+00:00\" \/>\n<meta name=\"twitter:label1\" content=\"Tiempo de lectura\" \/>\n\t<meta name=\"twitter:data1\" content=\"1 minuto\" \/>\n<script type=\"application\/ld+json\" class=\"yoast-schema-graph\">{\"@context\":\"https:\/\/schema.org\",\"@graph\":[{\"@type\":\"WebPage\",\"@id\":\"https:\/\/medicina.udd.cl\/centro-genetica-genomica\/financiamiento-mario-fernandez\/\",\"url\":\"https:\/\/medicina.udd.cl\/centro-genetica-genomica\/financiamiento-mario-fernandez\/\",\"name\":\"Financiamiento - Centro de Gen\u00e9tica y Gen\u00f3mica\",\"isPartOf\":{\"@id\":\"https:\/\/medicina.udd.cl\/centro-genetica-genomica\/#website\"},\"datePublished\":\"2020-08-28T17:09:38+00:00\",\"dateModified\":\"2020-08-28T17:09:45+00:00\",\"breadcrumb\":{\"@id\":\"https:\/\/medicina.udd.cl\/centro-genetica-genomica\/financiamiento-mario-fernandez\/#breadcrumb\"},\"inLanguage\":\"es\",\"potentialAction\":[{\"@type\":\"ReadAction\",\"target\":[\"https:\/\/medicina.udd.cl\/centro-genetica-genomica\/financiamiento-mario-fernandez\/\"]}]},{\"@type\":\"BreadcrumbList\",\"@id\":\"https:\/\/medicina.udd.cl\/centro-genetica-genomica\/financiamiento-mario-fernandez\/#breadcrumb\",\"itemListElement\":[{\"@type\":\"ListItem\",\"position\":1,\"name\":\"Inicio\",\"item\":\"https:\/\/medicina.udd.cl\/centro-genetica-genomica\/\"},{\"@type\":\"ListItem\",\"position\":2,\"name\":\"Financiamiento\"}]},{\"@type\":\"WebSite\",\"@id\":\"https:\/\/medicina.udd.cl\/centro-genetica-genomica\/#website\",\"url\":\"https:\/\/medicina.udd.cl\/centro-genetica-genomica\/\",\"name\":\"Centro de Gen\u00e9tica y Gen\u00f3mica\",\"description\":\"\",\"inLanguage\":\"es\"}]}<\/script>\n<!-- \/ Yoast SEO plugin. -->","yoast_head_json":{"title":"Financiamiento - Centro de Gen\u00e9tica y Gen\u00f3mica","robots":{"index":"index","follow":"follow","max-snippet":"max-snippet:-1","max-image-preview":"max-image-preview:large","max-video-preview":"max-video-preview:-1"},"canonical":"https:\/\/medicina.udd.cl\/centro-genetica-genomica\/financiamiento-mario-fernandez\/","og_locale":"es_ES","og_type":"article","og_title":"Financiamiento - Centro de Gen\u00e9tica y Gen\u00f3mica","og_description":"Proyectos como Investigador principal \u201cDeterminantes gen\u00e9ticas asociadas al pron\u00f3stico cl\u00ednico de pacientes con&nbsp;&nbsp;c\u00e1ncer de vejiga con exposici\u00f3n a ars\u00e9nico\u201d, Cl\u00ednica Alemana. \u201cGenetic variants related to presence of bladder urothelial carcinoma in a high-risk, arsenic-exposed population in northern Chile (Antofagasta): a genome-wide association study\u201d, FONDECYT. \u201cNucleotide excision DNA repair proteic expression in bladder cancer: relation to [&hellip;]","og_url":"https:\/\/medicina.udd.cl\/centro-genetica-genomica\/financiamiento-mario-fernandez\/","og_site_name":"Centro de Gen\u00e9tica y Gen\u00f3mica","article_modified_time":"2020-08-28T17:09:45+00:00","twitter_misc":{"Tiempo de lectura":"1 minuto"},"schema":{"@context":"https:\/\/schema.org","@graph":[{"@type":"WebPage","@id":"https:\/\/medicina.udd.cl\/centro-genetica-genomica\/financiamiento-mario-fernandez\/","url":"https:\/\/medicina.udd.cl\/centro-genetica-genomica\/financiamiento-mario-fernandez\/","name":"Financiamiento - Centro de Gen\u00e9tica y Gen\u00f3mica","isPartOf":{"@id":"https:\/\/medicina.udd.cl\/centro-genetica-genomica\/#website"},"datePublished":"2020-08-28T17:09:38+00:00","dateModified":"2020-08-28T17:09:45+00:00","breadcrumb":{"@id":"https:\/\/medicina.udd.cl\/centro-genetica-genomica\/financiamiento-mario-fernandez\/#breadcrumb"},"inLanguage":"es","potentialAction":[{"@type":"ReadAction","target":["https:\/\/medicina.udd.cl\/centro-genetica-genomica\/financiamiento-mario-fernandez\/"]}]},{"@type":"BreadcrumbList","@id":"https:\/\/medicina.udd.cl\/centro-genetica-genomica\/financiamiento-mario-fernandez\/#breadcrumb","itemListElement":[{"@type":"ListItem","position":1,"name":"Inicio","item":"https:\/\/medicina.udd.cl\/centro-genetica-genomica\/"},{"@type":"ListItem","position":2,"name":"Financiamiento"}]},{"@type":"WebSite","@id":"https:\/\/medicina.udd.cl\/centro-genetica-genomica\/#website","url":"https:\/\/medicina.udd.cl\/centro-genetica-genomica\/","name":"Centro de Gen\u00e9tica y Gen\u00f3mica","description":"","inLanguage":"es"}]}},"_links":{"self":[{"href":"https:\/\/medicina.udd.cl\/centro-genetica-genomica\/wp-json\/wp\/v2\/pages\/2659","targetHints":{"allow":["GET"]}}],"collection":[{"href":"https:\/\/medicina.udd.cl\/centro-genetica-genomica\/wp-json\/wp\/v2\/pages"}],"about":[{"href":"https:\/\/medicina.udd.cl\/centro-genetica-genomica\/wp-json\/wp\/v2\/types\/page"}],"author":[{"embeddable":true,"href":"https:\/\/medicina.udd.cl\/centro-genetica-genomica\/wp-json\/wp\/v2\/users\/42"}],"replies":[{"embeddable":true,"href":"https:\/\/medicina.udd.cl\/centro-genetica-genomica\/wp-json\/wp\/v2\/comments?post=2659"}],"version-history":[{"count":2,"href":"https:\/\/medicina.udd.cl\/centro-genetica-genomica\/wp-json\/wp\/v2\/pages\/2659\/revisions"}],"predecessor-version":[{"id":2661,"href":"https:\/\/medicina.udd.cl\/centro-genetica-genomica\/wp-json\/wp\/v2\/pages\/2659\/revisions\/2661"}],"wp:attachment":[{"href":"https:\/\/medicina.udd.cl\/centro-genetica-genomica\/wp-json\/wp\/v2\/media?parent=2659"}],"curies":[{"name":"wp","href":"https:\/\/api.w.org\/{rel}","templated":true}]}}