{"id":27,"date":"2010-05-20T19:19:45","date_gmt":"2010-05-20T23:19:45","guid":{"rendered":"http:\/\/medicina.udd.cl\/centro-genetica-humana\/investigacion\/"},"modified":"2017-08-01T11:03:17","modified_gmt":"2017-08-01T15:03:17","slug":"investigacion","status":"publish","type":"page","link":"https:\/\/medicina.udd.cl\/centro-genetica-genomica\/investigacion\/","title":{"rendered":"Investigaci\u00f3n"},"content":{"rendered":"<p style=\"text-align: justify;\">Los proyectos de investigaci\u00f3n del Centro de Gen\u00e9tica y Gen\u00f3mica est\u00e1n centrado en las enfermedades raras, tambi\u00e9n denominadas poco frecuentes, minoritarias o hu\u00e9rfanas.<a href=\"http:\/\/medicina.udd.cl\/centro-genetica-genomica\/files\/2010\/05\/enf_poco_frecuentes_BR.v1.3.0.png\" rel=\"attachment wp-att-2084\"><img loading=\"lazy\" decoding=\"async\" class=\"aligncenter wp-image-2084\" src=\"http:\/\/medicina.udd.cl\/centro-genetica-genomica\/files\/2010\/05\/enf_poco_frecuentes_BR.v1.3.0-300x201.png\" alt=\"enfermedades poco frecuentes\" width=\"650\" height=\"435\" srcset=\"https:\/\/medicina.udd.cl\/centro-genetica-genomica\/files\/2010\/05\/enf_poco_frecuentes_BR.v1.3.0-300x201.png 300w, https:\/\/medicina.udd.cl\/centro-genetica-genomica\/files\/2010\/05\/enf_poco_frecuentes_BR.v1.3.0-768x514.png 768w, https:\/\/medicina.udd.cl\/centro-genetica-genomica\/files\/2010\/05\/enf_poco_frecuentes_BR.v1.3.0-1024x686.png 1024w, https:\/\/medicina.udd.cl\/centro-genetica-genomica\/files\/2010\/05\/enf_poco_frecuentes_BR.v1.3.0-960x643.png 960w\" sizes=\"auto, (max-width: 650px) 100vw, 650px\" \/><\/a><\/p>\n<p style=\"text-align: justify;\">El CGG asume el\u00a0desaf\u00edo de generar conocimiento que sea \u00fatil para las personas con estas enfermedades\u00a0Integramos aspectos cl\u00ednicos (fenotipos), secuenciaci\u00f3n gen\u00f3mica, bioinform\u00e1tica y an\u00e1lisis funcionales para comprender las causas gen\u00e9ticas de las enfermedades poco frecuentes y contribuir a mejorar el diagn\u00f3stico y desarrollar terapias. Colaboramos con otros centros de la Facultad de Medicina, grupos nacionales e internacionales.<\/p>\n<p>&nbsp;<\/p>\n<p>&nbsp;<\/p>\n<p>&nbsp;<\/p>\n<p>&nbsp;<\/p>\n<p>&nbsp;<\/p>\n<p>&nbsp;<\/p>\n","protected":false},"excerpt":{"rendered":"<p>Los proyectos de investigaci\u00f3n del Centro de Gen\u00e9tica y Gen\u00f3mica est\u00e1n centrado en las enfermedades raras, tambi\u00e9n denominadas poco frecuentes, minoritarias o hu\u00e9rfanas. El CGG asume el\u00a0desaf\u00edo de generar conocimiento que sea \u00fatil para las personas con estas enfermedades\u00a0Integramos aspectos cl\u00ednicos (fenotipos), secuenciaci\u00f3n gen\u00f3mica, bioinform\u00e1tica y an\u00e1lisis funcionales para comprender las causas gen\u00e9ticas de las [&hellip;]<\/p>\n","protected":false},"author":1,"featured_media":0,"parent":0,"menu_order":0,"comment_status":"open","ping_status":"open","template":"template-wide-content.php","meta":{"footnotes":""},"class_list":["post-27","page","type-page","status-publish","hentry"],"yoast_head":"<!-- This site is optimized with the Yoast SEO plugin v26.9 - https:\/\/yoast.com\/product\/yoast-seo-wordpress\/ -->\n<title>Investigaci\u00f3n - Centro de Gen\u00e9tica y Gen\u00f3mica<\/title>\n<meta name=\"robots\" content=\"index, follow, max-snippet:-1, max-image-preview:large, max-video-preview:-1\" \/>\n<link rel=\"canonical\" href=\"https:\/\/medicina.udd.cl\/centro-genetica-genomica\/investigacion\/\" \/>\n<meta property=\"og:locale\" content=\"es_ES\" \/>\n<meta property=\"og:type\" content=\"article\" \/>\n<meta property=\"og:title\" content=\"Investigaci\u00f3n - Centro de Gen\u00e9tica y Gen\u00f3mica\" \/>\n<meta property=\"og:description\" content=\"Los proyectos de investigaci\u00f3n del Centro de Gen\u00e9tica y Gen\u00f3mica est\u00e1n centrado en las enfermedades raras, tambi\u00e9n denominadas poco frecuentes, minoritarias o hu\u00e9rfanas. El CGG asume el\u00a0desaf\u00edo de generar conocimiento que sea \u00fatil para las personas con estas enfermedades\u00a0Integramos aspectos cl\u00ednicos (fenotipos), secuenciaci\u00f3n gen\u00f3mica, bioinform\u00e1tica y an\u00e1lisis funcionales para comprender las causas gen\u00e9ticas de las [&hellip;]\" \/>\n<meta property=\"og:url\" content=\"https:\/\/medicina.udd.cl\/centro-genetica-genomica\/investigacion\/\" \/>\n<meta property=\"og:site_name\" content=\"Centro de Gen\u00e9tica y Gen\u00f3mica\" \/>\n<meta property=\"article:modified_time\" content=\"2017-08-01T15:03:17+00:00\" \/>\n<meta property=\"og:image\" content=\"http:\/\/medicina.udd.cl\/centro-genetica-genomica\/files\/2010\/05\/enf_poco_frecuentes_BR.v1.3.0-300x201.png\" \/>\n<meta name=\"twitter:label1\" content=\"Tiempo de lectura\" \/>\n\t<meta name=\"twitter:data1\" content=\"1 minuto\" \/>\n<script type=\"application\/ld+json\" class=\"yoast-schema-graph\">{\"@context\":\"https:\/\/schema.org\",\"@graph\":[{\"@type\":\"WebPage\",\"@id\":\"https:\/\/medicina.udd.cl\/centro-genetica-genomica\/investigacion\/\",\"url\":\"https:\/\/medicina.udd.cl\/centro-genetica-genomica\/investigacion\/\",\"name\":\"Investigaci\u00f3n - Centro de Gen\u00e9tica y Gen\u00f3mica\",\"isPartOf\":{\"@id\":\"https:\/\/medicina.udd.cl\/centro-genetica-genomica\/#website\"},\"primaryImageOfPage\":{\"@id\":\"https:\/\/medicina.udd.cl\/centro-genetica-genomica\/investigacion\/#primaryimage\"},\"image\":{\"@id\":\"https:\/\/medicina.udd.cl\/centro-genetica-genomica\/investigacion\/#primaryimage\"},\"thumbnailUrl\":\"http:\/\/medicina.udd.cl\/centro-genetica-genomica\/files\/2010\/05\/enf_poco_frecuentes_BR.v1.3.0-300x201.png\",\"datePublished\":\"2010-05-20T23:19:45+00:00\",\"dateModified\":\"2017-08-01T15:03:17+00:00\",\"breadcrumb\":{\"@id\":\"https:\/\/medicina.udd.cl\/centro-genetica-genomica\/investigacion\/#breadcrumb\"},\"inLanguage\":\"es\",\"potentialAction\":[{\"@type\":\"ReadAction\",\"target\":[\"https:\/\/medicina.udd.cl\/centro-genetica-genomica\/investigacion\/\"]}]},{\"@type\":\"ImageObject\",\"inLanguage\":\"es\",\"@id\":\"https:\/\/medicina.udd.cl\/centro-genetica-genomica\/investigacion\/#primaryimage\",\"url\":\"http:\/\/medicina.udd.cl\/centro-genetica-genomica\/files\/2010\/05\/enf_poco_frecuentes_BR.v1.3.0-300x201.png\",\"contentUrl\":\"http:\/\/medicina.udd.cl\/centro-genetica-genomica\/files\/2010\/05\/enf_poco_frecuentes_BR.v1.3.0-300x201.png\"},{\"@type\":\"BreadcrumbList\",\"@id\":\"https:\/\/medicina.udd.cl\/centro-genetica-genomica\/investigacion\/#breadcrumb\",\"itemListElement\":[{\"@type\":\"ListItem\",\"position\":1,\"name\":\"Inicio\",\"item\":\"https:\/\/medicina.udd.cl\/centro-genetica-genomica\/\"},{\"@type\":\"ListItem\",\"position\":2,\"name\":\"Investigaci\u00f3n\"}]},{\"@type\":\"WebSite\",\"@id\":\"https:\/\/medicina.udd.cl\/centro-genetica-genomica\/#website\",\"url\":\"https:\/\/medicina.udd.cl\/centro-genetica-genomica\/\",\"name\":\"Centro de Gen\u00e9tica y Gen\u00f3mica\",\"description\":\"\",\"inLanguage\":\"es\"}]}<\/script>\n<!-- \/ Yoast SEO plugin. -->","yoast_head_json":{"title":"Investigaci\u00f3n - Centro de Gen\u00e9tica y Gen\u00f3mica","robots":{"index":"index","follow":"follow","max-snippet":"max-snippet:-1","max-image-preview":"max-image-preview:large","max-video-preview":"max-video-preview:-1"},"canonical":"https:\/\/medicina.udd.cl\/centro-genetica-genomica\/investigacion\/","og_locale":"es_ES","og_type":"article","og_title":"Investigaci\u00f3n - Centro de Gen\u00e9tica y Gen\u00f3mica","og_description":"Los proyectos de investigaci\u00f3n del Centro de Gen\u00e9tica y Gen\u00f3mica est\u00e1n centrado en las enfermedades raras, tambi\u00e9n denominadas poco frecuentes, minoritarias o hu\u00e9rfanas. El CGG asume el\u00a0desaf\u00edo de generar conocimiento que sea \u00fatil para las personas con estas enfermedades\u00a0Integramos aspectos cl\u00ednicos (fenotipos), secuenciaci\u00f3n gen\u00f3mica, bioinform\u00e1tica y an\u00e1lisis funcionales para comprender las causas gen\u00e9ticas de las [&hellip;]","og_url":"https:\/\/medicina.udd.cl\/centro-genetica-genomica\/investigacion\/","og_site_name":"Centro de Gen\u00e9tica y Gen\u00f3mica","article_modified_time":"2017-08-01T15:03:17+00:00","og_image":[{"url":"http:\/\/medicina.udd.cl\/centro-genetica-genomica\/files\/2010\/05\/enf_poco_frecuentes_BR.v1.3.0-300x201.png","type":"","width":"","height":""}],"twitter_misc":{"Tiempo de lectura":"1 minuto"},"schema":{"@context":"https:\/\/schema.org","@graph":[{"@type":"WebPage","@id":"https:\/\/medicina.udd.cl\/centro-genetica-genomica\/investigacion\/","url":"https:\/\/medicina.udd.cl\/centro-genetica-genomica\/investigacion\/","name":"Investigaci\u00f3n - Centro de Gen\u00e9tica y Gen\u00f3mica","isPartOf":{"@id":"https:\/\/medicina.udd.cl\/centro-genetica-genomica\/#website"},"primaryImageOfPage":{"@id":"https:\/\/medicina.udd.cl\/centro-genetica-genomica\/investigacion\/#primaryimage"},"image":{"@id":"https:\/\/medicina.udd.cl\/centro-genetica-genomica\/investigacion\/#primaryimage"},"thumbnailUrl":"http:\/\/medicina.udd.cl\/centro-genetica-genomica\/files\/2010\/05\/enf_poco_frecuentes_BR.v1.3.0-300x201.png","datePublished":"2010-05-20T23:19:45+00:00","dateModified":"2017-08-01T15:03:17+00:00","breadcrumb":{"@id":"https:\/\/medicina.udd.cl\/centro-genetica-genomica\/investigacion\/#breadcrumb"},"inLanguage":"es","potentialAction":[{"@type":"ReadAction","target":["https:\/\/medicina.udd.cl\/centro-genetica-genomica\/investigacion\/"]}]},{"@type":"ImageObject","inLanguage":"es","@id":"https:\/\/medicina.udd.cl\/centro-genetica-genomica\/investigacion\/#primaryimage","url":"http:\/\/medicina.udd.cl\/centro-genetica-genomica\/files\/2010\/05\/enf_poco_frecuentes_BR.v1.3.0-300x201.png","contentUrl":"http:\/\/medicina.udd.cl\/centro-genetica-genomica\/files\/2010\/05\/enf_poco_frecuentes_BR.v1.3.0-300x201.png"},{"@type":"BreadcrumbList","@id":"https:\/\/medicina.udd.cl\/centro-genetica-genomica\/investigacion\/#breadcrumb","itemListElement":[{"@type":"ListItem","position":1,"name":"Inicio","item":"https:\/\/medicina.udd.cl\/centro-genetica-genomica\/"},{"@type":"ListItem","position":2,"name":"Investigaci\u00f3n"}]},{"@type":"WebSite","@id":"https:\/\/medicina.udd.cl\/centro-genetica-genomica\/#website","url":"https:\/\/medicina.udd.cl\/centro-genetica-genomica\/","name":"Centro de Gen\u00e9tica y Gen\u00f3mica","description":"","inLanguage":"es"}]}},"_links":{"self":[{"href":"https:\/\/medicina.udd.cl\/centro-genetica-genomica\/wp-json\/wp\/v2\/pages\/27","targetHints":{"allow":["GET"]}}],"collection":[{"href":"https:\/\/medicina.udd.cl\/centro-genetica-genomica\/wp-json\/wp\/v2\/pages"}],"about":[{"href":"https:\/\/medicina.udd.cl\/centro-genetica-genomica\/wp-json\/wp\/v2\/types\/page"}],"author":[{"embeddable":true,"href":"https:\/\/medicina.udd.cl\/centro-genetica-genomica\/wp-json\/wp\/v2\/users\/1"}],"replies":[{"embeddable":true,"href":"https:\/\/medicina.udd.cl\/centro-genetica-genomica\/wp-json\/wp\/v2\/comments?post=27"}],"version-history":[{"count":49,"href":"https:\/\/medicina.udd.cl\/centro-genetica-genomica\/wp-json\/wp\/v2\/pages\/27\/revisions"}],"predecessor-version":[{"id":2092,"href":"https:\/\/medicina.udd.cl\/centro-genetica-genomica\/wp-json\/wp\/v2\/pages\/27\/revisions\/2092"}],"wp:attachment":[{"href":"https:\/\/medicina.udd.cl\/centro-genetica-genomica\/wp-json\/wp\/v2\/media?parent=27"}],"curies":[{"name":"wp","href":"https:\/\/api.w.org\/{rel}","templated":true}]}}