{"id":9,"date":"2010-04-06T12:12:20","date_gmt":"2010-04-06T16:12:20","guid":{"rendered":"http:\/\/medicina.udd.cl\/centro-genetica-humana\/sobre-el-centro\/equipo\/"},"modified":"2016-08-08T16:19:19","modified_gmt":"2016-08-08T20:19:19","slug":"equipo","status":"publish","type":"page","link":"https:\/\/medicina.udd.cl\/centro-genetica-genomica\/sobre-el-centro\/equipo\/","title":{"rendered":"\u00bfQui\u00e9nes somos?"},"content":{"rendered":"\n","protected":false},"excerpt":{"rendered":"","protected":false},"author":1,"featured_media":0,"parent":7,"menu_order":10,"comment_status":"open","ping_status":"open","template":"template-wide-content.php","meta":{"footnotes":""},"class_list":["post-9","page","type-page","status-publish","hentry"],"yoast_head":"<!-- This site is optimized with the Yoast SEO plugin v26.9 - https:\/\/yoast.com\/product\/yoast-seo-wordpress\/ -->\n<title>Centro de Gen\u00e9tica y Gen\u00f3mica | UDD<\/title>\n<meta name=\"description\" content=\"Conoce los integrantes del Centro de Gen\u00e9tica y Gen\u00f3mica de la Facultad de Medicina Cl\u00ednica Alemana Universidad del Desarrollo y sus l\u00edneas de investigaci\u00f3n\" \/>\n<meta name=\"robots\" content=\"index, follow, max-snippet:-1, max-image-preview:large, max-video-preview:-1\" \/>\n<link rel=\"canonical\" href=\"https:\/\/medicina.udd.cl\/centro-genetica-genomica\/sobre-el-centro\/equipo\/\" \/>\n<meta property=\"og:locale\" content=\"es_ES\" \/>\n<meta property=\"og:type\" content=\"article\" \/>\n<meta property=\"og:title\" content=\"Centro de Gen\u00e9tica y Gen\u00f3mica | UDD\" \/>\n<meta property=\"og:description\" content=\"Conoce los integrantes del Centro de Gen\u00e9tica y Gen\u00f3mica de la Facultad de Medicina Cl\u00ednica Alemana Universidad del Desarrollo y sus l\u00edneas de investigaci\u00f3n\" \/>\n<meta property=\"og:url\" content=\"https:\/\/medicina.udd.cl\/centro-genetica-genomica\/sobre-el-centro\/equipo\/\" \/>\n<meta property=\"og:site_name\" content=\"Centro de Gen\u00e9tica y Gen\u00f3mica\" \/>\n<meta property=\"article:modified_time\" content=\"2016-08-08T20:19:19+00:00\" \/>\n<script type=\"application\/ld+json\" class=\"yoast-schema-graph\">{\"@context\":\"https:\/\/schema.org\",\"@graph\":[{\"@type\":\"WebPage\",\"@id\":\"https:\/\/medicina.udd.cl\/centro-genetica-genomica\/sobre-el-centro\/equipo\/\",\"url\":\"https:\/\/medicina.udd.cl\/centro-genetica-genomica\/sobre-el-centro\/equipo\/\",\"name\":\"Centro de Gen\u00e9tica y Gen\u00f3mica | UDD\",\"isPartOf\":{\"@id\":\"https:\/\/medicina.udd.cl\/centro-genetica-genomica\/#website\"},\"datePublished\":\"2010-04-06T16:12:20+00:00\",\"dateModified\":\"2016-08-08T20:19:19+00:00\",\"description\":\"Conoce los integrantes del Centro de Gen\u00e9tica y Gen\u00f3mica de la Facultad de Medicina Cl\u00ednica Alemana Universidad del Desarrollo y sus l\u00edneas de investigaci\u00f3n\",\"breadcrumb\":{\"@id\":\"https:\/\/medicina.udd.cl\/centro-genetica-genomica\/sobre-el-centro\/equipo\/#breadcrumb\"},\"inLanguage\":\"es\",\"potentialAction\":[{\"@type\":\"ReadAction\",\"target\":[\"https:\/\/medicina.udd.cl\/centro-genetica-genomica\/sobre-el-centro\/equipo\/\"]}]},{\"@type\":\"BreadcrumbList\",\"@id\":\"https:\/\/medicina.udd.cl\/centro-genetica-genomica\/sobre-el-centro\/equipo\/#breadcrumb\",\"itemListElement\":[{\"@type\":\"ListItem\",\"position\":1,\"name\":\"Inicio\",\"item\":\"https:\/\/medicina.udd.cl\/centro-genetica-genomica\/\"},{\"@type\":\"ListItem\",\"position\":2,\"name\":\"Sobre el centro\",\"item\":\"https:\/\/medicina.udd.cl\/centro-genetica-genomica\/sobre-el-centro\/\"},{\"@type\":\"ListItem\",\"position\":3,\"name\":\"\u00bfQui\u00e9nes somos?\"}]},{\"@type\":\"WebSite\",\"@id\":\"https:\/\/medicina.udd.cl\/centro-genetica-genomica\/#website\",\"url\":\"https:\/\/medicina.udd.cl\/centro-genetica-genomica\/\",\"name\":\"Centro de Gen\u00e9tica y Gen\u00f3mica\",\"description\":\"\",\"inLanguage\":\"es\"}]}<\/script>\n<!-- \/ Yoast SEO plugin. -->","yoast_head_json":{"title":"Centro de Gen\u00e9tica y Gen\u00f3mica | UDD","description":"Conoce los integrantes del Centro de Gen\u00e9tica y Gen\u00f3mica de la Facultad de Medicina Cl\u00ednica Alemana Universidad del Desarrollo y sus l\u00edneas de investigaci\u00f3n","robots":{"index":"index","follow":"follow","max-snippet":"max-snippet:-1","max-image-preview":"max-image-preview:large","max-video-preview":"max-video-preview:-1"},"canonical":"https:\/\/medicina.udd.cl\/centro-genetica-genomica\/sobre-el-centro\/equipo\/","og_locale":"es_ES","og_type":"article","og_title":"Centro de Gen\u00e9tica y Gen\u00f3mica | UDD","og_description":"Conoce los integrantes del Centro de Gen\u00e9tica y Gen\u00f3mica de la Facultad de Medicina Cl\u00ednica Alemana Universidad del Desarrollo y sus l\u00edneas de investigaci\u00f3n","og_url":"https:\/\/medicina.udd.cl\/centro-genetica-genomica\/sobre-el-centro\/equipo\/","og_site_name":"Centro de Gen\u00e9tica y Gen\u00f3mica","article_modified_time":"2016-08-08T20:19:19+00:00","schema":{"@context":"https:\/\/schema.org","@graph":[{"@type":"WebPage","@id":"https:\/\/medicina.udd.cl\/centro-genetica-genomica\/sobre-el-centro\/equipo\/","url":"https:\/\/medicina.udd.cl\/centro-genetica-genomica\/sobre-el-centro\/equipo\/","name":"Centro de Gen\u00e9tica y Gen\u00f3mica | UDD","isPartOf":{"@id":"https:\/\/medicina.udd.cl\/centro-genetica-genomica\/#website"},"datePublished":"2010-04-06T16:12:20+00:00","dateModified":"2016-08-08T20:19:19+00:00","description":"Conoce los integrantes del Centro de Gen\u00e9tica y Gen\u00f3mica de la Facultad de Medicina Cl\u00ednica Alemana Universidad del Desarrollo y sus l\u00edneas de investigaci\u00f3n","breadcrumb":{"@id":"https:\/\/medicina.udd.cl\/centro-genetica-genomica\/sobre-el-centro\/equipo\/#breadcrumb"},"inLanguage":"es","potentialAction":[{"@type":"ReadAction","target":["https:\/\/medicina.udd.cl\/centro-genetica-genomica\/sobre-el-centro\/equipo\/"]}]},{"@type":"BreadcrumbList","@id":"https:\/\/medicina.udd.cl\/centro-genetica-genomica\/sobre-el-centro\/equipo\/#breadcrumb","itemListElement":[{"@type":"ListItem","position":1,"name":"Inicio","item":"https:\/\/medicina.udd.cl\/centro-genetica-genomica\/"},{"@type":"ListItem","position":2,"name":"Sobre el centro","item":"https:\/\/medicina.udd.cl\/centro-genetica-genomica\/sobre-el-centro\/"},{"@type":"ListItem","position":3,"name":"\u00bfQui\u00e9nes somos?"}]},{"@type":"WebSite","@id":"https:\/\/medicina.udd.cl\/centro-genetica-genomica\/#website","url":"https:\/\/medicina.udd.cl\/centro-genetica-genomica\/","name":"Centro de Gen\u00e9tica y Gen\u00f3mica","description":"","inLanguage":"es"}]}},"_links":{"self":[{"href":"https:\/\/medicina.udd.cl\/centro-genetica-genomica\/wp-json\/wp\/v2\/pages\/9","targetHints":{"allow":["GET"]}}],"collection":[{"href":"https:\/\/medicina.udd.cl\/centro-genetica-genomica\/wp-json\/wp\/v2\/pages"}],"about":[{"href":"https:\/\/medicina.udd.cl\/centro-genetica-genomica\/wp-json\/wp\/v2\/types\/page"}],"author":[{"embeddable":true,"href":"https:\/\/medicina.udd.cl\/centro-genetica-genomica\/wp-json\/wp\/v2\/users\/1"}],"replies":[{"embeddable":true,"href":"https:\/\/medicina.udd.cl\/centro-genetica-genomica\/wp-json\/wp\/v2\/comments?post=9"}],"version-history":[{"count":15,"href":"https:\/\/medicina.udd.cl\/centro-genetica-genomica\/wp-json\/wp\/v2\/pages\/9\/revisions"}],"predecessor-version":[{"id":1823,"href":"https:\/\/medicina.udd.cl\/centro-genetica-genomica\/wp-json\/wp\/v2\/pages\/9\/revisions\/1823"}],"up":[{"embeddable":true,"href":"https:\/\/medicina.udd.cl\/centro-genetica-genomica\/wp-json\/wp\/v2\/pages\/7"}],"wp:attachment":[{"href":"https:\/\/medicina.udd.cl\/centro-genetica-genomica\/wp-json\/wp\/v2\/media?parent=9"}],"curies":[{"name":"wp","href":"https:\/\/api.w.org\/{rel}","templated":true}]}}

¿Quiénes somos?

<!-- This site is optimized with the Yoast SEO plugin v26.9 - https://yoast.com/product/yoast-seo-wordpress/ -->
<title>Centro de Genética y Genómica | UDD</title>
<meta name="description" content="Conoce los integrantes del Centro de Genética y Genómica de la Facultad de Medicina Clínica Alemana Universidad del Desarrollo y sus líneas de investigación" />
<meta name="robots" content="index, follow, max-snippet:-1, max-image-preview:large, max-video-preview:-1" />
<link rel="canonical" href="https://medicina.udd.cl/centro-genetica-genomica/sobre-el-centro/equipo/" />
<meta property="og:locale" content="es_ES" />
<meta property="og:type" content="article" />
<meta property="og:title" content="Centro de Genética y Genómica | UDD" />
<meta property="og:description" content="Conoce los integrantes del Centro de Genética y Genómica de la Facultad de Medicina Clínica Alemana Universidad del Desarrollo y sus líneas de investigación" />
<meta property="og:url" content="https://medicina.udd.cl/centro-genetica-genomica/sobre-el-centro/equipo/" />
<meta property="og:site_name" content="Centro de Genética y Genómica" />
<meta property="article:modified_time" content="2016-08-08T20:19:19+00:00" />
<script type="application/ld+json" class="yoast-schema-graph">{"@context":"https://schema.org","@graph":[{"@type":"WebPage","@id":"https://medicina.udd.cl/centro-genetica-genomica/sobre-el-centro/equipo/","url":"https://medicina.udd.cl/centro-genetica-genomica/sobre-el-centro/equipo/","name":"Centro de Genética y Genómica | UDD","isPartOf":{"@id":"https://medicina.udd.cl/centro-genetica-genomica/#website"},"datePublished":"2010-04-06T16:12:20+00:00","dateModified":"2016-08-08T20:19:19+00:00","description":"Conoce los integrantes del Centro de Genética y Genómica de la Facultad de Medicina Clínica Alemana Universidad del Desarrollo y sus líneas de investigación","breadcrumb":{"@id":"https://medicina.udd.cl/centro-genetica-genomica/sobre-el-centro/equipo/#breadcrumb"},"inLanguage":"es","potentialAction":[{"@type":"ReadAction","target":["https://medicina.udd.cl/centro-genetica-genomica/sobre-el-centro/equipo/"]}]},{"@type":"BreadcrumbList","@id":"https://medicina.udd.cl/centro-genetica-genomica/sobre-el-centro/equipo/#breadcrumb","itemListElement":[{"@type":"ListItem","position":1,"name":"Inicio","item":"https://medicina.udd.cl/centro-genetica-genomica/"},{"@type":"ListItem","position":2,"name":"Sobre el centro","item":"https://medicina.udd.cl/centro-genetica-genomica/sobre-el-centro/"},{"@type":"ListItem","position":3,"name":"¿Quiénes somos?"}]},{"@type":"WebSite","@id":"https://medicina.udd.cl/centro-genetica-genomica/#website","url":"https://medicina.udd.cl/centro-genetica-genomica/","name":"Centro de Genética y Genómica","description":"","inLanguage":"es"}]}</script>
<!-- / Yoast SEO plugin. -->

Centro de Genética y Genómica | UDD

Conoce los integrantes del Centro de Genética y Genómica de la Facultad de Medicina Clínica Alemana Universidad del Desarrollo y sus líneas de investigación

Centro de Genética y Genómica
