{"version":"1.0","provider_name":"Centro de Humanidades","provider_url":"https:\/\/medicina.udd.cl\/centro-humanidades","author_name":"magdalenaestay","author_url":"https:\/\/medicina.udd.cl\/centro-humanidades\/noticias\/author\/magdalenaestay\/","title":"Semana Cultural UDD - Centro de Humanidades","type":"rich","width":600,"height":338,"html":"<blockquote class=\"wp-embedded-content\" data-secret=\"Tzv74qcZK2\"><a href=\"https:\/\/medicina.udd.cl\/centro-humanidades\/noticias\/2023\/08\/24\/semana-cultural-udd\/\">Semana Cultural UDD<\/a><\/blockquote><iframe sandbox=\"allow-scripts\" security=\"restricted\" src=\"https:\/\/medicina.udd.cl\/centro-humanidades\/noticias\/2023\/08\/24\/semana-cultural-udd\/embed\/#?secret=Tzv74qcZK2\" width=\"600\" height=\"338\" title=\"\u00abSemana Cultural UDD\u00bb \u2014 Centro de Humanidades\" data-secret=\"Tzv74qcZK2\" frameborder=\"0\" marginwidth=\"0\" marginheight=\"0\" scrolling=\"no\" class=\"wp-embedded-content\"><\/iframe><script type=\"text\/javascript\">\n\/* <![CDATA[ *\/\n\/*! This file is auto-generated *\/\n!function(d,l){\"use strict\";l.querySelector&&d.addEventListener&&\"undefined\"!=typeof URL&&(d.wp=d.wp||{},d.wp.receiveEmbedMessage||(d.wp.receiveEmbedMessage=function(e){var t=e.data;if((t||t.secret||t.message||t.value)&&!\/[^a-zA-Z0-9]\/.test(t.secret)){for(var s,r,n,a=l.querySelectorAll('iframe[data-secret=\"'+t.secret+'\"]'),o=l.querySelectorAll('blockquote[data-secret=\"'+t.secret+'\"]'),c=new RegExp(\"^https?:$\",\"i\"),i=0;i<o.length;i++)o[i].style.display=\"none\";for(i=0;i<a.length;i++)s=a[i],e.source===s.contentWindow&&(s.removeAttribute(\"style\"),\"height\"===t.message?(1e3<(r=parseInt(t.value,10))?r=1e3:~~r<200&&(r=200),s.height=r):\"link\"===t.message&&(r=new URL(s.getAttribute(\"src\")),n=new URL(t.value),c.test(n.protocol))&&n.host===r.host&&l.activeElement===s&&(d.top.location.href=t.value))}},d.addEventListener(\"message\",d.wp.receiveEmbedMessage,!1),l.addEventListener(\"DOMContentLoaded\",function(){for(var e,t,s=l.querySelectorAll(\"iframe.wp-embedded-content\"),r=0;r<s.length;r++)(t=(e=s[r]).getAttribute(\"data-secret\"))||(t=Math.random().toString(36).substring(2,12),e.src+=\"#?secret=\"+t,e.setAttribute(\"data-secret\",t)),e.contentWindow.postMessage({message:\"ready\",secret:t},\"*\")},!1)))}(window,document);\n\/\/# sourceURL=https:\/\/medicina.udd.cl\/centro-humanidades\/wp-includes\/js\/wp-embed.min.js\n\/* ]]> *\/\n<\/script>\n","description":"El pasado lunes 7 y hasta el 11 de agosto, el Centro de Humanidades M\u00e9dicas de la Facultad de Medicina Cl\u00ednica Alemana Universidad del Desarrollo invit\u00f3 a toda la comunidad acad\u00e9mica a la Semana Cultural UDD, con un programa de 6 actividades art\u00edsticas que se realizaron en el Campus Rector Ernesto Silva Bafalluy. Este proyecto [&hellip;]","thumbnail_url":"https:\/\/medicina.udd.cl\/centro-humanidades\/files\/2023\/08\/0s8a7785-1024x683.jpg"}

El pasado lunes 7 y hasta el 11 de agosto, el Centro de Humanidades Médicas de la Facultad de Medicina Clínica Alemana Universidad del Desarrollo invitó a toda la comunidad académica a la Semana Cultural UDD, con un programa de 6 actividades artísticas que se realizaron en el Campus Rector Ernesto Silva Bafalluy. Este proyecto [&hellip;]
