{"id":664,"date":"2012-10-31T09:46:36","date_gmt":"2012-10-31T12:46:36","guid":{"rendered":"http:\/\/medicina.udd.cl\/centro-humanidades\/files\/2012\/10\/afiche-tuga-2.jpg"},"modified":"2012-10-31T09:46:36","modified_gmt":"2012-10-31T12:46:36","slug":"afiche-tuga-2","status":"inherit","type":"attachment","link":"https:\/\/medicina.udd.cl\/centro-humanidades\/noticias\/2012\/10\/31\/invitacion-a-cierre-del-ano-academico-del-centro-de-humanidades\/afiche-tuga-2\/","title":{"rendered":"afiche tuga 2"},"author":1,"featured_media":0,"comment_status":"open","ping_status":"open","template":"","meta":[],"class_list":["post-664","attachment","type-attachment","status-inherit","hentry"],"yoast_head":"<!-- This site is optimized with the Yoast SEO plugin v26.9 - https:\/\/yoast.com\/product\/yoast-seo-wordpress\/ -->\n<title>afiche tuga 2 - Centro de Humanidades<\/title>\n<meta name=\"robots\" content=\"index, follow, max-snippet:-1, max-image-preview:large, max-video-preview:-1\" \/>\n<link rel=\"canonical\" href=\"https:\/\/medicina.udd.cl\/centro-humanidades\/files\/2012\/10\/afiche-tuga-2.jpg\" \/>\n<meta property=\"og:locale\" content=\"es_ES\" \/>\n<meta property=\"og:type\" content=\"article\" \/>\n<meta property=\"og:title\" content=\"afiche tuga 2 - Centro de Humanidades\" \/>\n<meta property=\"og:url\" content=\"https:\/\/medicina.udd.cl\/centro-humanidades\/files\/2012\/10\/afiche-tuga-2.jpg\" \/>\n<meta property=\"og:site_name\" content=\"Centro de Humanidades\" \/>\n<meta property=\"og:image\" content=\"https:\/\/medicina.udd.cl\/centro-humanidades\/files\/2012\/10\/afiche-tuga-2.jpg\" \/>\n\t<meta property=\"og:image:width\" content=\"907\" \/>\n\t<meta property=\"og:image:height\" content=\"1332\" \/>\n\t<meta property=\"og:image:type\" content=\"image\/jpeg\" \/>\n<script type=\"application\/ld+json\" class=\"yoast-schema-graph\">{\"@context\":\"https:\/\/schema.org\",\"@graph\":[{\"@type\":\"WebPage\",\"@id\":\"https:\/\/medicina.udd.cl\/centro-humanidades\/files\/2012\/10\/afiche-tuga-2.jpg\",\"url\":\"https:\/\/medicina.udd.cl\/centro-humanidades\/files\/2012\/10\/afiche-tuga-2.jpg\",\"name\":\"afiche tuga 2 - Centro de Humanidades\",\"isPartOf\":{\"@id\":\"https:\/\/medicina.udd.cl\/centro-humanidades\/#website\"},\"datePublished\":\"2012-10-31T12:46:36+00:00\",\"breadcrumb\":{\"@id\":\"https:\/\/medicina.udd.cl\/centro-humanidades\/files\/2012\/10\/afiche-tuga-2.jpg#breadcrumb\"},\"inLanguage\":\"es\",\"potentialAction\":[{\"@type\":\"ReadAction\",\"target\":[\"https:\/\/medicina.udd.cl\/centro-humanidades\/files\/2012\/10\/afiche-tuga-2.jpg\"]}]},{\"@type\":\"BreadcrumbList\",\"@id\":\"https:\/\/medicina.udd.cl\/centro-humanidades\/files\/2012\/10\/afiche-tuga-2.jpg#breadcrumb\",\"itemListElement\":[{\"@type\":\"ListItem\",\"position\":1,\"name\":\"Home\",\"item\":\"https:\/\/medicina.udd.cl\/centro-humanidades\/\"},{\"@type\":\"ListItem\",\"position\":2,\"name\":\"Invitaci\u00f3n a cierre del A\u00f1o Acad\u00e9mico del Centro de Humanidades\",\"item\":\"https:\/\/medicina.udd.cl\/centro-humanidades\/noticias\/2012\/10\/31\/invitacion-a-cierre-del-ano-academico-del-centro-de-humanidades\/\"},{\"@type\":\"ListItem\",\"position\":3,\"name\":\"afiche tuga 2\"}]},{\"@type\":\"WebSite\",\"@id\":\"https:\/\/medicina.udd.cl\/centro-humanidades\/#website\",\"url\":\"https:\/\/medicina.udd.cl\/centro-humanidades\/\",\"name\":\"Centro de Humanidades\",\"description\":\"Otro sitio m\u00e1s de Medicina\",\"potentialAction\":[{\"@type\":\"SearchAction\",\"target\":{\"@type\":\"EntryPoint\",\"urlTemplate\":\"https:\/\/medicina.udd.cl\/centro-humanidades\/?s={search_term_string}\"},\"query-input\":{\"@type\":\"PropertyValueSpecification\",\"valueRequired\":true,\"valueName\":\"search_term_string\"}}],\"inLanguage\":\"es\"}]}<\/script>\n<!-- \/ Yoast SEO plugin. -->","yoast_head_json":{"title":"afiche tuga 2 - Centro de Humanidades","robots":{"index":"index","follow":"follow","max-snippet":"max-snippet:-1","max-image-preview":"max-image-preview:large","max-video-preview":"max-video-preview:-1"},"canonical":"https:\/\/medicina.udd.cl\/centro-humanidades\/files\/2012\/10\/afiche-tuga-2.jpg","og_locale":"es_ES","og_type":"article","og_title":"afiche tuga 2 - Centro de Humanidades","og_url":"https:\/\/medicina.udd.cl\/centro-humanidades\/files\/2012\/10\/afiche-tuga-2.jpg","og_site_name":"Centro de Humanidades","og_image":[{"width":907,"height":1332,"url":"https:\/\/medicina.udd.cl\/centro-humanidades\/files\/2012\/10\/afiche-tuga-2.jpg","type":"image\/jpeg"}],"schema":{"@context":"https:\/\/schema.org","@graph":[{"@type":"WebPage","@id":"https:\/\/medicina.udd.cl\/centro-humanidades\/files\/2012\/10\/afiche-tuga-2.jpg","url":"https:\/\/medicina.udd.cl\/centro-humanidades\/files\/2012\/10\/afiche-tuga-2.jpg","name":"afiche tuga 2 - Centro de Humanidades","isPartOf":{"@id":"https:\/\/medicina.udd.cl\/centro-humanidades\/#website"},"datePublished":"2012-10-31T12:46:36+00:00","breadcrumb":{"@id":"https:\/\/medicina.udd.cl\/centro-humanidades\/files\/2012\/10\/afiche-tuga-2.jpg#breadcrumb"},"inLanguage":"es","potentialAction":[{"@type":"ReadAction","target":["https:\/\/medicina.udd.cl\/centro-humanidades\/files\/2012\/10\/afiche-tuga-2.jpg"]}]},{"@type":"BreadcrumbList","@id":"https:\/\/medicina.udd.cl\/centro-humanidades\/files\/2012\/10\/afiche-tuga-2.jpg#breadcrumb","itemListElement":[{"@type":"ListItem","position":1,"name":"Home","item":"https:\/\/medicina.udd.cl\/centro-humanidades\/"},{"@type":"ListItem","position":2,"name":"Invitaci\u00f3n a cierre del A\u00f1o Acad\u00e9mico del Centro de Humanidades","item":"https:\/\/medicina.udd.cl\/centro-humanidades\/noticias\/2012\/10\/31\/invitacion-a-cierre-del-ano-academico-del-centro-de-humanidades\/"},{"@type":"ListItem","position":3,"name":"afiche tuga 2"}]},{"@type":"WebSite","@id":"https:\/\/medicina.udd.cl\/centro-humanidades\/#website","url":"https:\/\/medicina.udd.cl\/centro-humanidades\/","name":"Centro de Humanidades","description":"Otro sitio m\u00e1s de Medicina","potentialAction":[{"@type":"SearchAction","target":{"@type":"EntryPoint","urlTemplate":"https:\/\/medicina.udd.cl\/centro-humanidades\/?s={search_term_string}"},"query-input":{"@type":"PropertyValueSpecification","valueRequired":true,"valueName":"search_term_string"}}],"inLanguage":"es"}]}},"description":{"rendered":"<p class=\"attachment\"><a href='https:\/\/medicina.udd.cl\/centro-humanidades\/files\/2012\/10\/afiche-tuga-2.jpg'><img loading=\"lazy\" decoding=\"async\" width=\"204\" height=\"300\" src=\"https:\/\/medicina.udd.cl\/centro-humanidades\/files\/2012\/10\/afiche-tuga-2-204x300.jpg\" class=\"attachment-medium size-medium\" alt=\"\" srcset=\"https:\/\/medicina.udd.cl\/centro-humanidades\/files\/2012\/10\/afiche-tuga-2-204x300.jpg 204w, https:\/\/medicina.udd.cl\/centro-humanidades\/files\/2012\/10\/afiche-tuga-2-768x1128.jpg 768w, https:\/\/medicina.udd.cl\/centro-humanidades\/files\/2012\/10\/afiche-tuga-2-697x1024.jpg 697w, https:\/\/medicina.udd.cl\/centro-humanidades\/files\/2012\/10\/afiche-tuga-2-654x960.jpg 654w, https:\/\/medicina.udd.cl\/centro-humanidades\/files\/2012\/10\/afiche-tuga-2.jpg 907w\" sizes=\"auto, (max-width: 204px) 100vw, 204px\" \/><\/a><\/p>\n"},"caption":{"rendered":""},"alt_text":"","media_type":"image","mime_type":"image\/jpeg","media_details":{"width":907,"height":1332,"file":"2012\/10\/afiche-tuga-2.jpg","sizes":{"thumbnail":{"file":"afiche-tuga-2-150x150.jpg","width":150,"height":150,"mime_type":"image\/jpeg","source_url":"https:\/\/medicina.udd.cl\/centro-humanidades\/files\/2012\/10\/afiche-tuga-2-150x150.jpg"},"medium":{"file":"afiche-tuga-2-204x300.jpg","width":204,"height":300,"mime_type":"image\/jpeg","source_url":"https:\/\/medicina.udd.cl\/centro-humanidades\/files\/2012\/10\/afiche-tuga-2-204x300.jpg"},"medium_large":{"file":"afiche-tuga-2-768x1128.jpg","width":768,"height":1128,"mime_type":"image\/jpeg","source_url":"https:\/\/medicina.udd.cl\/centro-humanidades\/files\/2012\/10\/afiche-tuga-2-768x1128.jpg"},"large":{"file":"afiche-tuga-2-697x1024.jpg","width":697,"height":1024,"mime_type":"image\/jpeg","source_url":"https:\/\/medicina.udd.cl\/centro-humanidades\/files\/2012\/10\/afiche-tuga-2-697x1024.jpg"},"newsletter_featured":{"file":"afiche-tuga-2-316x224.jpg","width":316,"height":224,"mime_type":"image\/jpeg","source_url":"https:\/\/medicina.udd.cl\/centro-humanidades\/files\/2012\/10\/afiche-tuga-2-316x224.jpg"},"newsletter_first":{"file":"afiche-tuga-2-286x205.jpg","width":286,"height":205,"mime_type":"image\/jpeg","source_url":"https:\/\/medicina.udd.cl\/centro-humanidades\/files\/2012\/10\/afiche-tuga-2-286x205.jpg"},"newsletter_thumb":{"file":"afiche-tuga-2-288x150.jpg","width":288,"height":150,"mime_type":"image\/jpeg","source_url":"https:\/\/medicina.udd.cl\/centro-humanidades\/files\/2012\/10\/afiche-tuga-2-288x150.jpg"},"newsletter_column":{"file":"afiche-tuga-2-182x140.jpg","width":182,"height":140,"mime_type":"image\/jpeg","source_url":"https:\/\/medicina.udd.cl\/centro-humanidades\/files\/2012\/10\/afiche-tuga-2-182x140.jpg"},"newsletter_square":{"file":"afiche-tuga-2-62x62.jpg","width":62,"height":62,"mime_type":"image\/jpeg","source_url":"https:\/\/medicina.udd.cl\/centro-humanidades\/files\/2012\/10\/afiche-tuga-2-62x62.jpg"},"newsletter_square_large":{"file":"afiche-tuga-2-87x62.jpg","width":87,"height":62,"mime_type":"image\/jpeg","source_url":"https:\/\/medicina.udd.cl\/centro-humanidades\/files\/2012\/10\/afiche-tuga-2-87x62.jpg"},"featured-home":{"file":"afiche-tuga-2-800x450.jpg","width":800,"height":450,"mime_type":"image\/jpeg","source_url":"https:\/\/medicina.udd.cl\/centro-humanidades\/files\/2012\/10\/afiche-tuga-2-800x450.jpg"},"featured-career":{"file":"afiche-tuga-2-660x430.jpg","width":660,"height":430,"mime_type":"image\/jpeg","source_url":"https:\/\/medicina.udd.cl\/centro-humanidades\/files\/2012\/10\/afiche-tuga-2-660x430.jpg"},"squared":{"file":"afiche-tuga-2-300x300.jpg","width":300,"height":300,"mime_type":"image\/jpeg","source_url":"https:\/\/medicina.udd.cl\/centro-humanidades\/files\/2012\/10\/afiche-tuga-2-300x300.jpg"},"stretch":{"file":"afiche-tuga-2-800x450.jpg","width":800,"height":450,"mime_type":"image\/jpeg","source_url":"https:\/\/medicina.udd.cl\/centro-humanidades\/files\/2012\/10\/afiche-tuga-2-800x450.jpg"},"portrait-medium":{"file":"afiche-tuga-2-220x260.jpg","width":220,"height":260,"mime_type":"image\/jpeg","source_url":"https:\/\/medicina.udd.cl\/centro-humanidades\/files\/2012\/10\/afiche-tuga-2-220x260.jpg"},"landscape-small":{"file":"afiche-tuga-2-125x80.jpg","width":125,"height":80,"mime_type":"image\/jpeg","source_url":"https:\/\/medicina.udd.cl\/centro-humanidades\/files\/2012\/10\/afiche-tuga-2-125x80.jpg"},"landscape-medium":{"file":"afiche-tuga-2-340x220.jpg","width":340,"height":220,"mime_type":"image\/jpeg","source_url":"https:\/\/medicina.udd.cl\/centro-humanidades\/files\/2012\/10\/afiche-tuga-2-340x220.jpg"},"landscape-large":{"file":"afiche-tuga-2-365x255.jpg","width":365,"height":255,"mime_type":"image\/jpeg","source_url":"https:\/\/medicina.udd.cl\/centro-humanidades\/files\/2012\/10\/afiche-tuga-2-365x255.jpg"},"landscape-xlarge":{"file":"afiche-tuga-2-660x430.jpg","width":660,"height":430,"mime_type":"image\/jpeg","source_url":"https:\/\/medicina.udd.cl\/centro-humanidades\/files\/2012\/10\/afiche-tuga-2-660x430.jpg"},"panoramic":{"file":"afiche-tuga-2-907x345.jpg","width":907,"height":345,"mime_type":"image\/jpeg","source_url":"https:\/\/medicina.udd.cl\/centro-humanidades\/files\/2012\/10\/afiche-tuga-2-907x345.jpg"},"stretch-large":{"file":"afiche-tuga-2-907x450.jpg","width":907,"height":450,"mime_type":"image\/jpeg","source_url":"https:\/\/medicina.udd.cl\/centro-humanidades\/files\/2012\/10\/afiche-tuga-2-907x450.jpg"},"proportional-large":{"file":"afiche-tuga-2-654x960.jpg","width":654,"height":960,"mime_type":"image\/jpeg","source_url":"https:\/\/medicina.udd.cl\/centro-humanidades\/files\/2012\/10\/afiche-tuga-2-654x960.jpg"},"custom_content":{"file":"afiche-tuga-2-126x126.jpg","width":126,"height":126,"mime_type":"image\/jpeg","source_url":"https:\/\/medicina.udd.cl\/centro-humanidades\/files\/2012\/10\/afiche-tuga-2-126x126.jpg"},"full":{"file":"afiche-tuga-2.jpg","width":907,"height":1332,"mime_type":"image\/jpeg","source_url":"https:\/\/medicina.udd.cl\/centro-humanidades\/files\/2012\/10\/afiche-tuga-2.jpg"}},"image_meta":{"aperture":"0","credit":"","camera":"","caption":"","created_timestamp":"0","copyright":"","focal_length":"0","iso":"0","shutter_speed":"0","title":"","orientation":"1","keywords":[]}},"post":663,"source_url":"https:\/\/medicina.udd.cl\/centro-humanidades\/files\/2012\/10\/afiche-tuga-2.jpg","_links":{"self":[{"href":"https:\/\/medicina.udd.cl\/centro-humanidades\/wp-json\/wp\/v2\/media\/664","targetHints":{"allow":["GET"]}}],"collection":[{"href":"https:\/\/medicina.udd.cl\/centro-humanidades\/wp-json\/wp\/v2\/media"}],"about":[{"href":"https:\/\/medicina.udd.cl\/centro-humanidades\/wp-json\/wp\/v2\/types\/attachment"}],"author":[{"embeddable":true,"href":"https:\/\/medicina.udd.cl\/centro-humanidades\/wp-json\/wp\/v2\/users\/1"}],"replies":[{"embeddable":true,"href":"https:\/\/medicina.udd.cl\/centro-humanidades\/wp-json\/wp\/v2\/comments?post=664"}],"wp:attached-to":[{"embeddable":true,"post_type":"post","id":663,"href":"https:\/\/medicina.udd.cl\/centro-humanidades\/wp-json\/wp\/v2\/posts\/663"}],"curies":[{"name":"wp","href":"https:\/\/api.w.org\/{rel}","templated":true}]}}

<!-- This site is optimized with the Yoast SEO plugin v26.9 - https://yoast.com/product/yoast-seo-wordpress/ -->
<title>afiche tuga 2 - Centro de Humanidades</title>
<meta name="robots" content="index, follow, max-snippet:-1, max-image-preview:large, max-video-preview:-1" />
<link rel="canonical" href="https://medicina.udd.cl/centro-humanidades/files/2012/10/afiche-tuga-2.jpg" />
<meta property="og:locale" content="es_ES" />
<meta property="og:type" content="article" />
<meta property="og:title" content="afiche tuga 2 - Centro de Humanidades" />
<meta property="og:url" content="https://medicina.udd.cl/centro-humanidades/files/2012/10/afiche-tuga-2.jpg" />
<meta property="og:site_name" content="Centro de Humanidades" />
<meta property="og:image" content="https://medicina.udd.cl/centro-humanidades/files/2012/10/afiche-tuga-2.jpg" />
	<meta property="og:image:width" content="907" />
	<meta property="og:image:height" content="1332" />
	<meta property="og:image:type" content="image/jpeg" />
<script type="application/ld+json" class="yoast-schema-graph">{"@context":"https://schema.org","@graph":[{"@type":"WebPage","@id":"https://medicina.udd.cl/centro-humanidades/files/2012/10/afiche-tuga-2.jpg","url":"https://medicina.udd.cl/centro-humanidades/files/2012/10/afiche-tuga-2.jpg","name":"afiche tuga 2 - Centro de Humanidades","isPartOf":{"@id":"https://medicina.udd.cl/centro-humanidades/#website"},"datePublished":"2012-10-31T12:46:36+00:00","breadcrumb":{"@id":"https://medicina.udd.cl/centro-humanidades/files/2012/10/afiche-tuga-2.jpg#breadcrumb"},"inLanguage":"es","potentialAction":[{"@type":"ReadAction","target":["https://medicina.udd.cl/centro-humanidades/files/2012/10/afiche-tuga-2.jpg"]}]},{"@type":"BreadcrumbList","@id":"https://medicina.udd.cl/centro-humanidades/files/2012/10/afiche-tuga-2.jpg#breadcrumb","itemListElement":[{"@type":"ListItem","position":1,"name":"Home","item":"https://medicina.udd.cl/centro-humanidades/"},{"@type":"ListItem","position":2,"name":"Invitación a cierre del Año Académico del Centro de Humanidades","item":"https://medicina.udd.cl/centro-humanidades/noticias/2012/10/31/invitacion-a-cierre-del-ano-academico-del-centro-de-humanidades/"},{"@type":"ListItem","position":3,"name":"afiche tuga 2"}]},{"@type":"WebSite","@id":"https://medicina.udd.cl/centro-humanidades/#website","url":"https://medicina.udd.cl/centro-humanidades/","name":"Centro de Humanidades","description":"Otro sitio más de Medicina","potentialAction":[{"@type":"SearchAction","target":{"@type":"EntryPoint","urlTemplate":"https://medicina.udd.cl/centro-humanidades/?s={search_term_string}"},"query-input":{"@type":"PropertyValueSpecification","valueRequired":true,"valueName":"search_term_string"}}],"inLanguage":"es"}]}</script>
<!-- / Yoast SEO plugin. -->

Invitación a cierre del Año Académico del Centro de Humanidades

Otro sitio más de Medicina
