{"id":1748,"date":"2016-03-07T08:48:19","date_gmt":"2016-03-07T11:48:19","guid":{"rendered":"http:\/\/medicina.udd.cl\/centro-humanidades\/?page_id=1748"},"modified":"2016-03-07T08:48:19","modified_gmt":"2016-03-07T11:48:19","slug":"charlas-humanisticas-2015","status":"publish","type":"page","link":"https:\/\/medicina.udd.cl\/centro-humanidades\/eventos-y-actividades\/charlas-humanisticas-2015\/","title":{"rendered":"Charlas Human\u00edsticas 2015"},"content":{"rendered":"<p style=\"text-align: justify;\"><strong>Pablo Allard,\u00a0<\/strong>decano de la Facultad de Arquitectura y Arte de la Universidad del Desarrollo,\u00a0<strong>y Alejandro Guti\u00e9rrez,\u00a0<\/strong>arquitecto\u00a0y\u00a0director ejecutivo CREO Antofagasta, presidente del \u00a0Programa Estrat\u00e9gico de Productividad y Construcci\u00f3n Sustentable de Corfo, Master City\u00a0Design and Social Science, London\u00a0School of Economics and Political\u00a0Science,\u00a0presentaron la primera charla human\u00edstica de 2015,\u00a0\u201cHumanizando la\u00a0Ciudad: mejores ciudades, mejor vida\u201d. La charla fue una\u00a0instancia participativa y de discusi\u00f3n en torno a los or\u00edgenes de las ciudades y c\u00f3mo se puede ir generando una mejor vida en ellas. Destacaron\u00a0la importancia de levantar estos temas en una facultad de medicina para contribuir a la salud, prevenci\u00f3n y calidad de vida de las personas y as\u00ed poder incentivar alguna pol\u00edtica de gobierno. Adem\u00e1s, evidenciaron \u00edndices que miden claramente la relaci\u00f3n entre la salud, transporte y espacio p\u00fablico.<\/p>\n<p style=\"text-align: justify;\"><strong>Esteban Calvo<\/strong>, PhD, Profesor del Instituto de Pol\u00edticas P\u00fablicas, Universidad Diego Portales y Profesor Adjunto del Departamento de Epidemiolog\u00eda, Columbia University, present\u00f3 la charla\u00a0\u201cPersonas en contexto: La ciudad como determinante social de la salud f\u00edsica y mental\u201d.\u00a0La salud que se expresa en el cuerpo y mente es en buena parte el resultado del contexto en el que las personas nacen, crecen, envejecen y mueren. Esta presentaci\u00f3n analiz\u00f3 c\u00f3mo la salud de los ciudadanos reacciona, para bien o para mal, frente al contexto de espacios urbanos en la sociedad contempor\u00e1nea.<\/p>\n<p style=\"text-align: justify;\"><strong>Justine Graham<\/strong>, Artista visual y productora cultural, directora del laboratorio cultural Yapo Project y profesora de fotograf\u00eda de la Escuela de Dise\u00f1o de la Pontificia Universidad Cat\u00f3lica de Chile, dict\u00f3 la charla\u00a0\u00abVisualizando la ciudad a trav\u00e9s de producci\u00f3n cultural multidisciplinaria\u201d\u00a0y present\u00f3 trabajos recientes de su pr\u00e1ctica art\u00edstica y de su laboratorio cultural. \u00a0Los proyectos est\u00e1n ligados a una preocupaci\u00f3n por la percepci\u00f3n y comprensi\u00f3n del entorno urbano, a nivel est\u00e9tico, pol\u00edtico y participativo.<\/p>\n<p style=\"text-align: justify;\"><strong>Jos\u00e9 Manuel Melero<\/strong>, Ingeniero Comercial Universidad Cat\u00f3lica de Chile, Master en Gobierno Corporativo y \u00c9tica de los negocios de la Universidad de Londres, y presidente de la Fundaci\u00f3n Ciudadano Responsable, dict\u00f3 la charla \u201cCiudadan\u00eda y Consumo. Oportunidad para cambiar el mundo\u201d. Adem\u00e1s de constituirse como una nueva y rentable fuente de negocios, el consumo responsable incorpora correcciones sociales y medioambientales a las pr\u00e1cticas de consumo. As\u00ed, el ciudadano puede incluir sus principios a la hora de materializar algo que tiene tanto poder como el voto: la compra.<\/p>\n","protected":false},"excerpt":{"rendered":"<p>Pablo Allard,\u00a0decano de la Facultad de Arquitectura y Arte de la Universidad del Desarrollo,\u00a0y Alejandro Guti\u00e9rrez,\u00a0arquitecto\u00a0y\u00a0director ejecutivo CREO Antofagasta, presidente del \u00a0Programa Estrat\u00e9gico de Productividad y Construcci\u00f3n Sustentable de Corfo, Master City\u00a0Design and Social Science, London\u00a0School of Economics and Political\u00a0Science,\u00a0presentaron la primera charla human\u00edstica de 2015,\u00a0\u201cHumanizando la\u00a0Ciudad: mejores ciudades, mejor vida\u201d. La charla fue una\u00a0instancia [&hellip;]<\/p>\n","protected":false},"author":42,"featured_media":0,"parent":5,"menu_order":0,"comment_status":"closed","ping_status":"closed","template":"","meta":{"footnotes":""},"class_list":["post-1748","page","type-page","status-publish","hentry"],"yoast_head":"<!-- This site is optimized with the Yoast SEO plugin v26.9 - https:\/\/yoast.com\/product\/yoast-seo-wordpress\/ -->\n<title>Charlas Human\u00edsticas 2015 - Centro de Humanidades<\/title>\n<meta name=\"robots\" content=\"index, follow, max-snippet:-1, max-image-preview:large, max-video-preview:-1\" \/>\n<link rel=\"canonical\" href=\"https:\/\/medicina.udd.cl\/centro-humanidades\/eventos-y-actividades\/charlas-humanisticas-2015\/\" \/>\n<meta property=\"og:locale\" content=\"es_ES\" \/>\n<meta property=\"og:type\" content=\"article\" \/>\n<meta property=\"og:title\" content=\"Charlas Human\u00edsticas 2015 - Centro de Humanidades\" \/>\n<meta property=\"og:description\" content=\"Pablo Allard,\u00a0decano de la Facultad de Arquitectura y Arte de la Universidad del Desarrollo,\u00a0y Alejandro Guti\u00e9rrez,\u00a0arquitecto\u00a0y\u00a0director ejecutivo CREO Antofagasta, presidente del \u00a0Programa Estrat\u00e9gico de Productividad y Construcci\u00f3n Sustentable de Corfo, Master City\u00a0Design and Social Science, London\u00a0School of Economics and Political\u00a0Science,\u00a0presentaron la primera charla human\u00edstica de 2015,\u00a0\u201cHumanizando la\u00a0Ciudad: mejores ciudades, mejor vida\u201d. La charla fue una\u00a0instancia [&hellip;]\" \/>\n<meta property=\"og:url\" content=\"https:\/\/medicina.udd.cl\/centro-humanidades\/eventos-y-actividades\/charlas-humanisticas-2015\/\" \/>\n<meta property=\"og:site_name\" content=\"Centro de Humanidades\" \/>\n<meta name=\"twitter:label1\" content=\"Tiempo de lectura\" \/>\n\t<meta name=\"twitter:data1\" content=\"2 minutos\" \/>\n<script type=\"application\/ld+json\" class=\"yoast-schema-graph\">{\"@context\":\"https:\/\/schema.org\",\"@graph\":[{\"@type\":\"WebPage\",\"@id\":\"https:\/\/medicina.udd.cl\/centro-humanidades\/eventos-y-actividades\/charlas-humanisticas-2015\/\",\"url\":\"https:\/\/medicina.udd.cl\/centro-humanidades\/eventos-y-actividades\/charlas-humanisticas-2015\/\",\"name\":\"Charlas Human\u00edsticas 2015 - Centro de Humanidades\",\"isPartOf\":{\"@id\":\"https:\/\/medicina.udd.cl\/centro-humanidades\/#website\"},\"datePublished\":\"2016-03-07T11:48:19+00:00\",\"breadcrumb\":{\"@id\":\"https:\/\/medicina.udd.cl\/centro-humanidades\/eventos-y-actividades\/charlas-humanisticas-2015\/#breadcrumb\"},\"inLanguage\":\"es\",\"potentialAction\":[{\"@type\":\"ReadAction\",\"target\":[\"https:\/\/medicina.udd.cl\/centro-humanidades\/eventos-y-actividades\/charlas-humanisticas-2015\/\"]}]},{\"@type\":\"BreadcrumbList\",\"@id\":\"https:\/\/medicina.udd.cl\/centro-humanidades\/eventos-y-actividades\/charlas-humanisticas-2015\/#breadcrumb\",\"itemListElement\":[{\"@type\":\"ListItem\",\"position\":1,\"name\":\"Home\",\"item\":\"https:\/\/medicina.udd.cl\/centro-humanidades\/\"},{\"@type\":\"ListItem\",\"position\":2,\"name\":\"Actividades\",\"item\":\"https:\/\/medicina.udd.cl\/centro-humanidades\/eventos-y-actividades\/\"},{\"@type\":\"ListItem\",\"position\":3,\"name\":\"Charlas Human\u00edsticas 2015\"}]},{\"@type\":\"WebSite\",\"@id\":\"https:\/\/medicina.udd.cl\/centro-humanidades\/#website\",\"url\":\"https:\/\/medicina.udd.cl\/centro-humanidades\/\",\"name\":\"Centro de Humanidades\",\"description\":\"Otro sitio m\u00e1s de Medicina\",\"potentialAction\":[{\"@type\":\"SearchAction\",\"target\":{\"@type\":\"EntryPoint\",\"urlTemplate\":\"https:\/\/medicina.udd.cl\/centro-humanidades\/?s={search_term_string}\"},\"query-input\":{\"@type\":\"PropertyValueSpecification\",\"valueRequired\":true,\"valueName\":\"search_term_string\"}}],\"inLanguage\":\"es\"}]}<\/script>\n<!-- \/ Yoast SEO plugin. -->","yoast_head_json":{"title":"Charlas Human\u00edsticas 2015 - Centro de Humanidades","robots":{"index":"index","follow":"follow","max-snippet":"max-snippet:-1","max-image-preview":"max-image-preview:large","max-video-preview":"max-video-preview:-1"},"canonical":"https:\/\/medicina.udd.cl\/centro-humanidades\/eventos-y-actividades\/charlas-humanisticas-2015\/","og_locale":"es_ES","og_type":"article","og_title":"Charlas Human\u00edsticas 2015 - Centro de Humanidades","og_description":"Pablo Allard,\u00a0decano de la Facultad de Arquitectura y Arte de la Universidad del Desarrollo,\u00a0y Alejandro Guti\u00e9rrez,\u00a0arquitecto\u00a0y\u00a0director ejecutivo CREO Antofagasta, presidente del \u00a0Programa Estrat\u00e9gico de Productividad y Construcci\u00f3n Sustentable de Corfo, Master City\u00a0Design and Social Science, London\u00a0School of Economics and Political\u00a0Science,\u00a0presentaron la primera charla human\u00edstica de 2015,\u00a0\u201cHumanizando la\u00a0Ciudad: mejores ciudades, mejor vida\u201d. La charla fue una\u00a0instancia [&hellip;]","og_url":"https:\/\/medicina.udd.cl\/centro-humanidades\/eventos-y-actividades\/charlas-humanisticas-2015\/","og_site_name":"Centro de Humanidades","twitter_misc":{"Tiempo de lectura":"2 minutos"},"schema":{"@context":"https:\/\/schema.org","@graph":[{"@type":"WebPage","@id":"https:\/\/medicina.udd.cl\/centro-humanidades\/eventos-y-actividades\/charlas-humanisticas-2015\/","url":"https:\/\/medicina.udd.cl\/centro-humanidades\/eventos-y-actividades\/charlas-humanisticas-2015\/","name":"Charlas Human\u00edsticas 2015 - Centro de Humanidades","isPartOf":{"@id":"https:\/\/medicina.udd.cl\/centro-humanidades\/#website"},"datePublished":"2016-03-07T11:48:19+00:00","breadcrumb":{"@id":"https:\/\/medicina.udd.cl\/centro-humanidades\/eventos-y-actividades\/charlas-humanisticas-2015\/#breadcrumb"},"inLanguage":"es","potentialAction":[{"@type":"ReadAction","target":["https:\/\/medicina.udd.cl\/centro-humanidades\/eventos-y-actividades\/charlas-humanisticas-2015\/"]}]},{"@type":"BreadcrumbList","@id":"https:\/\/medicina.udd.cl\/centro-humanidades\/eventos-y-actividades\/charlas-humanisticas-2015\/#breadcrumb","itemListElement":[{"@type":"ListItem","position":1,"name":"Home","item":"https:\/\/medicina.udd.cl\/centro-humanidades\/"},{"@type":"ListItem","position":2,"name":"Actividades","item":"https:\/\/medicina.udd.cl\/centro-humanidades\/eventos-y-actividades\/"},{"@type":"ListItem","position":3,"name":"Charlas Human\u00edsticas 2015"}]},{"@type":"WebSite","@id":"https:\/\/medicina.udd.cl\/centro-humanidades\/#website","url":"https:\/\/medicina.udd.cl\/centro-humanidades\/","name":"Centro de Humanidades","description":"Otro sitio m\u00e1s de Medicina","potentialAction":[{"@type":"SearchAction","target":{"@type":"EntryPoint","urlTemplate":"https:\/\/medicina.udd.cl\/centro-humanidades\/?s={search_term_string}"},"query-input":{"@type":"PropertyValueSpecification","valueRequired":true,"valueName":"search_term_string"}}],"inLanguage":"es"}]}},"_links":{"self":[{"href":"https:\/\/medicina.udd.cl\/centro-humanidades\/wp-json\/wp\/v2\/pages\/1748","targetHints":{"allow":["GET"]}}],"collection":[{"href":"https:\/\/medicina.udd.cl\/centro-humanidades\/wp-json\/wp\/v2\/pages"}],"about":[{"href":"https:\/\/medicina.udd.cl\/centro-humanidades\/wp-json\/wp\/v2\/types\/page"}],"author":[{"embeddable":true,"href":"https:\/\/medicina.udd.cl\/centro-humanidades\/wp-json\/wp\/v2\/users\/42"}],"replies":[{"embeddable":true,"href":"https:\/\/medicina.udd.cl\/centro-humanidades\/wp-json\/wp\/v2\/comments?post=1748"}],"version-history":[{"count":1,"href":"https:\/\/medicina.udd.cl\/centro-humanidades\/wp-json\/wp\/v2\/pages\/1748\/revisions"}],"predecessor-version":[{"id":1749,"href":"https:\/\/medicina.udd.cl\/centro-humanidades\/wp-json\/wp\/v2\/pages\/1748\/revisions\/1749"}],"up":[{"embeddable":true,"href":"https:\/\/medicina.udd.cl\/centro-humanidades\/wp-json\/wp\/v2\/pages\/5"}],"wp:attachment":[{"href":"https:\/\/medicina.udd.cl\/centro-humanidades\/wp-json\/wp\/v2\/media?parent=1748"}],"curies":[{"name":"wp","href":"https:\/\/api.w.org\/{rel}","templated":true}]}}