{"id":265,"date":"2011-04-21T08:11:11","date_gmt":"2011-04-21T12:11:11","guid":{"rendered":"http:\/\/medicina.udd.cl\/centro-humanidades\/"},"modified":"2011-04-21T08:13:22","modified_gmt":"2011-04-21T12:13:22","slug":"cofradia-de-lectores-2011","status":"publish","type":"page","link":"https:\/\/medicina.udd.cl\/centro-humanidades\/cofradia-de-lectores-2011\/","title":{"rendered":"Cofrad\u00eda de Lectores 2011"},"content":{"rendered":"<p style=\"text-align: justify;\"><a href=\"http:\/\/medicina.udd.cl\/centro-humanidades\/files\/2011\/04\/Cofrad\u00eda-de-Lectores-2011.jpg\"><img loading=\"lazy\" decoding=\"async\" class=\"alignleft size-medium wp-image-266\" title=\"Cofrad\u00eda de Lectores 2011\" src=\"http:\/\/medicina.udd.cl\/centro-humanidades\/files\/2011\/04\/Cofrad\u00eda-de-Lectores-2011-195x300.jpg\" alt=\"\" width=\"195\" height=\"300\" srcset=\"https:\/\/medicina.udd.cl\/centro-humanidades\/files\/2011\/04\/Cofrad\u00eda-de-Lectores-2011-195x300.jpg 195w, https:\/\/medicina.udd.cl\/centro-humanidades\/files\/2011\/04\/Cofrad\u00eda-de-Lectores-2011.jpg 421w\" sizes=\"auto, (max-width: 195px) 100vw, 195px\" \/><\/a>El jueves <strong>28 de abril<\/strong> comienza La Cofrad\u00eda de los Lectores,\u00a0una actividad a cargo del poeta y narrador Armando Roa, director de la carrera de\u00a0Humanidades, quien invita a compartir autores preferidos, frases destacadas y textos memorables en torno a un caf\u00e9.<\/p>\n<p style=\"text-align: justify;\">Gracias al \u00e9xito de la actividad durante el a\u00f1o 2010, el equipo del Centro de Humanidades se prepar\u00f3 para recibir a los amantes de la lectura este 2011.<\/p>\n<p>La actividad se realiza en La Caverna, en el cuarto piso de la Facultad de Medicina Cl\u00ednica Alemana Universidad del Desarrollo (campus Las Condes).<\/p>\n<p style=\"text-align: justify;\">El objetivo principal es abrir un espacio de di\u00e1logo ameno y libre, forjando fidelidad e inter\u00e9s en los participantes para lograr la continuidad de la actividad en el tiempo, formando un grupo ecl\u00e9ctico y complementario unido por el placer de la lectura. Adem\u00e1s, se busca entregar claves y sugerencias para tener una buena biblioteca en casa para lectores principiantes y avezados.<\/p>\n<p style=\"text-align: justify;\"><strong>Inscripciones:<\/strong><\/p>\n<p style=\"text-align: justify;\">Natalia Arriagada Sade<br \/>\n<a href=\"mailto:narriagada@udd.cl\">narriagada@udd.cl<\/a><br \/>\n(02)3279670<\/p>\n","protected":false},"excerpt":{"rendered":"<p>Se abrieron los cupos para la segunda versi\u00f3n de La Cofrad\u00eda de los Lectores.<\/p>\n","protected":false},"author":9192214,"featured_media":0,"parent":0,"menu_order":0,"comment_status":"open","ping_status":"open","template":"","meta":{"footnotes":""},"class_list":["post-265","page","type-page","status-publish","hentry"],"yoast_head":"<!-- This site is optimized with the Yoast SEO plugin v26.9 - https:\/\/yoast.com\/product\/yoast-seo-wordpress\/ -->\n<title>Cofrad\u00eda de Lectores 2011 - Centro de Humanidades<\/title>\n<meta name=\"robots\" content=\"index, follow, max-snippet:-1, max-image-preview:large, max-video-preview:-1\" \/>\n<link rel=\"canonical\" href=\"https:\/\/medicina.udd.cl\/centro-humanidades\/cofradia-de-lectores-2011\/\" \/>\n<meta property=\"og:locale\" content=\"es_ES\" \/>\n<meta property=\"og:type\" content=\"article\" \/>\n<meta property=\"og:title\" content=\"Cofrad\u00eda de Lectores 2011 - Centro de Humanidades\" \/>\n<meta property=\"og:description\" content=\"Se abrieron los cupos para la segunda versi\u00f3n de La Cofrad\u00eda de los Lectores.\" \/>\n<meta property=\"og:url\" content=\"https:\/\/medicina.udd.cl\/centro-humanidades\/cofradia-de-lectores-2011\/\" \/>\n<meta property=\"og:site_name\" content=\"Centro de Humanidades\" \/>\n<meta property=\"article:modified_time\" content=\"2011-04-21T12:13:22+00:00\" \/>\n<meta name=\"twitter:label1\" content=\"Tiempo de lectura\" \/>\n\t<meta name=\"twitter:data1\" content=\"1 minuto\" \/>\n<script type=\"application\/ld+json\" class=\"yoast-schema-graph\">{\"@context\":\"https:\/\/schema.org\",\"@graph\":[{\"@type\":\"WebPage\",\"@id\":\"https:\/\/medicina.udd.cl\/centro-humanidades\/cofradia-de-lectores-2011\/\",\"url\":\"https:\/\/medicina.udd.cl\/centro-humanidades\/cofradia-de-lectores-2011\/\",\"name\":\"Cofrad\u00eda de Lectores 2011 - Centro de Humanidades\",\"isPartOf\":{\"@id\":\"https:\/\/medicina.udd.cl\/centro-humanidades\/#website\"},\"datePublished\":\"2011-04-21T12:11:11+00:00\",\"dateModified\":\"2011-04-21T12:13:22+00:00\",\"breadcrumb\":{\"@id\":\"https:\/\/medicina.udd.cl\/centro-humanidades\/cofradia-de-lectores-2011\/#breadcrumb\"},\"inLanguage\":\"es\",\"potentialAction\":[{\"@type\":\"ReadAction\",\"target\":[\"https:\/\/medicina.udd.cl\/centro-humanidades\/cofradia-de-lectores-2011\/\"]}]},{\"@type\":\"BreadcrumbList\",\"@id\":\"https:\/\/medicina.udd.cl\/centro-humanidades\/cofradia-de-lectores-2011\/#breadcrumb\",\"itemListElement\":[{\"@type\":\"ListItem\",\"position\":1,\"name\":\"Home\",\"item\":\"https:\/\/medicina.udd.cl\/centro-humanidades\/\"},{\"@type\":\"ListItem\",\"position\":2,\"name\":\"Cofrad\u00eda de Lectores 2011\"}]},{\"@type\":\"WebSite\",\"@id\":\"https:\/\/medicina.udd.cl\/centro-humanidades\/#website\",\"url\":\"https:\/\/medicina.udd.cl\/centro-humanidades\/\",\"name\":\"Centro de Humanidades\",\"description\":\"Otro sitio m\u00e1s de Medicina\",\"potentialAction\":[{\"@type\":\"SearchAction\",\"target\":{\"@type\":\"EntryPoint\",\"urlTemplate\":\"https:\/\/medicina.udd.cl\/centro-humanidades\/?s={search_term_string}\"},\"query-input\":{\"@type\":\"PropertyValueSpecification\",\"valueRequired\":true,\"valueName\":\"search_term_string\"}}],\"inLanguage\":\"es\"}]}<\/script>\n<!-- \/ Yoast SEO plugin. -->","yoast_head_json":{"title":"Cofrad\u00eda de Lectores 2011 - Centro de Humanidades","robots":{"index":"index","follow":"follow","max-snippet":"max-snippet:-1","max-image-preview":"max-image-preview:large","max-video-preview":"max-video-preview:-1"},"canonical":"https:\/\/medicina.udd.cl\/centro-humanidades\/cofradia-de-lectores-2011\/","og_locale":"es_ES","og_type":"article","og_title":"Cofrad\u00eda de Lectores 2011 - Centro de Humanidades","og_description":"Se abrieron los cupos para la segunda versi\u00f3n de La Cofrad\u00eda de los Lectores.","og_url":"https:\/\/medicina.udd.cl\/centro-humanidades\/cofradia-de-lectores-2011\/","og_site_name":"Centro de Humanidades","article_modified_time":"2011-04-21T12:13:22+00:00","twitter_misc":{"Tiempo de lectura":"1 minuto"},"schema":{"@context":"https:\/\/schema.org","@graph":[{"@type":"WebPage","@id":"https:\/\/medicina.udd.cl\/centro-humanidades\/cofradia-de-lectores-2011\/","url":"https:\/\/medicina.udd.cl\/centro-humanidades\/cofradia-de-lectores-2011\/","name":"Cofrad\u00eda de Lectores 2011 - Centro de Humanidades","isPartOf":{"@id":"https:\/\/medicina.udd.cl\/centro-humanidades\/#website"},"datePublished":"2011-04-21T12:11:11+00:00","dateModified":"2011-04-21T12:13:22+00:00","breadcrumb":{"@id":"https:\/\/medicina.udd.cl\/centro-humanidades\/cofradia-de-lectores-2011\/#breadcrumb"},"inLanguage":"es","potentialAction":[{"@type":"ReadAction","target":["https:\/\/medicina.udd.cl\/centro-humanidades\/cofradia-de-lectores-2011\/"]}]},{"@type":"BreadcrumbList","@id":"https:\/\/medicina.udd.cl\/centro-humanidades\/cofradia-de-lectores-2011\/#breadcrumb","itemListElement":[{"@type":"ListItem","position":1,"name":"Home","item":"https:\/\/medicina.udd.cl\/centro-humanidades\/"},{"@type":"ListItem","position":2,"name":"Cofrad\u00eda de Lectores 2011"}]},{"@type":"WebSite","@id":"https:\/\/medicina.udd.cl\/centro-humanidades\/#website","url":"https:\/\/medicina.udd.cl\/centro-humanidades\/","name":"Centro de Humanidades","description":"Otro sitio m\u00e1s de Medicina","potentialAction":[{"@type":"SearchAction","target":{"@type":"EntryPoint","urlTemplate":"https:\/\/medicina.udd.cl\/centro-humanidades\/?s={search_term_string}"},"query-input":{"@type":"PropertyValueSpecification","valueRequired":true,"valueName":"search_term_string"}}],"inLanguage":"es"}]}},"_links":{"self":[{"href":"https:\/\/medicina.udd.cl\/centro-humanidades\/wp-json\/wp\/v2\/pages\/265","targetHints":{"allow":["GET"]}}],"collection":[{"href":"https:\/\/medicina.udd.cl\/centro-humanidades\/wp-json\/wp\/v2\/pages"}],"about":[{"href":"https:\/\/medicina.udd.cl\/centro-humanidades\/wp-json\/wp\/v2\/types\/page"}],"author":[{"embeddable":true,"href":"https:\/\/medicina.udd.cl\/centro-humanidades\/wp-json\/wp\/v2\/users\/9192214"}],"replies":[{"embeddable":true,"href":"https:\/\/medicina.udd.cl\/centro-humanidades\/wp-json\/wp\/v2\/comments?post=265"}],"version-history":[{"count":2,"href":"https:\/\/medicina.udd.cl\/centro-humanidades\/wp-json\/wp\/v2\/pages\/265\/revisions"}],"predecessor-version":[{"id":271,"href":"https:\/\/medicina.udd.cl\/centro-humanidades\/wp-json\/wp\/v2\/pages\/265\/revisions\/271"}],"wp:attachment":[{"href":"https:\/\/medicina.udd.cl\/centro-humanidades\/wp-json\/wp\/v2\/media?parent=265"}],"curies":[{"name":"wp","href":"https:\/\/api.w.org\/{rel}","templated":true}]}}

Cofradía de Lectores 2011

<p style="text-align: justify;"><a href="http://medicina.udd.cl/centro-humanidades/files/2011/04/Cofradía-de-Lectores-2011.jpg"><img loading="lazy" decoding="async" class="alignleft size-medium wp-image-266" title="Cofradía de Lectores 2011" src="http://medicina.udd.cl/centro-humanidades/files/2011/04/Cofradía-de-Lectores-2011-195x300.jpg" alt="" width="195" height="300" srcset="https://medicina.udd.cl/centro-humanidades/files/2011/04/Cofradía-de-Lectores-2011-195x300.jpg 195w, https://medicina.udd.cl/centro-humanidades/files/2011/04/Cofradía-de-Lectores-2011.jpg 421w" sizes="auto, (max-width: 195px) 100vw, 195px" /></a>El jueves <strong>28 de abril</strong> comienza La Cofradía de los Lectores, una actividad a cargo del poeta y narrador Armando Roa, director de la carrera de Humanidades, quien invita a compartir autores preferidos, frases destacadas y textos memorables en torno a un café.</p>
<p style="text-align: justify;">Gracias al éxito de la actividad durante el año 2010, el equipo del Centro de Humanidades se preparó para recibir a los amantes de la lectura este 2011.</p>
<p>La actividad se realiza en La Caverna, en el cuarto piso de la Facultad de Medicina Clínica Alemana Universidad del Desarrollo (campus Las Condes).</p>
<p style="text-align: justify;">El objetivo principal es abrir un espacio de diálogo ameno y libre, forjando fidelidad e interés en los participantes para lograr la continuidad de la actividad en el tiempo, formando un grupo ecléctico y complementario unido por el placer de la lectura. Además, se busca entregar claves y sugerencias para tener una buena biblioteca en casa para lectores principiantes y avezados.</p>
<p style="text-align: justify;"><strong>Inscripciones:</strong></p>
<p style="text-align: justify;">Natalia Arriagada Sade<br />
<a href="mailto:narriagada@udd.cl">narriagada@udd.cl</a><br />
(02)3279670</p>

<p>Se abrieron los cupos para la segunda versión de La Cofradía de los Lectores.</p>

<!-- This site is optimized with the Yoast SEO plugin v26.9 - https://yoast.com/product/yoast-seo-wordpress/ -->
<title>Cofradía de Lectores 2011 - Centro de Humanidades</title>
<meta name="robots" content="index, follow, max-snippet:-1, max-image-preview:large, max-video-preview:-1" />
<link rel="canonical" href="https://medicina.udd.cl/centro-humanidades/cofradia-de-lectores-2011/" />
<meta property="og:locale" content="es_ES" />
<meta property="og:type" content="article" />
<meta property="og:title" content="Cofradía de Lectores 2011 - Centro de Humanidades" />
<meta property="og:description" content="Se abrieron los cupos para la segunda versión de La Cofradía de los Lectores." />
<meta property="og:url" content="https://medicina.udd.cl/centro-humanidades/cofradia-de-lectores-2011/" />
<meta property="og:site_name" content="Centro de Humanidades" />
<meta property="article:modified_time" content="2011-04-21T12:13:22+00:00" />
<meta name="twitter:label1" content="Tiempo de lectura" />
	<meta name="twitter:data1" content="1 minuto" />
<script type="application/ld+json" class="yoast-schema-graph">{"@context":"https://schema.org","@graph":[{"@type":"WebPage","@id":"https://medicina.udd.cl/centro-humanidades/cofradia-de-lectores-2011/","url":"https://medicina.udd.cl/centro-humanidades/cofradia-de-lectores-2011/","name":"Cofradía de Lectores 2011 - Centro de Humanidades","isPartOf":{"@id":"https://medicina.udd.cl/centro-humanidades/#website"},"datePublished":"2011-04-21T12:11:11+00:00","dateModified":"2011-04-21T12:13:22+00:00","breadcrumb":{"@id":"https://medicina.udd.cl/centro-humanidades/cofradia-de-lectores-2011/#breadcrumb"},"inLanguage":"es","potentialAction":[{"@type":"ReadAction","target":["https://medicina.udd.cl/centro-humanidades/cofradia-de-lectores-2011/"]}]},{"@type":"BreadcrumbList","@id":"https://medicina.udd.cl/centro-humanidades/cofradia-de-lectores-2011/#breadcrumb","itemListElement":[{"@type":"ListItem","position":1,"name":"Home","item":"https://medicina.udd.cl/centro-humanidades/"},{"@type":"ListItem","position":2,"name":"Cofradía de Lectores 2011"}]},{"@type":"WebSite","@id":"https://medicina.udd.cl/centro-humanidades/#website","url":"https://medicina.udd.cl/centro-humanidades/","name":"Centro de Humanidades","description":"Otro sitio más de Medicina","potentialAction":[{"@type":"SearchAction","target":{"@type":"EntryPoint","urlTemplate":"https://medicina.udd.cl/centro-humanidades/?s={search_term_string}"},"query-input":{"@type":"PropertyValueSpecification","valueRequired":true,"valueName":"search_term_string"}}],"inLanguage":"es"}]}</script>
<!-- / Yoast SEO plugin. -->

Cofradía de Lectores 2011 - Centro de Humanidades

Se abrieron los cupos para la segunda versión de La Cofradía de los Lectores.

Otro sitio más de Medicina
