{"id":5,"date":"2010-07-21T09:32:23","date_gmt":"2010-07-21T13:32:23","guid":{"rendered":"http:\/\/medicina.udd.cl\/centro-humanidades\/eventos-y-actividades\/"},"modified":"2018-03-23T12:24:04","modified_gmt":"2018-03-23T15:24:04","slug":"eventos-y-actividades","status":"publish","type":"page","link":"https:\/\/medicina.udd.cl\/centro-humanidades\/eventos-y-actividades\/","title":{"rendered":"Actividades"},"content":{"rendered":"<p style=\"text-align: justify;\">El Centro de Humanidades de la Facultad de Medicina Cl\u00ednica Alemana Universidad del Desarrollo planifica y organiza actividades que permiten difundir el esp\u00edritu de las humanidades y la re-flexi\u00f3n al interior de la Facultad, y a la vez, extenderlo hacia la comunidad.<\/p>\n<h3><a href=\"http:\/\/medicina.udd.cl\/centro-humanidades\/eventos-y-actividades\/galeria-de-imagenes\/\">Galer\u00eda de im\u00e1genes<\/a><\/h3>\n<p>&nbsp;<\/p>\n<h4><\/h4>\n<div id=\"gallery-2220-5\" class=\"gallery gallery-post\"><\/div>\n<p>&nbsp;<\/p>\n<h4 style=\"text-align: justify;\"><\/h4>\n","protected":false},"excerpt":{"rendered":"<p>El Centro de Humanidades de la Facultad de Medicina Cl\u00ednica Alemana Universidad del Desarrollo planifica y organiza actividades que permiten difundir el esp\u00edritu de las humanidades y la re-flexi\u00f3n al interior de la Facultad, y a la vez, extenderlo hacia la comunidad. Galer\u00eda de im\u00e1genes &nbsp; &nbsp;<\/p>\n","protected":false},"author":1,"featured_media":0,"parent":0,"menu_order":20,"comment_status":"open","ping_status":"open","template":"","meta":{"footnotes":""},"class_list":["post-5","page","type-page","status-publish","hentry"],"yoast_head":"<!-- This site is optimized with the Yoast SEO plugin v26.9 - https:\/\/yoast.com\/product\/yoast-seo-wordpress\/ -->\n<title>Actividades - Centro de Humanidades<\/title>\n<meta name=\"robots\" content=\"index, follow, max-snippet:-1, max-image-preview:large, max-video-preview:-1\" \/>\n<link rel=\"canonical\" href=\"https:\/\/medicina.udd.cl\/centro-humanidades\/eventos-y-actividades\/\" \/>\n<meta property=\"og:locale\" content=\"es_ES\" \/>\n<meta property=\"og:type\" content=\"article\" \/>\n<meta property=\"og:title\" content=\"Actividades - Centro de Humanidades\" \/>\n<meta property=\"og:description\" content=\"El Centro de Humanidades de la Facultad de Medicina Cl\u00ednica Alemana Universidad del Desarrollo planifica y organiza actividades que permiten difundir el esp\u00edritu de las humanidades y la re-flexi\u00f3n al interior de la Facultad, y a la vez, extenderlo hacia la comunidad. Galer\u00eda de im\u00e1genes &nbsp; &nbsp;\" \/>\n<meta property=\"og:url\" content=\"https:\/\/medicina.udd.cl\/centro-humanidades\/eventos-y-actividades\/\" \/>\n<meta property=\"og:site_name\" content=\"Centro de Humanidades\" \/>\n<meta property=\"article:modified_time\" content=\"2018-03-23T15:24:04+00:00\" \/>\n<script type=\"application\/ld+json\" class=\"yoast-schema-graph\">{\"@context\":\"https:\/\/schema.org\",\"@graph\":[{\"@type\":\"WebPage\",\"@id\":\"https:\/\/medicina.udd.cl\/centro-humanidades\/eventos-y-actividades\/\",\"url\":\"https:\/\/medicina.udd.cl\/centro-humanidades\/eventos-y-actividades\/\",\"name\":\"Actividades - Centro de Humanidades\",\"isPartOf\":{\"@id\":\"https:\/\/medicina.udd.cl\/centro-humanidades\/#website\"},\"datePublished\":\"2010-07-21T13:32:23+00:00\",\"dateModified\":\"2018-03-23T15:24:04+00:00\",\"breadcrumb\":{\"@id\":\"https:\/\/medicina.udd.cl\/centro-humanidades\/eventos-y-actividades\/#breadcrumb\"},\"inLanguage\":\"es\",\"potentialAction\":[{\"@type\":\"ReadAction\",\"target\":[\"https:\/\/medicina.udd.cl\/centro-humanidades\/eventos-y-actividades\/\"]}]},{\"@type\":\"BreadcrumbList\",\"@id\":\"https:\/\/medicina.udd.cl\/centro-humanidades\/eventos-y-actividades\/#breadcrumb\",\"itemListElement\":[{\"@type\":\"ListItem\",\"position\":1,\"name\":\"Home\",\"item\":\"https:\/\/medicina.udd.cl\/centro-humanidades\/\"},{\"@type\":\"ListItem\",\"position\":2,\"name\":\"Actividades\"}]},{\"@type\":\"WebSite\",\"@id\":\"https:\/\/medicina.udd.cl\/centro-humanidades\/#website\",\"url\":\"https:\/\/medicina.udd.cl\/centro-humanidades\/\",\"name\":\"Centro de Humanidades\",\"description\":\"Otro sitio m\u00e1s de Medicina\",\"potentialAction\":[{\"@type\":\"SearchAction\",\"target\":{\"@type\":\"EntryPoint\",\"urlTemplate\":\"https:\/\/medicina.udd.cl\/centro-humanidades\/?s={search_term_string}\"},\"query-input\":{\"@type\":\"PropertyValueSpecification\",\"valueRequired\":true,\"valueName\":\"search_term_string\"}}],\"inLanguage\":\"es\"}]}<\/script>\n<!-- \/ Yoast SEO plugin. -->","yoast_head_json":{"title":"Actividades - Centro de Humanidades","robots":{"index":"index","follow":"follow","max-snippet":"max-snippet:-1","max-image-preview":"max-image-preview:large","max-video-preview":"max-video-preview:-1"},"canonical":"https:\/\/medicina.udd.cl\/centro-humanidades\/eventos-y-actividades\/","og_locale":"es_ES","og_type":"article","og_title":"Actividades - Centro de Humanidades","og_description":"El Centro de Humanidades de la Facultad de Medicina Cl\u00ednica Alemana Universidad del Desarrollo planifica y organiza actividades que permiten difundir el esp\u00edritu de las humanidades y la re-flexi\u00f3n al interior de la Facultad, y a la vez, extenderlo hacia la comunidad. Galer\u00eda de im\u00e1genes &nbsp; &nbsp;","og_url":"https:\/\/medicina.udd.cl\/centro-humanidades\/eventos-y-actividades\/","og_site_name":"Centro de Humanidades","article_modified_time":"2018-03-23T15:24:04+00:00","schema":{"@context":"https:\/\/schema.org","@graph":[{"@type":"WebPage","@id":"https:\/\/medicina.udd.cl\/centro-humanidades\/eventos-y-actividades\/","url":"https:\/\/medicina.udd.cl\/centro-humanidades\/eventos-y-actividades\/","name":"Actividades - Centro de Humanidades","isPartOf":{"@id":"https:\/\/medicina.udd.cl\/centro-humanidades\/#website"},"datePublished":"2010-07-21T13:32:23+00:00","dateModified":"2018-03-23T15:24:04+00:00","breadcrumb":{"@id":"https:\/\/medicina.udd.cl\/centro-humanidades\/eventos-y-actividades\/#breadcrumb"},"inLanguage":"es","potentialAction":[{"@type":"ReadAction","target":["https:\/\/medicina.udd.cl\/centro-humanidades\/eventos-y-actividades\/"]}]},{"@type":"BreadcrumbList","@id":"https:\/\/medicina.udd.cl\/centro-humanidades\/eventos-y-actividades\/#breadcrumb","itemListElement":[{"@type":"ListItem","position":1,"name":"Home","item":"https:\/\/medicina.udd.cl\/centro-humanidades\/"},{"@type":"ListItem","position":2,"name":"Actividades"}]},{"@type":"WebSite","@id":"https:\/\/medicina.udd.cl\/centro-humanidades\/#website","url":"https:\/\/medicina.udd.cl\/centro-humanidades\/","name":"Centro de Humanidades","description":"Otro sitio m\u00e1s de Medicina","potentialAction":[{"@type":"SearchAction","target":{"@type":"EntryPoint","urlTemplate":"https:\/\/medicina.udd.cl\/centro-humanidades\/?s={search_term_string}"},"query-input":{"@type":"PropertyValueSpecification","valueRequired":true,"valueName":"search_term_string"}}],"inLanguage":"es"}]}},"_links":{"self":[{"href":"https:\/\/medicina.udd.cl\/centro-humanidades\/wp-json\/wp\/v2\/pages\/5","targetHints":{"allow":["GET"]}}],"collection":[{"href":"https:\/\/medicina.udd.cl\/centro-humanidades\/wp-json\/wp\/v2\/pages"}],"about":[{"href":"https:\/\/medicina.udd.cl\/centro-humanidades\/wp-json\/wp\/v2\/types\/page"}],"author":[{"embeddable":true,"href":"https:\/\/medicina.udd.cl\/centro-humanidades\/wp-json\/wp\/v2\/users\/1"}],"replies":[{"embeddable":true,"href":"https:\/\/medicina.udd.cl\/centro-humanidades\/wp-json\/wp\/v2\/comments?post=5"}],"version-history":[{"count":59,"href":"https:\/\/medicina.udd.cl\/centro-humanidades\/wp-json\/wp\/v2\/pages\/5\/revisions"}],"predecessor-version":[{"id":2723,"href":"https:\/\/medicina.udd.cl\/centro-humanidades\/wp-json\/wp\/v2\/pages\/5\/revisions\/2723"}],"wp:attachment":[{"href":"https:\/\/medicina.udd.cl\/centro-humanidades\/wp-json\/wp\/v2\/media?parent=5"}],"curies":[{"name":"wp","href":"https:\/\/api.w.org\/{rel}","templated":true}]}}

<p style="text-align: justify;">El Centro de Humanidades de la Facultad de Medicina Clínica Alemana Universidad del Desarrollo planifica y organiza actividades que permiten difundir el espíritu de las humanidades y la re-flexión al interior de la Facultad, y a la vez, extenderlo hacia la comunidad.</p>
<h3><a href="http://medicina.udd.cl/centro-humanidades/eventos-y-actividades/galeria-de-imagenes/">Galería de imágenes</a></h3>
<p>&nbsp;</p>
<h4></h4>
<div id="gallery-2220-5" class="gallery gallery-post"></div>
<p>&nbsp;</p>
<h4 style="text-align: justify;"></h4>

<p>El Centro de Humanidades de la Facultad de Medicina Clínica Alemana Universidad del Desarrollo planifica y organiza actividades que permiten difundir el espíritu de las humanidades y la re-flexión al interior de la Facultad, y a la vez, extenderlo hacia la comunidad. Galería de imágenes &nbsp; &nbsp;</p>

<!-- This site is optimized with the Yoast SEO plugin v26.9 - https://yoast.com/product/yoast-seo-wordpress/ -->
<title>Actividades - Centro de Humanidades</title>
<meta name="robots" content="index, follow, max-snippet:-1, max-image-preview:large, max-video-preview:-1" />
<link rel="canonical" href="https://medicina.udd.cl/centro-humanidades/eventos-y-actividades/" />
<meta property="og:locale" content="es_ES" />
<meta property="og:type" content="article" />
<meta property="og:title" content="Actividades - Centro de Humanidades" />
<meta property="og:description" content="El Centro de Humanidades de la Facultad de Medicina Clínica Alemana Universidad del Desarrollo planifica y organiza actividades que permiten difundir el espíritu de las humanidades y la re-flexión al interior de la Facultad, y a la vez, extenderlo hacia la comunidad. Galería de imágenes &nbsp; &nbsp;" />
<meta property="og:url" content="https://medicina.udd.cl/centro-humanidades/eventos-y-actividades/" />
<meta property="og:site_name" content="Centro de Humanidades" />
<meta property="article:modified_time" content="2018-03-23T15:24:04+00:00" />
<script type="application/ld+json" class="yoast-schema-graph">{"@context":"https://schema.org","@graph":[{"@type":"WebPage","@id":"https://medicina.udd.cl/centro-humanidades/eventos-y-actividades/","url":"https://medicina.udd.cl/centro-humanidades/eventos-y-actividades/","name":"Actividades - Centro de Humanidades","isPartOf":{"@id":"https://medicina.udd.cl/centro-humanidades/#website"},"datePublished":"2010-07-21T13:32:23+00:00","dateModified":"2018-03-23T15:24:04+00:00","breadcrumb":{"@id":"https://medicina.udd.cl/centro-humanidades/eventos-y-actividades/#breadcrumb"},"inLanguage":"es","potentialAction":[{"@type":"ReadAction","target":["https://medicina.udd.cl/centro-humanidades/eventos-y-actividades/"]}]},{"@type":"BreadcrumbList","@id":"https://medicina.udd.cl/centro-humanidades/eventos-y-actividades/#breadcrumb","itemListElement":[{"@type":"ListItem","position":1,"name":"Home","item":"https://medicina.udd.cl/centro-humanidades/"},{"@type":"ListItem","position":2,"name":"Actividades"}]},{"@type":"WebSite","@id":"https://medicina.udd.cl/centro-humanidades/#website","url":"https://medicina.udd.cl/centro-humanidades/","name":"Centro de Humanidades","description":"Otro sitio más de Medicina","potentialAction":[{"@type":"SearchAction","target":{"@type":"EntryPoint","urlTemplate":"https://medicina.udd.cl/centro-humanidades/?s={search_term_string}"},"query-input":{"@type":"PropertyValueSpecification","valueRequired":true,"valueName":"search_term_string"}}],"inLanguage":"es"}]}</script>
<!-- / Yoast SEO plugin. -->

El Centro de Humanidades de la Facultad de Medicina Clínica Alemana Universidad del Desarrollo planifica y organiza actividades que permiten difundir el espíritu de las humanidades y la re-flexión al interior de la Facultad, y a la vez, extenderlo hacia la comunidad. Galería de imágenes &nbsp; &nbsp;

Otro sitio más de Medicina
