{"id":69,"date":"2010-07-21T12:53:44","date_gmt":"2010-07-21T16:53:44","guid":{"rendered":"http:\/\/medicina.udd.cl\/centro-humanidades\/eventos-y-actividades\/actividades-con-docentes\/"},"modified":"2013-08-26T11:06:50","modified_gmt":"2013-08-26T15:06:50","slug":"actividades-con-docentes","status":"publish","type":"page","link":"https:\/\/medicina.udd.cl\/centro-humanidades\/eventos-y-actividades\/actividades-con-docentes\/","title":{"rendered":"Docentes"},"content":{"rendered":"<p style=\"text-align: justify;\"><a href=\"http:\/\/medicina.udd.cl\/centro-humanidades\/2010\/07\/21\/iv-version-de-enfermos-de-literatura-en-hospital-padre-hurtado\/\">Enfermos de Literatura<\/a><\/p>\n<p style=\"text-align: justify;\">Como si fuera\u00a0un examen cl\u00ednico, Cristi\u00e1n Warnken, decano de la Facultad de Educaci\u00f3n y Humanidades entrevista a distintos autores destacados en la\u00a0literatura nacional y extranjera.<\/p>\n<p style=\"text-align: justify;\">El encuentro se realiza en el auditorio del Hospital Padre Hurtado, campo cl\u00ednico de la Facultad de Medicina que integra a un importante n\u00famero de docentes.<\/p>\n<p style=\"text-align: justify;\">Durante su \u00faltima versi\u00f3n, se entrevist\u00f3 a Julio N\u00fa\u00f1ez, poeta chileno\u00a0ganador del Premio Revista de Libros 2009.<\/p>\n","protected":false},"excerpt":{"rendered":"<p>Enfermos de Literatura es una de las actividades destinadas a los docentes y se realiza en el Hospital Padre Hurtado<\/p>\n","protected":false},"author":1,"featured_media":0,"parent":5,"menu_order":0,"comment_status":"open","ping_status":"open","template":"","meta":{"footnotes":""},"class_list":["post-69","page","type-page","status-publish","hentry"],"yoast_head":"<!-- This site is optimized with the Yoast SEO plugin v26.9 - https:\/\/yoast.com\/product\/yoast-seo-wordpress\/ -->\n<title>Docentes - Centro de Humanidades<\/title>\n<meta name=\"robots\" content=\"index, follow, max-snippet:-1, max-image-preview:large, max-video-preview:-1\" \/>\n<link rel=\"canonical\" href=\"https:\/\/medicina.udd.cl\/centro-humanidades\/eventos-y-actividades\/actividades-con-docentes\/\" \/>\n<meta property=\"og:locale\" content=\"es_ES\" \/>\n<meta property=\"og:type\" content=\"article\" \/>\n<meta property=\"og:title\" content=\"Docentes - Centro de Humanidades\" \/>\n<meta property=\"og:description\" content=\"Enfermos de Literatura es una de las actividades destinadas a los docentes y se realiza en el Hospital Padre Hurtado\" \/>\n<meta property=\"og:url\" content=\"https:\/\/medicina.udd.cl\/centro-humanidades\/eventos-y-actividades\/actividades-con-docentes\/\" \/>\n<meta property=\"og:site_name\" content=\"Centro de Humanidades\" \/>\n<meta property=\"article:modified_time\" content=\"2013-08-26T15:06:50+00:00\" \/>\n<script type=\"application\/ld+json\" class=\"yoast-schema-graph\">{\"@context\":\"https:\/\/schema.org\",\"@graph\":[{\"@type\":\"WebPage\",\"@id\":\"https:\/\/medicina.udd.cl\/centro-humanidades\/eventos-y-actividades\/actividades-con-docentes\/\",\"url\":\"https:\/\/medicina.udd.cl\/centro-humanidades\/eventos-y-actividades\/actividades-con-docentes\/\",\"name\":\"Docentes - Centro de Humanidades\",\"isPartOf\":{\"@id\":\"https:\/\/medicina.udd.cl\/centro-humanidades\/#website\"},\"datePublished\":\"2010-07-21T16:53:44+00:00\",\"dateModified\":\"2013-08-26T15:06:50+00:00\",\"breadcrumb\":{\"@id\":\"https:\/\/medicina.udd.cl\/centro-humanidades\/eventos-y-actividades\/actividades-con-docentes\/#breadcrumb\"},\"inLanguage\":\"es\",\"potentialAction\":[{\"@type\":\"ReadAction\",\"target\":[\"https:\/\/medicina.udd.cl\/centro-humanidades\/eventos-y-actividades\/actividades-con-docentes\/\"]}]},{\"@type\":\"BreadcrumbList\",\"@id\":\"https:\/\/medicina.udd.cl\/centro-humanidades\/eventos-y-actividades\/actividades-con-docentes\/#breadcrumb\",\"itemListElement\":[{\"@type\":\"ListItem\",\"position\":1,\"name\":\"Home\",\"item\":\"https:\/\/medicina.udd.cl\/centro-humanidades\/\"},{\"@type\":\"ListItem\",\"position\":2,\"name\":\"Actividades\",\"item\":\"https:\/\/medicina.udd.cl\/centro-humanidades\/eventos-y-actividades\/\"},{\"@type\":\"ListItem\",\"position\":3,\"name\":\"Docentes\"}]},{\"@type\":\"WebSite\",\"@id\":\"https:\/\/medicina.udd.cl\/centro-humanidades\/#website\",\"url\":\"https:\/\/medicina.udd.cl\/centro-humanidades\/\",\"name\":\"Centro de Humanidades\",\"description\":\"Otro sitio m\u00e1s de Medicina\",\"potentialAction\":[{\"@type\":\"SearchAction\",\"target\":{\"@type\":\"EntryPoint\",\"urlTemplate\":\"https:\/\/medicina.udd.cl\/centro-humanidades\/?s={search_term_string}\"},\"query-input\":{\"@type\":\"PropertyValueSpecification\",\"valueRequired\":true,\"valueName\":\"search_term_string\"}}],\"inLanguage\":\"es\"}]}<\/script>\n<!-- \/ Yoast SEO plugin. -->","yoast_head_json":{"title":"Docentes - Centro de Humanidades","robots":{"index":"index","follow":"follow","max-snippet":"max-snippet:-1","max-image-preview":"max-image-preview:large","max-video-preview":"max-video-preview:-1"},"canonical":"https:\/\/medicina.udd.cl\/centro-humanidades\/eventos-y-actividades\/actividades-con-docentes\/","og_locale":"es_ES","og_type":"article","og_title":"Docentes - Centro de Humanidades","og_description":"Enfermos de Literatura es una de las actividades destinadas a los docentes y se realiza en el Hospital Padre Hurtado","og_url":"https:\/\/medicina.udd.cl\/centro-humanidades\/eventos-y-actividades\/actividades-con-docentes\/","og_site_name":"Centro de Humanidades","article_modified_time":"2013-08-26T15:06:50+00:00","schema":{"@context":"https:\/\/schema.org","@graph":[{"@type":"WebPage","@id":"https:\/\/medicina.udd.cl\/centro-humanidades\/eventos-y-actividades\/actividades-con-docentes\/","url":"https:\/\/medicina.udd.cl\/centro-humanidades\/eventos-y-actividades\/actividades-con-docentes\/","name":"Docentes - Centro de Humanidades","isPartOf":{"@id":"https:\/\/medicina.udd.cl\/centro-humanidades\/#website"},"datePublished":"2010-07-21T16:53:44+00:00","dateModified":"2013-08-26T15:06:50+00:00","breadcrumb":{"@id":"https:\/\/medicina.udd.cl\/centro-humanidades\/eventos-y-actividades\/actividades-con-docentes\/#breadcrumb"},"inLanguage":"es","potentialAction":[{"@type":"ReadAction","target":["https:\/\/medicina.udd.cl\/centro-humanidades\/eventos-y-actividades\/actividades-con-docentes\/"]}]},{"@type":"BreadcrumbList","@id":"https:\/\/medicina.udd.cl\/centro-humanidades\/eventos-y-actividades\/actividades-con-docentes\/#breadcrumb","itemListElement":[{"@type":"ListItem","position":1,"name":"Home","item":"https:\/\/medicina.udd.cl\/centro-humanidades\/"},{"@type":"ListItem","position":2,"name":"Actividades","item":"https:\/\/medicina.udd.cl\/centro-humanidades\/eventos-y-actividades\/"},{"@type":"ListItem","position":3,"name":"Docentes"}]},{"@type":"WebSite","@id":"https:\/\/medicina.udd.cl\/centro-humanidades\/#website","url":"https:\/\/medicina.udd.cl\/centro-humanidades\/","name":"Centro de Humanidades","description":"Otro sitio m\u00e1s de Medicina","potentialAction":[{"@type":"SearchAction","target":{"@type":"EntryPoint","urlTemplate":"https:\/\/medicina.udd.cl\/centro-humanidades\/?s={search_term_string}"},"query-input":{"@type":"PropertyValueSpecification","valueRequired":true,"valueName":"search_term_string"}}],"inLanguage":"es"}]}},"_links":{"self":[{"href":"https:\/\/medicina.udd.cl\/centro-humanidades\/wp-json\/wp\/v2\/pages\/69","targetHints":{"allow":["GET"]}}],"collection":[{"href":"https:\/\/medicina.udd.cl\/centro-humanidades\/wp-json\/wp\/v2\/pages"}],"about":[{"href":"https:\/\/medicina.udd.cl\/centro-humanidades\/wp-json\/wp\/v2\/types\/page"}],"author":[{"embeddable":true,"href":"https:\/\/medicina.udd.cl\/centro-humanidades\/wp-json\/wp\/v2\/users\/1"}],"replies":[{"embeddable":true,"href":"https:\/\/medicina.udd.cl\/centro-humanidades\/wp-json\/wp\/v2\/comments?post=69"}],"version-history":[{"count":7,"href":"https:\/\/medicina.udd.cl\/centro-humanidades\/wp-json\/wp\/v2\/pages\/69\/revisions"}],"predecessor-version":[{"id":878,"href":"https:\/\/medicina.udd.cl\/centro-humanidades\/wp-json\/wp\/v2\/pages\/69\/revisions\/878"}],"up":[{"embeddable":true,"href":"https:\/\/medicina.udd.cl\/centro-humanidades\/wp-json\/wp\/v2\/pages\/5"}],"wp:attachment":[{"href":"https:\/\/medicina.udd.cl\/centro-humanidades\/wp-json\/wp\/v2\/media?parent=69"}],"curies":[{"name":"wp","href":"https:\/\/api.w.org\/{rel}","templated":true}]}}

<p style="text-align: justify;"><a href="http://medicina.udd.cl/centro-humanidades/2010/07/21/iv-version-de-enfermos-de-literatura-en-hospital-padre-hurtado/">Enfermos de Literatura</a></p>
<p style="text-align: justify;">Como si fuera un examen clínico, Cristián Warnken, decano de la Facultad de Educación y Humanidades entrevista a distintos autores destacados en la literatura nacional y extranjera.</p>
<p style="text-align: justify;">El encuentro se realiza en el auditorio del Hospital Padre Hurtado, campo clínico de la Facultad de Medicina que integra a un importante número de docentes.</p>
<p style="text-align: justify;">Durante su última versión, se entrevistó a Julio Núñez, poeta chileno ganador del Premio Revista de Libros 2009.</p>

<!-- This site is optimized with the Yoast SEO plugin v26.9 - https://yoast.com/product/yoast-seo-wordpress/ -->
<title>Docentes - Centro de Humanidades</title>
<meta name="robots" content="index, follow, max-snippet:-1, max-image-preview:large, max-video-preview:-1" />
<link rel="canonical" href="https://medicina.udd.cl/centro-humanidades/eventos-y-actividades/actividades-con-docentes/" />
<meta property="og:locale" content="es_ES" />
<meta property="og:type" content="article" />
<meta property="og:title" content="Docentes - Centro de Humanidades" />
<meta property="og:description" content="Enfermos de Literatura es una de las actividades destinadas a los docentes y se realiza en el Hospital Padre Hurtado" />
<meta property="og:url" content="https://medicina.udd.cl/centro-humanidades/eventos-y-actividades/actividades-con-docentes/" />
<meta property="og:site_name" content="Centro de Humanidades" />
<meta property="article:modified_time" content="2013-08-26T15:06:50+00:00" />
<script type="application/ld+json" class="yoast-schema-graph">{"@context":"https://schema.org","@graph":[{"@type":"WebPage","@id":"https://medicina.udd.cl/centro-humanidades/eventos-y-actividades/actividades-con-docentes/","url":"https://medicina.udd.cl/centro-humanidades/eventos-y-actividades/actividades-con-docentes/","name":"Docentes - Centro de Humanidades","isPartOf":{"@id":"https://medicina.udd.cl/centro-humanidades/#website"},"datePublished":"2010-07-21T16:53:44+00:00","dateModified":"2013-08-26T15:06:50+00:00","breadcrumb":{"@id":"https://medicina.udd.cl/centro-humanidades/eventos-y-actividades/actividades-con-docentes/#breadcrumb"},"inLanguage":"es","potentialAction":[{"@type":"ReadAction","target":["https://medicina.udd.cl/centro-humanidades/eventos-y-actividades/actividades-con-docentes/"]}]},{"@type":"BreadcrumbList","@id":"https://medicina.udd.cl/centro-humanidades/eventos-y-actividades/actividades-con-docentes/#breadcrumb","itemListElement":[{"@type":"ListItem","position":1,"name":"Home","item":"https://medicina.udd.cl/centro-humanidades/"},{"@type":"ListItem","position":2,"name":"Actividades","item":"https://medicina.udd.cl/centro-humanidades/eventos-y-actividades/"},{"@type":"ListItem","position":3,"name":"Docentes"}]},{"@type":"WebSite","@id":"https://medicina.udd.cl/centro-humanidades/#website","url":"https://medicina.udd.cl/centro-humanidades/","name":"Centro de Humanidades","description":"Otro sitio más de Medicina","potentialAction":[{"@type":"SearchAction","target":{"@type":"EntryPoint","urlTemplate":"https://medicina.udd.cl/centro-humanidades/?s={search_term_string}"},"query-input":{"@type":"PropertyValueSpecification","valueRequired":true,"valueName":"search_term_string"}}],"inLanguage":"es"}]}</script>
<!-- / Yoast SEO plugin. -->

Otro sitio más de Medicina
