{"id":2739,"date":"2018-11-16T15:49:29","date_gmt":"2018-11-16T18:49:29","guid":{"rendered":"http:\/\/medicina.udd.cl\/centro-medicina-regenerativa\/files\/2018\/11\/foto-1.jpg"},"modified":"2018-11-16T15:49:29","modified_gmt":"2018-11-16T18:49:29","slug":"foto-1","status":"inherit","type":"attachment","link":"https:\/\/medicina.udd.cl\/centro-medicina-regenerativa\/noticias\/2018\/11\/16\/investigacion-colaborativa-aproxima-metastasis-del-cancer-cervico-uterino-con-la-percepcion-de-jovenes-sobre-esta-enfermedad\/foto-1\/","title":{"rendered":"foto 1"},"author":42,"featured_media":0,"comment_status":"open","ping_status":"closed","template":"","meta":[],"class_list":["post-2739","attachment","type-attachment","status-inherit","hentry"],"yoast_head":"<!-- This site is optimized with the Yoast SEO plugin v26.9 - https:\/\/yoast.com\/product\/yoast-seo-wordpress\/ -->\n<title>foto 1 - Centro de Medicina Regenerativa<\/title>\n<meta name=\"robots\" content=\"index, follow, max-snippet:-1, max-image-preview:large, max-video-preview:-1\" \/>\n<link rel=\"canonical\" href=\"https:\/\/medicina.udd.cl\/centro-medicina-regenerativa\/files\/2018\/11\/foto-1.jpg\" \/>\n<meta property=\"og:locale\" content=\"es_ES\" \/>\n<meta property=\"og:type\" content=\"article\" \/>\n<meta property=\"og:title\" content=\"foto 1 - Centro de Medicina Regenerativa\" \/>\n<meta property=\"og:url\" content=\"https:\/\/medicina.udd.cl\/centro-medicina-regenerativa\/files\/2018\/11\/foto-1.jpg\" \/>\n<meta property=\"og:site_name\" content=\"Centro de Medicina Regenerativa\" \/>\n<meta property=\"og:image\" content=\"https:\/\/medicina.udd.cl\/centro-medicina-regenerativa\/files\/2018\/11\/foto-1.jpg\" \/>\n\t<meta property=\"og:image:width\" content=\"467\" \/>\n\t<meta property=\"og:image:height\" content=\"350\" \/>\n\t<meta property=\"og:image:type\" content=\"image\/jpeg\" \/>\n<script type=\"application\/ld+json\" class=\"yoast-schema-graph\">{\"@context\":\"https:\/\/schema.org\",\"@graph\":[{\"@type\":\"WebPage\",\"@id\":\"https:\/\/medicina.udd.cl\/centro-medicina-regenerativa\/files\/2018\/11\/foto-1.jpg\",\"url\":\"https:\/\/medicina.udd.cl\/centro-medicina-regenerativa\/files\/2018\/11\/foto-1.jpg\",\"name\":\"foto 1 - Centro de Medicina Regenerativa\",\"isPartOf\":{\"@id\":\"https:\/\/medicina.udd.cl\/centro-medicina-regenerativa\/#website\"},\"datePublished\":\"2018-11-16T18:49:29+00:00\",\"breadcrumb\":{\"@id\":\"https:\/\/medicina.udd.cl\/centro-medicina-regenerativa\/files\/2018\/11\/foto-1.jpg#breadcrumb\"},\"inLanguage\":\"es\",\"potentialAction\":[{\"@type\":\"ReadAction\",\"target\":[\"https:\/\/medicina.udd.cl\/centro-medicina-regenerativa\/files\/2018\/11\/foto-1.jpg\"]}]},{\"@type\":\"BreadcrumbList\",\"@id\":\"https:\/\/medicina.udd.cl\/centro-medicina-regenerativa\/files\/2018\/11\/foto-1.jpg#breadcrumb\",\"itemListElement\":[{\"@type\":\"ListItem\",\"position\":1,\"name\":\"Inicio\",\"item\":\"https:\/\/medicina.udd.cl\/centro-medicina-regenerativa\/\"},{\"@type\":\"ListItem\",\"position\":2,\"name\":\"Investigaci\u00f3n colaborativa aproxima met\u00e1stasis del c\u00e1ncer c\u00e9rvico uterino con la percepci\u00f3n de j\u00f3venes sobre esta enfermedad\",\"item\":\"https:\/\/medicina.udd.cl\/centro-medicina-regenerativa\/noticias\/2018\/11\/16\/investigacion-colaborativa-aproxima-metastasis-del-cancer-cervico-uterino-con-la-percepcion-de-jovenes-sobre-esta-enfermedad\/\"},{\"@type\":\"ListItem\",\"position\":3,\"name\":\"foto 1\"}]},{\"@type\":\"WebSite\",\"@id\":\"https:\/\/medicina.udd.cl\/centro-medicina-regenerativa\/#website\",\"url\":\"https:\/\/medicina.udd.cl\/centro-medicina-regenerativa\/\",\"name\":\"Centro de Medicina Regenerativa\",\"description\":\"\",\"inLanguage\":\"es\"}]}<\/script>\n<!-- \/ Yoast SEO plugin. -->","yoast_head_json":{"title":"foto 1 - Centro de Medicina Regenerativa","robots":{"index":"index","follow":"follow","max-snippet":"max-snippet:-1","max-image-preview":"max-image-preview:large","max-video-preview":"max-video-preview:-1"},"canonical":"https:\/\/medicina.udd.cl\/centro-medicina-regenerativa\/files\/2018\/11\/foto-1.jpg","og_locale":"es_ES","og_type":"article","og_title":"foto 1 - Centro de Medicina Regenerativa","og_url":"https:\/\/medicina.udd.cl\/centro-medicina-regenerativa\/files\/2018\/11\/foto-1.jpg","og_site_name":"Centro de Medicina Regenerativa","og_image":[{"width":467,"height":350,"url":"https:\/\/medicina.udd.cl\/centro-medicina-regenerativa\/files\/2018\/11\/foto-1.jpg","type":"image\/jpeg"}],"schema":{"@context":"https:\/\/schema.org","@graph":[{"@type":"WebPage","@id":"https:\/\/medicina.udd.cl\/centro-medicina-regenerativa\/files\/2018\/11\/foto-1.jpg","url":"https:\/\/medicina.udd.cl\/centro-medicina-regenerativa\/files\/2018\/11\/foto-1.jpg","name":"foto 1 - Centro de Medicina Regenerativa","isPartOf":{"@id":"https:\/\/medicina.udd.cl\/centro-medicina-regenerativa\/#website"},"datePublished":"2018-11-16T18:49:29+00:00","breadcrumb":{"@id":"https:\/\/medicina.udd.cl\/centro-medicina-regenerativa\/files\/2018\/11\/foto-1.jpg#breadcrumb"},"inLanguage":"es","potentialAction":[{"@type":"ReadAction","target":["https:\/\/medicina.udd.cl\/centro-medicina-regenerativa\/files\/2018\/11\/foto-1.jpg"]}]},{"@type":"BreadcrumbList","@id":"https:\/\/medicina.udd.cl\/centro-medicina-regenerativa\/files\/2018\/11\/foto-1.jpg#breadcrumb","itemListElement":[{"@type":"ListItem","position":1,"name":"Inicio","item":"https:\/\/medicina.udd.cl\/centro-medicina-regenerativa\/"},{"@type":"ListItem","position":2,"name":"Investigaci\u00f3n colaborativa aproxima met\u00e1stasis del c\u00e1ncer c\u00e9rvico uterino con la percepci\u00f3n de j\u00f3venes sobre esta enfermedad","item":"https:\/\/medicina.udd.cl\/centro-medicina-regenerativa\/noticias\/2018\/11\/16\/investigacion-colaborativa-aproxima-metastasis-del-cancer-cervico-uterino-con-la-percepcion-de-jovenes-sobre-esta-enfermedad\/"},{"@type":"ListItem","position":3,"name":"foto 1"}]},{"@type":"WebSite","@id":"https:\/\/medicina.udd.cl\/centro-medicina-regenerativa\/#website","url":"https:\/\/medicina.udd.cl\/centro-medicina-regenerativa\/","name":"Centro de Medicina Regenerativa","description":"","inLanguage":"es"}]}},"description":{"rendered":"<p class=\"attachment\"><a href='https:\/\/medicina.udd.cl\/centro-medicina-regenerativa\/files\/2018\/11\/foto-1.jpg'><img loading=\"lazy\" decoding=\"async\" width=\"300\" height=\"225\" src=\"https:\/\/medicina.udd.cl\/centro-medicina-regenerativa\/wp-content\/plugins\/wp-async-img-load\/blank.png\" class=\"attachment-medium size-medium lazyload\" alt=\"\" sizes=\"auto, (max-width: 300px) 100vw, 300px\" data-src=\"https:\/\/medicina.udd.cl\/centro-medicina-regenerativa\/files\/2018\/11\/foto-1-300x225.jpg\" data-srcset=\"https:\/\/medicina.udd.cl\/centro-medicina-regenerativa\/files\/2018\/11\/foto-1-300x225.jpg 300w, https:\/\/medicina.udd.cl\/centro-medicina-regenerativa\/files\/2018\/11\/foto-1.jpg 467w\" \/><\/a><\/p>\n"},"caption":{"rendered":""},"alt_text":"","media_type":"image","mime_type":"image\/jpeg","media_details":{"width":467,"height":350,"file":"2018\/11\/foto-1.jpg","sizes":{"thumbnail":{"file":"foto-1-150x150.jpg","width":150,"height":150,"mime_type":"image\/jpeg","source_url":"https:\/\/medicina.udd.cl\/centro-medicina-regenerativa\/files\/2018\/11\/foto-1-150x150.jpg"},"medium":{"file":"foto-1-300x225.jpg","width":300,"height":225,"mime_type":"image\/jpeg","source_url":"https:\/\/medicina.udd.cl\/centro-medicina-regenerativa\/files\/2018\/11\/foto-1-300x225.jpg"},"newsletter_featured":{"file":"foto-1-316x224.jpg","width":316,"height":224,"mime_type":"image\/jpeg","source_url":"https:\/\/medicina.udd.cl\/centro-medicina-regenerativa\/files\/2018\/11\/foto-1-316x224.jpg"},"newsletter_first":{"file":"foto-1-286x205.jpg","width":286,"height":205,"mime_type":"image\/jpeg","source_url":"https:\/\/medicina.udd.cl\/centro-medicina-regenerativa\/files\/2018\/11\/foto-1-286x205.jpg"},"newsletter_thumb":{"file":"foto-1-288x150.jpg","width":288,"height":150,"mime_type":"image\/jpeg","source_url":"https:\/\/medicina.udd.cl\/centro-medicina-regenerativa\/files\/2018\/11\/foto-1-288x150.jpg"},"newsletter_column":{"file":"foto-1-182x140.jpg","width":182,"height":140,"mime_type":"image\/jpeg","source_url":"https:\/\/medicina.udd.cl\/centro-medicina-regenerativa\/files\/2018\/11\/foto-1-182x140.jpg"},"newsletter_square":{"file":"foto-1-62x62.jpg","width":62,"height":62,"mime_type":"image\/jpeg","source_url":"https:\/\/medicina.udd.cl\/centro-medicina-regenerativa\/files\/2018\/11\/foto-1-62x62.jpg"},"newsletter_square_large":{"file":"foto-1-87x62.jpg","width":87,"height":62,"mime_type":"image\/jpeg","source_url":"https:\/\/medicina.udd.cl\/centro-medicina-regenerativa\/files\/2018\/11\/foto-1-87x62.jpg"},"squared":{"file":"foto-1-300x300.jpg","width":300,"height":300,"mime_type":"image\/jpeg","source_url":"https:\/\/medicina.udd.cl\/centro-medicina-regenerativa\/files\/2018\/11\/foto-1-300x300.jpg"},"portrait-medium":{"file":"foto-1-220x260.jpg","width":220,"height":260,"mime_type":"image\/jpeg","source_url":"https:\/\/medicina.udd.cl\/centro-medicina-regenerativa\/files\/2018\/11\/foto-1-220x260.jpg"},"landscape-small":{"file":"foto-1-125x80.jpg","width":125,"height":80,"mime_type":"image\/jpeg","source_url":"https:\/\/medicina.udd.cl\/centro-medicina-regenerativa\/files\/2018\/11\/foto-1-125x80.jpg"},"landscape-medium":{"file":"foto-1-340x220.jpg","width":340,"height":220,"mime_type":"image\/jpeg","source_url":"https:\/\/medicina.udd.cl\/centro-medicina-regenerativa\/files\/2018\/11\/foto-1-340x220.jpg"},"landscape-large":{"file":"foto-1-365x255.jpg","width":365,"height":255,"mime_type":"image\/jpeg","source_url":"https:\/\/medicina.udd.cl\/centro-medicina-regenerativa\/files\/2018\/11\/foto-1-365x255.jpg"},"panoramic":{"file":"foto-1-467x345.jpg","width":467,"height":345,"mime_type":"image\/jpeg","source_url":"https:\/\/medicina.udd.cl\/centro-medicina-regenerativa\/files\/2018\/11\/foto-1-467x345.jpg"},"custom_content":{"file":"foto-1-126x126.jpg","width":126,"height":126,"mime_type":"image\/jpeg","source_url":"https:\/\/medicina.udd.cl\/centro-medicina-regenerativa\/files\/2018\/11\/foto-1-126x126.jpg"},"full":{"file":"foto-1.jpg","width":467,"height":350,"mime_type":"image\/jpeg","source_url":"https:\/\/medicina.udd.cl\/centro-medicina-regenerativa\/files\/2018\/11\/foto-1.jpg"}},"image_meta":{"aperture":"0","credit":"","camera":"","caption":"","created_timestamp":"0","copyright":"","focal_length":"0","iso":"0","shutter_speed":"0","title":"","orientation":"0","keywords":[]}},"post":2737,"source_url":"https:\/\/medicina.udd.cl\/centro-medicina-regenerativa\/files\/2018\/11\/foto-1.jpg","_links":{"self":[{"href":"https:\/\/medicina.udd.cl\/centro-medicina-regenerativa\/wp-json\/wp\/v2\/media\/2739","targetHints":{"allow":["GET"]}}],"collection":[{"href":"https:\/\/medicina.udd.cl\/centro-medicina-regenerativa\/wp-json\/wp\/v2\/media"}],"about":[{"href":"https:\/\/medicina.udd.cl\/centro-medicina-regenerativa\/wp-json\/wp\/v2\/types\/attachment"}],"author":[{"embeddable":true,"href":"https:\/\/medicina.udd.cl\/centro-medicina-regenerativa\/wp-json\/wp\/v2\/users\/42"}],"replies":[{"embeddable":true,"href":"https:\/\/medicina.udd.cl\/centro-medicina-regenerativa\/wp-json\/wp\/v2\/comments?post=2739"}],"wp:attached-to":[{"embeddable":true,"post_type":"post","id":2737,"href":"https:\/\/medicina.udd.cl\/centro-medicina-regenerativa\/wp-json\/wp\/v2\/posts\/2737"}],"curies":[{"name":"wp","href":"https:\/\/api.w.org\/{rel}","templated":true}]}}

<!-- This site is optimized with the Yoast SEO plugin v26.9 - https://yoast.com/product/yoast-seo-wordpress/ -->
<title>foto 1 - Centro de Medicina Regenerativa</title>
<meta name="robots" content="index, follow, max-snippet:-1, max-image-preview:large, max-video-preview:-1" />
<link rel="canonical" href="https://medicina.udd.cl/centro-medicina-regenerativa/files/2018/11/foto-1.jpg" />
<meta property="og:locale" content="es_ES" />
<meta property="og:type" content="article" />
<meta property="og:title" content="foto 1 - Centro de Medicina Regenerativa" />
<meta property="og:url" content="https://medicina.udd.cl/centro-medicina-regenerativa/files/2018/11/foto-1.jpg" />
<meta property="og:site_name" content="Centro de Medicina Regenerativa" />
<meta property="og:image" content="https://medicina.udd.cl/centro-medicina-regenerativa/files/2018/11/foto-1.jpg" />
	<meta property="og:image:width" content="467" />
	<meta property="og:image:height" content="350" />
	<meta property="og:image:type" content="image/jpeg" />
<script type="application/ld+json" class="yoast-schema-graph">{"@context":"https://schema.org","@graph":[{"@type":"WebPage","@id":"https://medicina.udd.cl/centro-medicina-regenerativa/files/2018/11/foto-1.jpg","url":"https://medicina.udd.cl/centro-medicina-regenerativa/files/2018/11/foto-1.jpg","name":"foto 1 - Centro de Medicina Regenerativa","isPartOf":{"@id":"https://medicina.udd.cl/centro-medicina-regenerativa/#website"},"datePublished":"2018-11-16T18:49:29+00:00","breadcrumb":{"@id":"https://medicina.udd.cl/centro-medicina-regenerativa/files/2018/11/foto-1.jpg#breadcrumb"},"inLanguage":"es","potentialAction":[{"@type":"ReadAction","target":["https://medicina.udd.cl/centro-medicina-regenerativa/files/2018/11/foto-1.jpg"]}]},{"@type":"BreadcrumbList","@id":"https://medicina.udd.cl/centro-medicina-regenerativa/files/2018/11/foto-1.jpg#breadcrumb","itemListElement":[{"@type":"ListItem","position":1,"name":"Inicio","item":"https://medicina.udd.cl/centro-medicina-regenerativa/"},{"@type":"ListItem","position":2,"name":"Investigación colaborativa aproxima metástasis del cáncer cérvico uterino con la percepción de jóvenes sobre esta enfermedad","item":"https://medicina.udd.cl/centro-medicina-regenerativa/noticias/2018/11/16/investigacion-colaborativa-aproxima-metastasis-del-cancer-cervico-uterino-con-la-percepcion-de-jovenes-sobre-esta-enfermedad/"},{"@type":"ListItem","position":3,"name":"foto 1"}]},{"@type":"WebSite","@id":"https://medicina.udd.cl/centro-medicina-regenerativa/#website","url":"https://medicina.udd.cl/centro-medicina-regenerativa/","name":"Centro de Medicina Regenerativa","description":"","inLanguage":"es"}]}</script>
<!-- / Yoast SEO plugin. -->

Investigación colaborativa aproxima metástasis del cáncer cérvico uterino con la percepción de jóvenes sobre esta enfermedad
