{"id":2899,"date":"2020-06-09T20:41:08","date_gmt":"2020-06-10T00:41:08","guid":{"rendered":"http:\/\/medicina.udd.cl\/centro-medicina-regenerativa\/files\/2020\/06\/charla-lorena-lobos.jpg"},"modified":"2020-06-09T20:41:08","modified_gmt":"2020-06-10T00:41:08","slug":"charla-lorena-lobos","status":"inherit","type":"attachment","link":"https:\/\/medicina.udd.cl\/centro-medicina-regenerativa\/noticias\/2020\/06\/09\/lorena-lobos-dicto-charla-sobre-cancer-de-mama-en-ciclo-de-encuentros-cientificos-de-la-u-alberto-hurtado\/charla-lorena-lobos\/","title":{"rendered":"charla-lorena-lobos"},"author":42,"featured_media":0,"comment_status":"open","ping_status":"closed","template":"","meta":[],"class_list":["post-2899","attachment","type-attachment","status-inherit","hentry"],"yoast_head":"<!-- This site is optimized with the Yoast SEO plugin v26.9 - https:\/\/yoast.com\/product\/yoast-seo-wordpress\/ -->\n<title>charla-lorena-lobos - Centro de Medicina Regenerativa<\/title>\n<meta name=\"robots\" content=\"index, follow, max-snippet:-1, max-image-preview:large, max-video-preview:-1\" \/>\n<link rel=\"canonical\" href=\"https:\/\/medicina.udd.cl\/centro-medicina-regenerativa\/files\/2020\/06\/charla-lorena-lobos.jpg\" \/>\n<meta property=\"og:locale\" content=\"es_ES\" \/>\n<meta property=\"og:type\" content=\"article\" \/>\n<meta property=\"og:title\" content=\"charla-lorena-lobos - Centro de Medicina Regenerativa\" \/>\n<meta property=\"og:url\" content=\"https:\/\/medicina.udd.cl\/centro-medicina-regenerativa\/files\/2020\/06\/charla-lorena-lobos.jpg\" \/>\n<meta property=\"og:site_name\" content=\"Centro de Medicina Regenerativa\" \/>\n<meta property=\"og:image\" content=\"https:\/\/medicina.udd.cl\/centro-medicina-regenerativa\/files\/2020\/06\/charla-lorena-lobos.jpg\" \/>\n\t<meta property=\"og:image:width\" content=\"768\" \/>\n\t<meta property=\"og:image:height\" content=\"432\" \/>\n\t<meta property=\"og:image:type\" content=\"image\/jpeg\" \/>\n<script type=\"application\/ld+json\" class=\"yoast-schema-graph\">{\"@context\":\"https:\/\/schema.org\",\"@graph\":[{\"@type\":\"WebPage\",\"@id\":\"https:\/\/medicina.udd.cl\/centro-medicina-regenerativa\/files\/2020\/06\/charla-lorena-lobos.jpg\",\"url\":\"https:\/\/medicina.udd.cl\/centro-medicina-regenerativa\/files\/2020\/06\/charla-lorena-lobos.jpg\",\"name\":\"charla-lorena-lobos - Centro de Medicina Regenerativa\",\"isPartOf\":{\"@id\":\"https:\/\/medicina.udd.cl\/centro-medicina-regenerativa\/#website\"},\"datePublished\":\"2020-06-10T00:41:08+00:00\",\"breadcrumb\":{\"@id\":\"https:\/\/medicina.udd.cl\/centro-medicina-regenerativa\/files\/2020\/06\/charla-lorena-lobos.jpg#breadcrumb\"},\"inLanguage\":\"es\",\"potentialAction\":[{\"@type\":\"ReadAction\",\"target\":[\"https:\/\/medicina.udd.cl\/centro-medicina-regenerativa\/files\/2020\/06\/charla-lorena-lobos.jpg\"]}]},{\"@type\":\"BreadcrumbList\",\"@id\":\"https:\/\/medicina.udd.cl\/centro-medicina-regenerativa\/files\/2020\/06\/charla-lorena-lobos.jpg#breadcrumb\",\"itemListElement\":[{\"@type\":\"ListItem\",\"position\":1,\"name\":\"Inicio\",\"item\":\"https:\/\/medicina.udd.cl\/centro-medicina-regenerativa\/\"},{\"@type\":\"ListItem\",\"position\":2,\"name\":\"Lorena Lobos dict\u00f3 charla sobre c\u00e1ncer de mama en Ciclo de Encuentros Cient\u00edficos de la U. Alberto Hurtado\",\"item\":\"https:\/\/medicina.udd.cl\/centro-medicina-regenerativa\/noticias\/2020\/06\/09\/lorena-lobos-dicto-charla-sobre-cancer-de-mama-en-ciclo-de-encuentros-cientificos-de-la-u-alberto-hurtado\/\"},{\"@type\":\"ListItem\",\"position\":3,\"name\":\"charla-lorena-lobos\"}]},{\"@type\":\"WebSite\",\"@id\":\"https:\/\/medicina.udd.cl\/centro-medicina-regenerativa\/#website\",\"url\":\"https:\/\/medicina.udd.cl\/centro-medicina-regenerativa\/\",\"name\":\"Centro de Medicina Regenerativa\",\"description\":\"\",\"inLanguage\":\"es\"}]}<\/script>\n<!-- \/ Yoast SEO plugin. -->","yoast_head_json":{"title":"charla-lorena-lobos - Centro de Medicina Regenerativa","robots":{"index":"index","follow":"follow","max-snippet":"max-snippet:-1","max-image-preview":"max-image-preview:large","max-video-preview":"max-video-preview:-1"},"canonical":"https:\/\/medicina.udd.cl\/centro-medicina-regenerativa\/files\/2020\/06\/charla-lorena-lobos.jpg","og_locale":"es_ES","og_type":"article","og_title":"charla-lorena-lobos - Centro de Medicina Regenerativa","og_url":"https:\/\/medicina.udd.cl\/centro-medicina-regenerativa\/files\/2020\/06\/charla-lorena-lobos.jpg","og_site_name":"Centro de Medicina Regenerativa","og_image":[{"width":768,"height":432,"url":"https:\/\/medicina.udd.cl\/centro-medicina-regenerativa\/files\/2020\/06\/charla-lorena-lobos.jpg","type":"image\/jpeg"}],"schema":{"@context":"https:\/\/schema.org","@graph":[{"@type":"WebPage","@id":"https:\/\/medicina.udd.cl\/centro-medicina-regenerativa\/files\/2020\/06\/charla-lorena-lobos.jpg","url":"https:\/\/medicina.udd.cl\/centro-medicina-regenerativa\/files\/2020\/06\/charla-lorena-lobos.jpg","name":"charla-lorena-lobos - Centro de Medicina Regenerativa","isPartOf":{"@id":"https:\/\/medicina.udd.cl\/centro-medicina-regenerativa\/#website"},"datePublished":"2020-06-10T00:41:08+00:00","breadcrumb":{"@id":"https:\/\/medicina.udd.cl\/centro-medicina-regenerativa\/files\/2020\/06\/charla-lorena-lobos.jpg#breadcrumb"},"inLanguage":"es","potentialAction":[{"@type":"ReadAction","target":["https:\/\/medicina.udd.cl\/centro-medicina-regenerativa\/files\/2020\/06\/charla-lorena-lobos.jpg"]}]},{"@type":"BreadcrumbList","@id":"https:\/\/medicina.udd.cl\/centro-medicina-regenerativa\/files\/2020\/06\/charla-lorena-lobos.jpg#breadcrumb","itemListElement":[{"@type":"ListItem","position":1,"name":"Inicio","item":"https:\/\/medicina.udd.cl\/centro-medicina-regenerativa\/"},{"@type":"ListItem","position":2,"name":"Lorena Lobos dict\u00f3 charla sobre c\u00e1ncer de mama en Ciclo de Encuentros Cient\u00edficos de la U. Alberto Hurtado","item":"https:\/\/medicina.udd.cl\/centro-medicina-regenerativa\/noticias\/2020\/06\/09\/lorena-lobos-dicto-charla-sobre-cancer-de-mama-en-ciclo-de-encuentros-cientificos-de-la-u-alberto-hurtado\/"},{"@type":"ListItem","position":3,"name":"charla-lorena-lobos"}]},{"@type":"WebSite","@id":"https:\/\/medicina.udd.cl\/centro-medicina-regenerativa\/#website","url":"https:\/\/medicina.udd.cl\/centro-medicina-regenerativa\/","name":"Centro de Medicina Regenerativa","description":"","inLanguage":"es"}]}},"description":{"rendered":"<p class=\"attachment\"><a href='https:\/\/medicina.udd.cl\/centro-medicina-regenerativa\/files\/2020\/06\/charla-lorena-lobos.jpg'><img loading=\"lazy\" decoding=\"async\" width=\"300\" height=\"169\" src=\"https:\/\/medicina.udd.cl\/centro-medicina-regenerativa\/wp-content\/plugins\/wp-async-img-load\/blank.png\" class=\"attachment-medium size-medium lazyload\" alt=\"\" sizes=\"auto, (max-width: 300px) 100vw, 300px\" data-src=\"https:\/\/medicina.udd.cl\/centro-medicina-regenerativa\/files\/2020\/06\/charla-lorena-lobos-300x169.jpg\" data-srcset=\"https:\/\/medicina.udd.cl\/centro-medicina-regenerativa\/files\/2020\/06\/charla-lorena-lobos-300x169.jpg 300w, https:\/\/medicina.udd.cl\/centro-medicina-regenerativa\/files\/2020\/06\/charla-lorena-lobos.jpg 768w\" \/><\/a><\/p>\n"},"caption":{"rendered":""},"alt_text":"","media_type":"image","mime_type":"image\/jpeg","media_details":{"width":768,"height":432,"file":"2020\/06\/charla-lorena-lobos.jpg","sizes":{"thumbnail":{"file":"charla-lorena-lobos-150x150.jpg","width":150,"height":150,"mime_type":"image\/jpeg","source_url":"https:\/\/medicina.udd.cl\/centro-medicina-regenerativa\/files\/2020\/06\/charla-lorena-lobos-150x150.jpg"},"medium":{"file":"charla-lorena-lobos-300x169.jpg","width":300,"height":169,"mime_type":"image\/jpeg","source_url":"https:\/\/medicina.udd.cl\/centro-medicina-regenerativa\/files\/2020\/06\/charla-lorena-lobos-300x169.jpg"},"medium_large":{"file":"charla-lorena-lobos-768x432.jpg","width":768,"height":432,"mime_type":"image\/jpeg","source_url":"https:\/\/medicina.udd.cl\/centro-medicina-regenerativa\/files\/2020\/06\/charla-lorena-lobos-768x432.jpg"},"newsletter_featured":{"file":"charla-lorena-lobos-316x224.jpg","width":316,"height":224,"mime_type":"image\/jpeg","source_url":"https:\/\/medicina.udd.cl\/centro-medicina-regenerativa\/files\/2020\/06\/charla-lorena-lobos-316x224.jpg"},"newsletter_first":{"file":"charla-lorena-lobos-286x205.jpg","width":286,"height":205,"mime_type":"image\/jpeg","source_url":"https:\/\/medicina.udd.cl\/centro-medicina-regenerativa\/files\/2020\/06\/charla-lorena-lobos-286x205.jpg"},"newsletter_thumb":{"file":"charla-lorena-lobos-288x150.jpg","width":288,"height":150,"mime_type":"image\/jpeg","source_url":"https:\/\/medicina.udd.cl\/centro-medicina-regenerativa\/files\/2020\/06\/charla-lorena-lobos-288x150.jpg"},"newsletter_column":{"file":"charla-lorena-lobos-182x140.jpg","width":182,"height":140,"mime_type":"image\/jpeg","source_url":"https:\/\/medicina.udd.cl\/centro-medicina-regenerativa\/files\/2020\/06\/charla-lorena-lobos-182x140.jpg"},"newsletter_square":{"file":"charla-lorena-lobos-62x62.jpg","width":62,"height":62,"mime_type":"image\/jpeg","source_url":"https:\/\/medicina.udd.cl\/centro-medicina-regenerativa\/files\/2020\/06\/charla-lorena-lobos-62x62.jpg"},"newsletter_square_large":{"file":"charla-lorena-lobos-87x62.jpg","width":87,"height":62,"mime_type":"image\/jpeg","source_url":"https:\/\/medicina.udd.cl\/centro-medicina-regenerativa\/files\/2020\/06\/charla-lorena-lobos-87x62.jpg"},"featured-career":{"file":"charla-lorena-lobos-660x430.jpg","width":660,"height":430,"mime_type":"image\/jpeg","source_url":"https:\/\/medicina.udd.cl\/centro-medicina-regenerativa\/files\/2020\/06\/charla-lorena-lobos-660x430.jpg"},"squared":{"file":"charla-lorena-lobos-300x300.jpg","width":300,"height":300,"mime_type":"image\/jpeg","source_url":"https:\/\/medicina.udd.cl\/centro-medicina-regenerativa\/files\/2020\/06\/charla-lorena-lobos-300x300.jpg"},"portrait-medium":{"file":"charla-lorena-lobos-220x260.jpg","width":220,"height":260,"mime_type":"image\/jpeg","source_url":"https:\/\/medicina.udd.cl\/centro-medicina-regenerativa\/files\/2020\/06\/charla-lorena-lobos-220x260.jpg"},"landscape-small":{"file":"charla-lorena-lobos-125x80.jpg","width":125,"height":80,"mime_type":"image\/jpeg","source_url":"https:\/\/medicina.udd.cl\/centro-medicina-regenerativa\/files\/2020\/06\/charla-lorena-lobos-125x80.jpg"},"landscape-medium":{"file":"charla-lorena-lobos-340x220.jpg","width":340,"height":220,"mime_type":"image\/jpeg","source_url":"https:\/\/medicina.udd.cl\/centro-medicina-regenerativa\/files\/2020\/06\/charla-lorena-lobos-340x220.jpg"},"landscape-large":{"file":"charla-lorena-lobos-365x255.jpg","width":365,"height":255,"mime_type":"image\/jpeg","source_url":"https:\/\/medicina.udd.cl\/centro-medicina-regenerativa\/files\/2020\/06\/charla-lorena-lobos-365x255.jpg"},"landscape-xlarge":{"file":"charla-lorena-lobos-660x430.jpg","width":660,"height":430,"mime_type":"image\/jpeg","source_url":"https:\/\/medicina.udd.cl\/centro-medicina-regenerativa\/files\/2020\/06\/charla-lorena-lobos-660x430.jpg"},"panoramic":{"file":"charla-lorena-lobos-768x345.jpg","width":768,"height":345,"mime_type":"image\/jpeg","source_url":"https:\/\/medicina.udd.cl\/centro-medicina-regenerativa\/files\/2020\/06\/charla-lorena-lobos-768x345.jpg"},"custom_content":{"file":"charla-lorena-lobos-126x126.jpg","width":126,"height":126,"mime_type":"image\/jpeg","source_url":"https:\/\/medicina.udd.cl\/centro-medicina-regenerativa\/files\/2020\/06\/charla-lorena-lobos-126x126.jpg"},"full":{"file":"charla-lorena-lobos.jpg","width":768,"height":432,"mime_type":"image\/jpeg","source_url":"https:\/\/medicina.udd.cl\/centro-medicina-regenerativa\/files\/2020\/06\/charla-lorena-lobos.jpg"}},"image_meta":{"aperture":"0","credit":"","camera":"","caption":"","created_timestamp":"0","copyright":"","focal_length":"0","iso":"0","shutter_speed":"0","title":"","orientation":"0","keywords":[]}},"post":2898,"source_url":"https:\/\/medicina.udd.cl\/centro-medicina-regenerativa\/files\/2020\/06\/charla-lorena-lobos.jpg","_links":{"self":[{"href":"https:\/\/medicina.udd.cl\/centro-medicina-regenerativa\/wp-json\/wp\/v2\/media\/2899","targetHints":{"allow":["GET"]}}],"collection":[{"href":"https:\/\/medicina.udd.cl\/centro-medicina-regenerativa\/wp-json\/wp\/v2\/media"}],"about":[{"href":"https:\/\/medicina.udd.cl\/centro-medicina-regenerativa\/wp-json\/wp\/v2\/types\/attachment"}],"author":[{"embeddable":true,"href":"https:\/\/medicina.udd.cl\/centro-medicina-regenerativa\/wp-json\/wp\/v2\/users\/42"}],"replies":[{"embeddable":true,"href":"https:\/\/medicina.udd.cl\/centro-medicina-regenerativa\/wp-json\/wp\/v2\/comments?post=2899"}],"wp:attached-to":[{"embeddable":true,"post_type":"post","id":2898,"href":"https:\/\/medicina.udd.cl\/centro-medicina-regenerativa\/wp-json\/wp\/v2\/posts\/2898"}],"curies":[{"name":"wp","href":"https:\/\/api.w.org\/{rel}","templated":true}]}}

<!-- This site is optimized with the Yoast SEO plugin v26.9 - https://yoast.com/product/yoast-seo-wordpress/ -->
<title>charla-lorena-lobos - Centro de Medicina Regenerativa</title>
<meta name="robots" content="index, follow, max-snippet:-1, max-image-preview:large, max-video-preview:-1" />
<link rel="canonical" href="https://medicina.udd.cl/centro-medicina-regenerativa/files/2020/06/charla-lorena-lobos.jpg" />
<meta property="og:locale" content="es_ES" />
<meta property="og:type" content="article" />
<meta property="og:title" content="charla-lorena-lobos - Centro de Medicina Regenerativa" />
<meta property="og:url" content="https://medicina.udd.cl/centro-medicina-regenerativa/files/2020/06/charla-lorena-lobos.jpg" />
<meta property="og:site_name" content="Centro de Medicina Regenerativa" />
<meta property="og:image" content="https://medicina.udd.cl/centro-medicina-regenerativa/files/2020/06/charla-lorena-lobos.jpg" />
	<meta property="og:image:width" content="768" />
	<meta property="og:image:height" content="432" />
	<meta property="og:image:type" content="image/jpeg" />
<script type="application/ld+json" class="yoast-schema-graph">{"@context":"https://schema.org","@graph":[{"@type":"WebPage","@id":"https://medicina.udd.cl/centro-medicina-regenerativa/files/2020/06/charla-lorena-lobos.jpg","url":"https://medicina.udd.cl/centro-medicina-regenerativa/files/2020/06/charla-lorena-lobos.jpg","name":"charla-lorena-lobos - Centro de Medicina Regenerativa","isPartOf":{"@id":"https://medicina.udd.cl/centro-medicina-regenerativa/#website"},"datePublished":"2020-06-10T00:41:08+00:00","breadcrumb":{"@id":"https://medicina.udd.cl/centro-medicina-regenerativa/files/2020/06/charla-lorena-lobos.jpg#breadcrumb"},"inLanguage":"es","potentialAction":[{"@type":"ReadAction","target":["https://medicina.udd.cl/centro-medicina-regenerativa/files/2020/06/charla-lorena-lobos.jpg"]}]},{"@type":"BreadcrumbList","@id":"https://medicina.udd.cl/centro-medicina-regenerativa/files/2020/06/charla-lorena-lobos.jpg#breadcrumb","itemListElement":[{"@type":"ListItem","position":1,"name":"Inicio","item":"https://medicina.udd.cl/centro-medicina-regenerativa/"},{"@type":"ListItem","position":2,"name":"Lorena Lobos dictó charla sobre cáncer de mama en Ciclo de Encuentros Científicos de la U. Alberto Hurtado","item":"https://medicina.udd.cl/centro-medicina-regenerativa/noticias/2020/06/09/lorena-lobos-dicto-charla-sobre-cancer-de-mama-en-ciclo-de-encuentros-cientificos-de-la-u-alberto-hurtado/"},{"@type":"ListItem","position":3,"name":"charla-lorena-lobos"}]},{"@type":"WebSite","@id":"https://medicina.udd.cl/centro-medicina-regenerativa/#website","url":"https://medicina.udd.cl/centro-medicina-regenerativa/","name":"Centro de Medicina Regenerativa","description":"","inLanguage":"es"}]}</script>
<!-- / Yoast SEO plugin. -->

Lorena Lobos dictó charla sobre cáncer de mama en Ciclo de Encuentros Científicos de la U. Alberto Hurtado
