{"id":307,"date":"2010-10-21T10:58:32","date_gmt":"2010-10-21T13:58:32","guid":{"rendered":"http:\/\/medicina.udd.cl\/instituto-ciencias\/files\/2010\/10\/alag-2010-3"},"modified":"2010-10-21T10:58:32","modified_gmt":"2010-10-21T13:58:32","slug":"alag-2010","status":"inherit","type":"attachment","link":"https:\/\/medicina.udd.cl\/centro-medicina-regenerativa\/noticias\/2010\/10\/21\/miembro-de-instituto-de-ciencias-participa-en-la-reunion-de-la-asociacion-latinoamericana-de-genetica-alag\/alag-2010\/","title":{"rendered":"alag 2010"},"author":1,"featured_media":0,"comment_status":"open","ping_status":"open","template":"","meta":[],"class_list":["post-307","attachment","type-attachment","status-inherit","hentry"],"yoast_head":"<!-- This site is optimized with the Yoast SEO plugin v26.9 - https:\/\/yoast.com\/product\/yoast-seo-wordpress\/ -->\n<title>alag 2010 - Centro de Medicina Regenerativa<\/title>\n<meta name=\"robots\" content=\"index, follow, max-snippet:-1, max-image-preview:large, max-video-preview:-1\" \/>\n<link rel=\"canonical\" href=\"https:\/\/medicina.udd.cl\/centro-medicina-regenerativa\/files\/2010\/10\/alag-2010-3\/\" \/>\n<meta property=\"og:locale\" content=\"es_ES\" \/>\n<meta property=\"og:type\" content=\"article\" \/>\n<meta property=\"og:title\" content=\"alag 2010 - Centro de Medicina Regenerativa\" \/>\n<meta property=\"og:url\" content=\"https:\/\/medicina.udd.cl\/centro-medicina-regenerativa\/files\/2010\/10\/alag-2010-3\/\" \/>\n<meta property=\"og:site_name\" content=\"Centro de Medicina Regenerativa\" \/>\n<script type=\"application\/ld+json\" class=\"yoast-schema-graph\">{\"@context\":\"https:\/\/schema.org\",\"@graph\":[{\"@type\":\"WebPage\",\"@id\":\"https:\/\/medicina.udd.cl\/centro-medicina-regenerativa\/files\/2010\/10\/alag-2010-3\/\",\"url\":\"https:\/\/medicina.udd.cl\/centro-medicina-regenerativa\/files\/2010\/10\/alag-2010-3\/\",\"name\":\"alag 2010 - Centro de Medicina Regenerativa\",\"isPartOf\":{\"@id\":\"https:\/\/medicina.udd.cl\/centro-medicina-regenerativa\/#website\"},\"datePublished\":\"2010-10-21T13:58:32+00:00\",\"breadcrumb\":{\"@id\":\"https:\/\/medicina.udd.cl\/centro-medicina-regenerativa\/files\/2010\/10\/alag-2010-3\/#breadcrumb\"},\"inLanguage\":\"es\",\"potentialAction\":[{\"@type\":\"ReadAction\",\"target\":[\"https:\/\/medicina.udd.cl\/centro-medicina-regenerativa\/files\/2010\/10\/alag-2010-3\/\"]}]},{\"@type\":\"BreadcrumbList\",\"@id\":\"https:\/\/medicina.udd.cl\/centro-medicina-regenerativa\/files\/2010\/10\/alag-2010-3\/#breadcrumb\",\"itemListElement\":[{\"@type\":\"ListItem\",\"position\":1,\"name\":\"Inicio\",\"item\":\"https:\/\/medicina.udd.cl\/centro-medicina-regenerativa\/\"},{\"@type\":\"ListItem\",\"position\":2,\"name\":\"Miembro de Instituto de Ciencias participa en la reuni\u00f3n de la Asociaci\u00f3n Latinoamericana de Gen\u00e9tica (ALAG)\",\"item\":\"https:\/\/medicina.udd.cl\/centro-medicina-regenerativa\/noticias\/2010\/10\/21\/miembro-de-instituto-de-ciencias-participa-en-la-reunion-de-la-asociacion-latinoamericana-de-genetica-alag\/\"},{\"@type\":\"ListItem\",\"position\":3,\"name\":\"alag 2010\"}]},{\"@type\":\"WebSite\",\"@id\":\"https:\/\/medicina.udd.cl\/centro-medicina-regenerativa\/#website\",\"url\":\"https:\/\/medicina.udd.cl\/centro-medicina-regenerativa\/\",\"name\":\"Centro de Medicina Regenerativa\",\"description\":\"\",\"inLanguage\":\"es\"}]}<\/script>\n<!-- \/ Yoast SEO plugin. -->","yoast_head_json":{"title":"alag 2010 - Centro de Medicina Regenerativa","robots":{"index":"index","follow":"follow","max-snippet":"max-snippet:-1","max-image-preview":"max-image-preview:large","max-video-preview":"max-video-preview:-1"},"canonical":"https:\/\/medicina.udd.cl\/centro-medicina-regenerativa\/files\/2010\/10\/alag-2010-3\/","og_locale":"es_ES","og_type":"article","og_title":"alag 2010 - Centro de Medicina Regenerativa","og_url":"https:\/\/medicina.udd.cl\/centro-medicina-regenerativa\/files\/2010\/10\/alag-2010-3\/","og_site_name":"Centro de Medicina Regenerativa","schema":{"@context":"https:\/\/schema.org","@graph":[{"@type":"WebPage","@id":"https:\/\/medicina.udd.cl\/centro-medicina-regenerativa\/files\/2010\/10\/alag-2010-3\/","url":"https:\/\/medicina.udd.cl\/centro-medicina-regenerativa\/files\/2010\/10\/alag-2010-3\/","name":"alag 2010 - Centro de Medicina Regenerativa","isPartOf":{"@id":"https:\/\/medicina.udd.cl\/centro-medicina-regenerativa\/#website"},"datePublished":"2010-10-21T13:58:32+00:00","breadcrumb":{"@id":"https:\/\/medicina.udd.cl\/centro-medicina-regenerativa\/files\/2010\/10\/alag-2010-3\/#breadcrumb"},"inLanguage":"es","potentialAction":[{"@type":"ReadAction","target":["https:\/\/medicina.udd.cl\/centro-medicina-regenerativa\/files\/2010\/10\/alag-2010-3\/"]}]},{"@type":"BreadcrumbList","@id":"https:\/\/medicina.udd.cl\/centro-medicina-regenerativa\/files\/2010\/10\/alag-2010-3\/#breadcrumb","itemListElement":[{"@type":"ListItem","position":1,"name":"Inicio","item":"https:\/\/medicina.udd.cl\/centro-medicina-regenerativa\/"},{"@type":"ListItem","position":2,"name":"Miembro de Instituto de Ciencias participa en la reuni\u00f3n de la Asociaci\u00f3n Latinoamericana de Gen\u00e9tica (ALAG)","item":"https:\/\/medicina.udd.cl\/centro-medicina-regenerativa\/noticias\/2010\/10\/21\/miembro-de-instituto-de-ciencias-participa-en-la-reunion-de-la-asociacion-latinoamericana-de-genetica-alag\/"},{"@type":"ListItem","position":3,"name":"alag 2010"}]},{"@type":"WebSite","@id":"https:\/\/medicina.udd.cl\/centro-medicina-regenerativa\/#website","url":"https:\/\/medicina.udd.cl\/centro-medicina-regenerativa\/","name":"Centro de Medicina Regenerativa","description":"","inLanguage":"es"}]}},"description":{"rendered":"<p class=\"attachment\"><a href='https:\/\/medicina.udd.cl\/centro-medicina-regenerativa\/files\/2010\/10\/alag-2010-3'><img loading=\"lazy\" decoding=\"async\" width=\"300\" height=\"225\" src=\"https:\/\/medicina.udd.cl\/centro-medicina-regenerativa\/wp-content\/plugins\/wp-async-img-load\/blank.png\" class=\"attachment-medium size-medium lazyload\" alt=\"\" sizes=\"auto, (max-width: 300px) 100vw, 300px\" data-src=\"https:\/\/medicina.udd.cl\/centro-medicina-regenerativa\/files\/2010\/10\/alag-2010-3-300x225.\" data-srcset=\"https:\/\/medicina.udd.cl\/centro-medicina-regenerativa\/files\/2010\/10\/alag-2010-3-300x225. 300w, https:\/\/medicina.udd.cl\/centro-medicina-regenerativa\/files\/2010\/10\/alag-2010-3-768x576. 768w, https:\/\/medicina.udd.cl\/centro-medicina-regenerativa\/files\/2010\/10\/alag-2010-3-1024x768. 1024w, https:\/\/medicina.udd.cl\/centro-medicina-regenerativa\/files\/2010\/10\/alag-2010-3-960x720. 960w\" \/><\/a><\/p>\n"},"caption":{"rendered":""},"alt_text":"","media_type":"image","mime_type":"image\/pjpeg","media_details":{"width":3264,"height":2448,"file":"2010\/10\/alag-2010-3","sizes":{"thumbnail":{"file":"alag-2010-3-150x150.","width":150,"height":150,"mime_type":"image\/jpeg","source_url":"https:\/\/medicina.udd.cl\/centro-medicina-regenerativa\/files\/2010\/10\/alag-2010-3-150x150."},"medium":{"file":"alag-2010-3-300x225.","width":300,"height":225,"mime_type":"image\/jpeg","source_url":"https:\/\/medicina.udd.cl\/centro-medicina-regenerativa\/files\/2010\/10\/alag-2010-3-300x225."},"medium_large":{"file":"alag-2010-3-768x576.","width":768,"height":576,"mime_type":"image\/jpeg","source_url":"https:\/\/medicina.udd.cl\/centro-medicina-regenerativa\/files\/2010\/10\/alag-2010-3-768x576."},"large":{"file":"alag-2010-3-1024x768.","width":1024,"height":768,"mime_type":"image\/jpeg","source_url":"https:\/\/medicina.udd.cl\/centro-medicina-regenerativa\/files\/2010\/10\/alag-2010-3-1024x768."},"newsletter_featured":{"file":"alag-2010-3-316x224.","width":316,"height":224,"mime_type":"image\/jpeg","source_url":"https:\/\/medicina.udd.cl\/centro-medicina-regenerativa\/files\/2010\/10\/alag-2010-3-316x224."},"newsletter_first":{"file":"alag-2010-3-286x205.","width":286,"height":205,"mime_type":"image\/jpeg","source_url":"https:\/\/medicina.udd.cl\/centro-medicina-regenerativa\/files\/2010\/10\/alag-2010-3-286x205."},"newsletter_thumb":{"file":"alag-2010-3-288x150.","width":288,"height":150,"mime_type":"image\/jpeg","source_url":"https:\/\/medicina.udd.cl\/centro-medicina-regenerativa\/files\/2010\/10\/alag-2010-3-288x150."},"newsletter_column":{"file":"alag-2010-3-182x140.","width":182,"height":140,"mime_type":"image\/jpeg","source_url":"https:\/\/medicina.udd.cl\/centro-medicina-regenerativa\/files\/2010\/10\/alag-2010-3-182x140."},"newsletter_square":{"file":"alag-2010-3-62x62.","width":62,"height":62,"mime_type":"image\/jpeg","source_url":"https:\/\/medicina.udd.cl\/centro-medicina-regenerativa\/files\/2010\/10\/alag-2010-3-62x62."},"newsletter_square_large":{"file":"alag-2010-3-87x62.","width":87,"height":62,"mime_type":"image\/jpeg","source_url":"https:\/\/medicina.udd.cl\/centro-medicina-regenerativa\/files\/2010\/10\/alag-2010-3-87x62."},"featured-home":{"file":"alag-2010-3-800x450.","width":800,"height":450,"mime_type":"image\/jpeg","source_url":"https:\/\/medicina.udd.cl\/centro-medicina-regenerativa\/files\/2010\/10\/alag-2010-3-800x450."},"featured-career":{"file":"alag-2010-3-660x430.","width":660,"height":430,"mime_type":"image\/jpeg","source_url":"https:\/\/medicina.udd.cl\/centro-medicina-regenerativa\/files\/2010\/10\/alag-2010-3-660x430."},"squared":{"file":"alag-2010-3-300x300.","width":300,"height":300,"mime_type":"image\/jpeg","source_url":"https:\/\/medicina.udd.cl\/centro-medicina-regenerativa\/files\/2010\/10\/alag-2010-3-300x300."},"stretch":{"file":"alag-2010-3-800x450.","width":800,"height":450,"mime_type":"image\/jpeg","source_url":"https:\/\/medicina.udd.cl\/centro-medicina-regenerativa\/files\/2010\/10\/alag-2010-3-800x450."},"portrait-medium":{"file":"alag-2010-3-220x260.","width":220,"height":260,"mime_type":"image\/jpeg","source_url":"https:\/\/medicina.udd.cl\/centro-medicina-regenerativa\/files\/2010\/10\/alag-2010-3-220x260."},"landscape-small":{"file":"alag-2010-3-125x80.","width":125,"height":80,"mime_type":"image\/jpeg","source_url":"https:\/\/medicina.udd.cl\/centro-medicina-regenerativa\/files\/2010\/10\/alag-2010-3-125x80."},"landscape-medium":{"file":"alag-2010-3-340x220.","width":340,"height":220,"mime_type":"image\/jpeg","source_url":"https:\/\/medicina.udd.cl\/centro-medicina-regenerativa\/files\/2010\/10\/alag-2010-3-340x220."},"landscape-large":{"file":"alag-2010-3-365x255.","width":365,"height":255,"mime_type":"image\/jpeg","source_url":"https:\/\/medicina.udd.cl\/centro-medicina-regenerativa\/files\/2010\/10\/alag-2010-3-365x255."},"landscape-xlarge":{"file":"alag-2010-3-660x430.","width":660,"height":430,"mime_type":"image\/jpeg","source_url":"https:\/\/medicina.udd.cl\/centro-medicina-regenerativa\/files\/2010\/10\/alag-2010-3-660x430."},"panoramic":{"file":"alag-2010-3-940x345.","width":940,"height":345,"mime_type":"image\/jpeg","source_url":"https:\/\/medicina.udd.cl\/centro-medicina-regenerativa\/files\/2010\/10\/alag-2010-3-940x345."},"stretch-large":{"file":"alag-2010-3-940x450.","width":940,"height":450,"mime_type":"image\/jpeg","source_url":"https:\/\/medicina.udd.cl\/centro-medicina-regenerativa\/files\/2010\/10\/alag-2010-3-940x450."},"proportional-large":{"file":"alag-2010-3-960x720.","width":960,"height":720,"mime_type":"image\/jpeg","source_url":"https:\/\/medicina.udd.cl\/centro-medicina-regenerativa\/files\/2010\/10\/alag-2010-3-960x720."},"custom_content":{"file":"alag-2010-3-126x126.","width":126,"height":126,"mime_type":"image\/jpeg","source_url":"https:\/\/medicina.udd.cl\/centro-medicina-regenerativa\/files\/2010\/10\/alag-2010-3-126x126."},"full":{"file":"alag-2010-3","width":3264,"height":2448,"mime_type":"image\/pjpeg","source_url":"https:\/\/medicina.udd.cl\/centro-medicina-regenerativa\/files\/2010\/10\/alag-2010-3"}},"image_meta":{"aperture":"2.8","credit":"","camera":"KODAK EASYSHARE Z8612 IS Digital Camera","caption":"","created_timestamp":"1286198796","copyright":"","focal_length":"7.6","iso":"64","shutter_speed":"0.005","title":"","orientation":"1","keywords":[]}},"post":313,"source_url":"https:\/\/medicina.udd.cl\/centro-medicina-regenerativa\/files\/2010\/10\/alag-2010-3","_links":{"self":[{"href":"https:\/\/medicina.udd.cl\/centro-medicina-regenerativa\/wp-json\/wp\/v2\/media\/307","targetHints":{"allow":["GET"]}}],"collection":[{"href":"https:\/\/medicina.udd.cl\/centro-medicina-regenerativa\/wp-json\/wp\/v2\/media"}],"about":[{"href":"https:\/\/medicina.udd.cl\/centro-medicina-regenerativa\/wp-json\/wp\/v2\/types\/attachment"}],"author":[{"embeddable":true,"href":"https:\/\/medicina.udd.cl\/centro-medicina-regenerativa\/wp-json\/wp\/v2\/users\/1"}],"replies":[{"embeddable":true,"href":"https:\/\/medicina.udd.cl\/centro-medicina-regenerativa\/wp-json\/wp\/v2\/comments?post=307"}],"wp:attached-to":[{"embeddable":true,"post_type":"post","id":313,"href":"https:\/\/medicina.udd.cl\/centro-medicina-regenerativa\/wp-json\/wp\/v2\/posts\/313"}],"curies":[{"name":"wp","href":"https:\/\/api.w.org\/{rel}","templated":true}]}}

<!-- This site is optimized with the Yoast SEO plugin v26.9 - https://yoast.com/product/yoast-seo-wordpress/ -->
<title>alag 2010 - Centro de Medicina Regenerativa</title>
<meta name="robots" content="index, follow, max-snippet:-1, max-image-preview:large, max-video-preview:-1" />
<link rel="canonical" href="https://medicina.udd.cl/centro-medicina-regenerativa/files/2010/10/alag-2010-3/" />
<meta property="og:locale" content="es_ES" />
<meta property="og:type" content="article" />
<meta property="og:title" content="alag 2010 - Centro de Medicina Regenerativa" />
<meta property="og:url" content="https://medicina.udd.cl/centro-medicina-regenerativa/files/2010/10/alag-2010-3/" />
<meta property="og:site_name" content="Centro de Medicina Regenerativa" />
<script type="application/ld+json" class="yoast-schema-graph">{"@context":"https://schema.org","@graph":[{"@type":"WebPage","@id":"https://medicina.udd.cl/centro-medicina-regenerativa/files/2010/10/alag-2010-3/","url":"https://medicina.udd.cl/centro-medicina-regenerativa/files/2010/10/alag-2010-3/","name":"alag 2010 - Centro de Medicina Regenerativa","isPartOf":{"@id":"https://medicina.udd.cl/centro-medicina-regenerativa/#website"},"datePublished":"2010-10-21T13:58:32+00:00","breadcrumb":{"@id":"https://medicina.udd.cl/centro-medicina-regenerativa/files/2010/10/alag-2010-3/#breadcrumb"},"inLanguage":"es","potentialAction":[{"@type":"ReadAction","target":["https://medicina.udd.cl/centro-medicina-regenerativa/files/2010/10/alag-2010-3/"]}]},{"@type":"BreadcrumbList","@id":"https://medicina.udd.cl/centro-medicina-regenerativa/files/2010/10/alag-2010-3/#breadcrumb","itemListElement":[{"@type":"ListItem","position":1,"name":"Inicio","item":"https://medicina.udd.cl/centro-medicina-regenerativa/"},{"@type":"ListItem","position":2,"name":"Miembro de Instituto de Ciencias participa en la reunión de la Asociación Latinoamericana de Genética (ALAG)","item":"https://medicina.udd.cl/centro-medicina-regenerativa/noticias/2010/10/21/miembro-de-instituto-de-ciencias-participa-en-la-reunion-de-la-asociacion-latinoamericana-de-genetica-alag/"},{"@type":"ListItem","position":3,"name":"alag 2010"}]},{"@type":"WebSite","@id":"https://medicina.udd.cl/centro-medicina-regenerativa/#website","url":"https://medicina.udd.cl/centro-medicina-regenerativa/","name":"Centro de Medicina Regenerativa","description":"","inLanguage":"es"}]}</script>
<!-- / Yoast SEO plugin. -->

Miembro de Instituto de Ciencias participa en la reunión de la Asociación Latinoamericana de Genética (ALAG)
