{"id":3210,"date":"2022-07-08T13:10:58","date_gmt":"2022-07-08T17:10:58","guid":{"rendered":"https:\/\/medicina.udd.cl\/centro-medicina-regenerativa\/files\/2022\/07\/Captura-de-Pantalla-2022-07-08-a-las-10.13.09.png"},"modified":"2022-07-08T13:10:58","modified_gmt":"2022-07-08T17:10:58","slug":"captura-de-pantalla-2022-07-08-a-las-10-13-09","status":"inherit","type":"attachment","link":"https:\/\/medicina.udd.cl\/centro-medicina-regenerativa\/noticias\/2022\/07\/08\/tecnologia-para-la-reduccion-del-consumo-cronico-de-alcohol-y-prevencion-de-la-recaida-al-alcoholismo-obtiene-nueva-patente-de-invencion-para-el-icim\/captura-de-pantalla-2022-07-08-a-las-10-13-09\/","title":{"rendered":"Captura de Pantalla 2022-07-08 a la(s) 10.13.09"},"author":9192219,"featured_media":0,"comment_status":"open","ping_status":"closed","template":"","meta":[],"class_list":["post-3210","attachment","type-attachment","status-inherit","hentry"],"yoast_head":"<!-- This site is optimized with the Yoast SEO plugin v26.9 - https:\/\/yoast.com\/product\/yoast-seo-wordpress\/ -->\n<title>Captura de Pantalla 2022-07-08 a la(s) 10.13.09 - Centro de Medicina Regenerativa<\/title>\n<meta name=\"robots\" content=\"index, follow, max-snippet:-1, max-image-preview:large, max-video-preview:-1\" \/>\n<link rel=\"canonical\" href=\"https:\/\/medicina.udd.cl\/centro-medicina-regenerativa\/files\/2022\/07\/Captura-de-Pantalla-2022-07-08-a-las-10.13.09.png\" \/>\n<meta property=\"og:locale\" content=\"es_ES\" \/>\n<meta property=\"og:type\" content=\"article\" \/>\n<meta property=\"og:title\" content=\"Captura de Pantalla 2022-07-08 a la(s) 10.13.09 - Centro de Medicina Regenerativa\" \/>\n<meta property=\"og:url\" content=\"https:\/\/medicina.udd.cl\/centro-medicina-regenerativa\/files\/2022\/07\/Captura-de-Pantalla-2022-07-08-a-las-10.13.09.png\" \/>\n<meta property=\"og:site_name\" content=\"Centro de Medicina Regenerativa\" \/>\n<meta property=\"og:image\" content=\"https:\/\/medicina.udd.cl\/centro-medicina-regenerativa\/files\/2022\/07\/Captura-de-Pantalla-2022-07-08-a-las-10.13.09.png\" \/>\n\t<meta property=\"og:image:width\" content=\"269\" \/>\n\t<meta property=\"og:image:height\" content=\"344\" \/>\n\t<meta property=\"og:image:type\" content=\"image\/png\" \/>\n<script type=\"application\/ld+json\" class=\"yoast-schema-graph\">{\"@context\":\"https:\/\/schema.org\",\"@graph\":[{\"@type\":\"WebPage\",\"@id\":\"https:\/\/medicina.udd.cl\/centro-medicina-regenerativa\/files\/2022\/07\/Captura-de-Pantalla-2022-07-08-a-las-10.13.09.png\",\"url\":\"https:\/\/medicina.udd.cl\/centro-medicina-regenerativa\/files\/2022\/07\/Captura-de-Pantalla-2022-07-08-a-las-10.13.09.png\",\"name\":\"Captura de Pantalla 2022-07-08 a la(s) 10.13.09 - Centro de Medicina Regenerativa\",\"isPartOf\":{\"@id\":\"https:\/\/medicina.udd.cl\/centro-medicina-regenerativa\/#website\"},\"datePublished\":\"2022-07-08T17:10:58+00:00\",\"breadcrumb\":{\"@id\":\"https:\/\/medicina.udd.cl\/centro-medicina-regenerativa\/files\/2022\/07\/Captura-de-Pantalla-2022-07-08-a-las-10.13.09.png#breadcrumb\"},\"inLanguage\":\"es\",\"potentialAction\":[{\"@type\":\"ReadAction\",\"target\":[\"https:\/\/medicina.udd.cl\/centro-medicina-regenerativa\/files\/2022\/07\/Captura-de-Pantalla-2022-07-08-a-las-10.13.09.png\"]}]},{\"@type\":\"BreadcrumbList\",\"@id\":\"https:\/\/medicina.udd.cl\/centro-medicina-regenerativa\/files\/2022\/07\/Captura-de-Pantalla-2022-07-08-a-las-10.13.09.png#breadcrumb\",\"itemListElement\":[{\"@type\":\"ListItem\",\"position\":1,\"name\":\"Inicio\",\"item\":\"https:\/\/medicina.udd.cl\/centro-medicina-regenerativa\/\"},{\"@type\":\"ListItem\",\"position\":2,\"name\":\"Tecnolog\u00eda para la reducci\u00f3n del consumo cr\u00f3nico de alcohol y prevenci\u00f3n de la reca\u00edda al alcoholismo obtiene nueva Patente de Invenci\u00f3n para el ICIM\",\"item\":\"https:\/\/medicina.udd.cl\/centro-medicina-regenerativa\/noticias\/2022\/07\/08\/tecnologia-para-la-reduccion-del-consumo-cronico-de-alcohol-y-prevencion-de-la-recaida-al-alcoholismo-obtiene-nueva-patente-de-invencion-para-el-icim\/\"},{\"@type\":\"ListItem\",\"position\":3,\"name\":\"Captura de Pantalla 2022-07-08 a la(s) 10.13.09\"}]},{\"@type\":\"WebSite\",\"@id\":\"https:\/\/medicina.udd.cl\/centro-medicina-regenerativa\/#website\",\"url\":\"https:\/\/medicina.udd.cl\/centro-medicina-regenerativa\/\",\"name\":\"Centro de Medicina Regenerativa\",\"description\":\"\",\"inLanguage\":\"es\"}]}<\/script>\n<!-- \/ Yoast SEO plugin. -->","yoast_head_json":{"title":"Captura de Pantalla 2022-07-08 a la(s) 10.13.09 - Centro de Medicina Regenerativa","robots":{"index":"index","follow":"follow","max-snippet":"max-snippet:-1","max-image-preview":"max-image-preview:large","max-video-preview":"max-video-preview:-1"},"canonical":"https:\/\/medicina.udd.cl\/centro-medicina-regenerativa\/files\/2022\/07\/Captura-de-Pantalla-2022-07-08-a-las-10.13.09.png","og_locale":"es_ES","og_type":"article","og_title":"Captura de Pantalla 2022-07-08 a la(s) 10.13.09 - Centro de Medicina Regenerativa","og_url":"https:\/\/medicina.udd.cl\/centro-medicina-regenerativa\/files\/2022\/07\/Captura-de-Pantalla-2022-07-08-a-las-10.13.09.png","og_site_name":"Centro de Medicina Regenerativa","og_image":[{"width":269,"height":344,"url":"https:\/\/medicina.udd.cl\/centro-medicina-regenerativa\/files\/2022\/07\/Captura-de-Pantalla-2022-07-08-a-las-10.13.09.png","type":"image\/png"}],"schema":{"@context":"https:\/\/schema.org","@graph":[{"@type":"WebPage","@id":"https:\/\/medicina.udd.cl\/centro-medicina-regenerativa\/files\/2022\/07\/Captura-de-Pantalla-2022-07-08-a-las-10.13.09.png","url":"https:\/\/medicina.udd.cl\/centro-medicina-regenerativa\/files\/2022\/07\/Captura-de-Pantalla-2022-07-08-a-las-10.13.09.png","name":"Captura de Pantalla 2022-07-08 a la(s) 10.13.09 - Centro de Medicina Regenerativa","isPartOf":{"@id":"https:\/\/medicina.udd.cl\/centro-medicina-regenerativa\/#website"},"datePublished":"2022-07-08T17:10:58+00:00","breadcrumb":{"@id":"https:\/\/medicina.udd.cl\/centro-medicina-regenerativa\/files\/2022\/07\/Captura-de-Pantalla-2022-07-08-a-las-10.13.09.png#breadcrumb"},"inLanguage":"es","potentialAction":[{"@type":"ReadAction","target":["https:\/\/medicina.udd.cl\/centro-medicina-regenerativa\/files\/2022\/07\/Captura-de-Pantalla-2022-07-08-a-las-10.13.09.png"]}]},{"@type":"BreadcrumbList","@id":"https:\/\/medicina.udd.cl\/centro-medicina-regenerativa\/files\/2022\/07\/Captura-de-Pantalla-2022-07-08-a-las-10.13.09.png#breadcrumb","itemListElement":[{"@type":"ListItem","position":1,"name":"Inicio","item":"https:\/\/medicina.udd.cl\/centro-medicina-regenerativa\/"},{"@type":"ListItem","position":2,"name":"Tecnolog\u00eda para la reducci\u00f3n del consumo cr\u00f3nico de alcohol y prevenci\u00f3n de la reca\u00edda al alcoholismo obtiene nueva Patente de Invenci\u00f3n para el ICIM","item":"https:\/\/medicina.udd.cl\/centro-medicina-regenerativa\/noticias\/2022\/07\/08\/tecnologia-para-la-reduccion-del-consumo-cronico-de-alcohol-y-prevencion-de-la-recaida-al-alcoholismo-obtiene-nueva-patente-de-invencion-para-el-icim\/"},{"@type":"ListItem","position":3,"name":"Captura de Pantalla 2022-07-08 a la(s) 10.13.09"}]},{"@type":"WebSite","@id":"https:\/\/medicina.udd.cl\/centro-medicina-regenerativa\/#website","url":"https:\/\/medicina.udd.cl\/centro-medicina-regenerativa\/","name":"Centro de Medicina Regenerativa","description":"","inLanguage":"es"}]}},"description":{"rendered":"<p class=\"attachment\"><a href='https:\/\/medicina.udd.cl\/centro-medicina-regenerativa\/files\/2022\/07\/Captura-de-Pantalla-2022-07-08-a-las-10.13.09.png'><img loading=\"lazy\" decoding=\"async\" width=\"235\" height=\"300\" src=\"https:\/\/medicina.udd.cl\/centro-medicina-regenerativa\/wp-content\/plugins\/wp-async-img-load\/blank.png\" class=\"attachment-medium size-medium lazyload\" alt=\"\" sizes=\"auto, (max-width: 235px) 100vw, 235px\" data-src=\"https:\/\/medicina.udd.cl\/centro-medicina-regenerativa\/files\/2022\/07\/Captura-de-Pantalla-2022-07-08-a-las-10.13.09-235x300.png\" data-srcset=\"https:\/\/medicina.udd.cl\/centro-medicina-regenerativa\/files\/2022\/07\/Captura-de-Pantalla-2022-07-08-a-las-10.13.09-235x300.png 235w, https:\/\/medicina.udd.cl\/centro-medicina-regenerativa\/files\/2022\/07\/Captura-de-Pantalla-2022-07-08-a-las-10.13.09.png 269w\" \/><\/a><\/p>\n"},"caption":{"rendered":""},"alt_text":"","media_type":"image","mime_type":"image\/png","media_details":{"width":269,"height":344,"file":"2022\/07\/Captura-de-Pantalla-2022-07-08-a-las-10.13.09.png","sizes":{"medium":{"file":"Captura-de-Pantalla-2022-07-08-a-las-10.13.09-235x300.png","width":235,"height":300,"mime_type":"image\/png","source_url":"https:\/\/medicina.udd.cl\/centro-medicina-regenerativa\/files\/2022\/07\/Captura-de-Pantalla-2022-07-08-a-las-10.13.09-235x300.png"},"thumbnail":{"file":"Captura-de-Pantalla-2022-07-08-a-las-10.13.09-150x150.png","width":150,"height":150,"mime_type":"image\/png","source_url":"https:\/\/medicina.udd.cl\/centro-medicina-regenerativa\/files\/2022\/07\/Captura-de-Pantalla-2022-07-08-a-las-10.13.09-150x150.png"},"newsletter_featured":{"file":"Captura-de-Pantalla-2022-07-08-a-las-10.13.09-269x224.png","width":269,"height":224,"mime_type":"image\/png","source_url":"https:\/\/medicina.udd.cl\/centro-medicina-regenerativa\/files\/2022\/07\/Captura-de-Pantalla-2022-07-08-a-las-10.13.09-269x224.png"},"newsletter_first":{"file":"Captura-de-Pantalla-2022-07-08-a-las-10.13.09-269x205.png","width":269,"height":205,"mime_type":"image\/png","source_url":"https:\/\/medicina.udd.cl\/centro-medicina-regenerativa\/files\/2022\/07\/Captura-de-Pantalla-2022-07-08-a-las-10.13.09-269x205.png"},"newsletter_thumb":{"file":"Captura-de-Pantalla-2022-07-08-a-las-10.13.09-269x150.png","width":269,"height":150,"mime_type":"image\/png","source_url":"https:\/\/medicina.udd.cl\/centro-medicina-regenerativa\/files\/2022\/07\/Captura-de-Pantalla-2022-07-08-a-las-10.13.09-269x150.png"},"newsletter_column":{"file":"Captura-de-Pantalla-2022-07-08-a-las-10.13.09-182x140.png","width":182,"height":140,"mime_type":"image\/png","source_url":"https:\/\/medicina.udd.cl\/centro-medicina-regenerativa\/files\/2022\/07\/Captura-de-Pantalla-2022-07-08-a-las-10.13.09-182x140.png"},"newsletter_square":{"file":"Captura-de-Pantalla-2022-07-08-a-las-10.13.09-62x62.png","width":62,"height":62,"mime_type":"image\/png","source_url":"https:\/\/medicina.udd.cl\/centro-medicina-regenerativa\/files\/2022\/07\/Captura-de-Pantalla-2022-07-08-a-las-10.13.09-62x62.png"},"newsletter_square_large":{"file":"Captura-de-Pantalla-2022-07-08-a-las-10.13.09-87x62.png","width":87,"height":62,"mime_type":"image\/png","source_url":"https:\/\/medicina.udd.cl\/centro-medicina-regenerativa\/files\/2022\/07\/Captura-de-Pantalla-2022-07-08-a-las-10.13.09-87x62.png"},"square_200":{"file":"Captura-de-Pantalla-2022-07-08-a-las-10.13.09-250x250.png","width":250,"height":250,"mime_type":"image\/png","source_url":"https:\/\/medicina.udd.cl\/centro-medicina-regenerativa\/files\/2022\/07\/Captura-de-Pantalla-2022-07-08-a-las-10.13.09-250x250.png"},"custom_content":{"file":"Captura-de-Pantalla-2022-07-08-a-las-10.13.09-126x126.png","width":126,"height":126,"mime_type":"image\/png","source_url":"https:\/\/medicina.udd.cl\/centro-medicina-regenerativa\/files\/2022\/07\/Captura-de-Pantalla-2022-07-08-a-las-10.13.09-126x126.png"},"full":{"file":"Captura-de-Pantalla-2022-07-08-a-las-10.13.09.png","width":269,"height":344,"mime_type":"image\/png","source_url":"https:\/\/medicina.udd.cl\/centro-medicina-regenerativa\/files\/2022\/07\/Captura-de-Pantalla-2022-07-08-a-las-10.13.09.png"}},"image_meta":{"aperture":"0","credit":"","camera":"","caption":"","created_timestamp":"0","copyright":"","focal_length":"0","iso":"0","shutter_speed":"0","title":"","orientation":"0","keywords":[]}},"post":3208,"source_url":"https:\/\/medicina.udd.cl\/centro-medicina-regenerativa\/files\/2022\/07\/Captura-de-Pantalla-2022-07-08-a-las-10.13.09.png","_links":{"self":[{"href":"https:\/\/medicina.udd.cl\/centro-medicina-regenerativa\/wp-json\/wp\/v2\/media\/3210","targetHints":{"allow":["GET"]}}],"collection":[{"href":"https:\/\/medicina.udd.cl\/centro-medicina-regenerativa\/wp-json\/wp\/v2\/media"}],"about":[{"href":"https:\/\/medicina.udd.cl\/centro-medicina-regenerativa\/wp-json\/wp\/v2\/types\/attachment"}],"author":[{"embeddable":true,"href":"https:\/\/medicina.udd.cl\/centro-medicina-regenerativa\/wp-json\/wp\/v2\/users\/9192219"}],"replies":[{"embeddable":true,"href":"https:\/\/medicina.udd.cl\/centro-medicina-regenerativa\/wp-json\/wp\/v2\/comments?post=3210"}],"wp:attached-to":[{"embeddable":true,"post_type":"post","id":3208,"href":"https:\/\/medicina.udd.cl\/centro-medicina-regenerativa\/wp-json\/wp\/v2\/posts\/3208"}],"curies":[{"name":"wp","href":"https:\/\/api.w.org\/{rel}","templated":true}]}}

<!-- This site is optimized with the Yoast SEO plugin v26.9 - https://yoast.com/product/yoast-seo-wordpress/ -->
<title>Captura de Pantalla 2022-07-08 a la(s) 10.13.09 - Centro de Medicina Regenerativa</title>
<meta name="robots" content="index, follow, max-snippet:-1, max-image-preview:large, max-video-preview:-1" />
<link rel="canonical" href="https://medicina.udd.cl/centro-medicina-regenerativa/files/2022/07/Captura-de-Pantalla-2022-07-08-a-las-10.13.09.png" />
<meta property="og:locale" content="es_ES" />
<meta property="og:type" content="article" />
<meta property="og:title" content="Captura de Pantalla 2022-07-08 a la(s) 10.13.09 - Centro de Medicina Regenerativa" />
<meta property="og:url" content="https://medicina.udd.cl/centro-medicina-regenerativa/files/2022/07/Captura-de-Pantalla-2022-07-08-a-las-10.13.09.png" />
<meta property="og:site_name" content="Centro de Medicina Regenerativa" />
<meta property="og:image" content="https://medicina.udd.cl/centro-medicina-regenerativa/files/2022/07/Captura-de-Pantalla-2022-07-08-a-las-10.13.09.png" />
	<meta property="og:image:width" content="269" />
	<meta property="og:image:height" content="344" />
	<meta property="og:image:type" content="image/png" />
<script type="application/ld+json" class="yoast-schema-graph">{"@context":"https://schema.org","@graph":[{"@type":"WebPage","@id":"https://medicina.udd.cl/centro-medicina-regenerativa/files/2022/07/Captura-de-Pantalla-2022-07-08-a-las-10.13.09.png","url":"https://medicina.udd.cl/centro-medicina-regenerativa/files/2022/07/Captura-de-Pantalla-2022-07-08-a-las-10.13.09.png","name":"Captura de Pantalla 2022-07-08 a la(s) 10.13.09 - Centro de Medicina Regenerativa","isPartOf":{"@id":"https://medicina.udd.cl/centro-medicina-regenerativa/#website"},"datePublished":"2022-07-08T17:10:58+00:00","breadcrumb":{"@id":"https://medicina.udd.cl/centro-medicina-regenerativa/files/2022/07/Captura-de-Pantalla-2022-07-08-a-las-10.13.09.png#breadcrumb"},"inLanguage":"es","potentialAction":[{"@type":"ReadAction","target":["https://medicina.udd.cl/centro-medicina-regenerativa/files/2022/07/Captura-de-Pantalla-2022-07-08-a-las-10.13.09.png"]}]},{"@type":"BreadcrumbList","@id":"https://medicina.udd.cl/centro-medicina-regenerativa/files/2022/07/Captura-de-Pantalla-2022-07-08-a-las-10.13.09.png#breadcrumb","itemListElement":[{"@type":"ListItem","position":1,"name":"Inicio","item":"https://medicina.udd.cl/centro-medicina-regenerativa/"},{"@type":"ListItem","position":2,"name":"Tecnología para la reducción del consumo crónico de alcohol y prevención de la recaída al alcoholismo obtiene nueva Patente de Invención para el ICIM","item":"https://medicina.udd.cl/centro-medicina-regenerativa/noticias/2022/07/08/tecnologia-para-la-reduccion-del-consumo-cronico-de-alcohol-y-prevencion-de-la-recaida-al-alcoholismo-obtiene-nueva-patente-de-invencion-para-el-icim/"},{"@type":"ListItem","position":3,"name":"Captura de Pantalla 2022-07-08 a la(s) 10.13.09"}]},{"@type":"WebSite","@id":"https://medicina.udd.cl/centro-medicina-regenerativa/#website","url":"https://medicina.udd.cl/centro-medicina-regenerativa/","name":"Centro de Medicina Regenerativa","description":"","inLanguage":"es"}]}</script>
<!-- / Yoast SEO plugin. -->

Tecnología para la reducción del consumo crónico de alcohol y prevención de la recaída al alcoholismo obtiene nueva Patente de Invención para el ICIM
