{"id":100,"date":"2010-06-11T10:01:26","date_gmt":"2010-06-11T14:01:26","guid":{"rendered":"http:\/\/medicina.udd.cl\/instituto-ciencias\/servicios\/servicio-avanzado-de-citometria-de-flujo-sacf\/"},"modified":"2014-06-23T17:29:12","modified_gmt":"2014-06-23T21:29:12","slug":"servicio-avanzado-de-citometria-de-flujo-sacf","status":"publish","type":"page","link":"https:\/\/medicina.udd.cl\/centro-medicina-regenerativa\/servicios\/servicio-avanzado-de-citometria-de-flujo-sacf\/","title":{"rendered":"Servicio avanzado de citometr\u00eda de flujo (SACF)"},"content":{"rendered":"<p style=\"text-align: justify;\">La citometr\u00eda de flujo permite analizar distintas mol\u00e9culas biol\u00f3gicas en la c\u00e9lulas que las presentan. Este an\u00e1lisis puede ser cualitativo (est\u00e1 o no la mol\u00e9cula de inter\u00e9s) o bien, cuantitativo (hay m\u00e1s o menos de la mol\u00e9cula de inter\u00e9s, cu\u00e1ntas c\u00e9lulas de la muestra analizada presentan la mol\u00e9cula de inter\u00e9s).<\/p>\n<p style=\"text-align: justify;\">Por lo general, la muestra que se analiza es una suspensi\u00f3n celular que ha sido previamente marcada con una sonda fluorescente. Esta suspensi\u00f3n celular puede obtenerse disgregando un tejido, a partir de un fluido biol\u00f3gico y bien, de un cultivo celular. Por citometr\u00eda de flujo se pueden analizar c\u00e9lulas animales, vegetales pero tambi\u00e9n levaduras, bacterias y virus.<\/p>\n<p><strong>Algunas de las aplicaciones de la citometr\u00eda de flujo que actualmente est\u00e1n disponibles en el SACF son: <\/strong><\/p>\n<ul>\n<li>\n<div style=\"text-align: justify;\">Determinaci\u00f3n de linfocitos CD4 y CD8 en la sangre para hacer seguimiento del curso de la infecci\u00f3n por el VIH.<\/div>\n<\/li>\n<li>\n<div style=\"text-align: justify;\">Fenotipificaci\u00f3n de c\u00e9lulas tumorales en biopsias de pacientes para definir el mejor tratamiento.<\/div>\n<\/li>\n<li>\n<div style=\"text-align: justify;\">Determinaci\u00f3n de la capacidad proliferativa de linfocitos para hacer diagnostico diferencialmente de inmunodepresiones.<\/div>\n<\/li>\n<li>\n<div style=\"text-align: justify;\">Estudios de ploid\u00eda (cantidad de DNA) en ovas, alevines y peces.<\/div>\n<\/li>\n<li>\n<div style=\"text-align: justify;\">Identificaci\u00f3n de esporas bacterianas para detectar infecciones latentes.<\/div>\n<\/li>\n<li>\n<div style=\"text-align: justify;\">Recuento de part\u00edculas virales para estandarizaci\u00f3n de in\u00f3culos.<\/div>\n<\/li>\n<\/ul>\n<p style=\"text-align: justify;\">Y muchas otras para responder preguntas particulares de investigaci\u00f3n. Por lo tanto, tenemos amplia experiencia en implementar nuevos an\u00e1lisis y podemos asesorar frente a alguna necesidad espec\u00edfica si la citometr\u00eda de flujo ser\u00eda o no la t\u00e9cnica de elecci\u00f3n.<\/p>\n","protected":false},"excerpt":{"rendered":"<p>La citometr\u00eda de flujo permite analizar distintas mol\u00e9culas biol\u00f3gicas en la c\u00e9lulas que las presentan. Este an\u00e1lisis puede ser cualitativo (est\u00e1 o no la mol\u00e9cula de inter\u00e9s) o bien, cuantitativo (hay m\u00e1s o menos de la mol\u00e9cula de inter\u00e9s, cu\u00e1ntas c\u00e9lulas de la muestra analizada presentan la mol\u00e9cula de inter\u00e9s). Por lo general, la muestra [&hellip;]<\/p>\n","protected":false},"author":1,"featured_media":0,"parent":97,"menu_order":0,"comment_status":"open","ping_status":"open","template":"","meta":{"footnotes":""},"class_list":["post-100","page","type-page","status-publish","hentry"],"yoast_head":"<!-- This site is optimized with the Yoast SEO plugin v26.9 - https:\/\/yoast.com\/product\/yoast-seo-wordpress\/ -->\n<title>Servicio avanzado de citometr\u00eda de flujo (SACF) - Centro de Medicina Regenerativa<\/title>\n<meta name=\"robots\" content=\"index, follow, max-snippet:-1, max-image-preview:large, max-video-preview:-1\" \/>\n<link rel=\"canonical\" href=\"https:\/\/medicina.udd.cl\/centro-medicina-regenerativa\/servicios\/servicio-avanzado-de-citometria-de-flujo-sacf\/\" \/>\n<meta property=\"og:locale\" content=\"es_ES\" \/>\n<meta property=\"og:type\" content=\"article\" \/>\n<meta property=\"og:title\" content=\"Servicio avanzado de citometr\u00eda de flujo (SACF) - Centro de Medicina Regenerativa\" \/>\n<meta property=\"og:description\" content=\"La citometr\u00eda de flujo permite analizar distintas mol\u00e9culas biol\u00f3gicas en la c\u00e9lulas que las presentan. Este an\u00e1lisis puede ser cualitativo (est\u00e1 o no la mol\u00e9cula de inter\u00e9s) o bien, cuantitativo (hay m\u00e1s o menos de la mol\u00e9cula de inter\u00e9s, cu\u00e1ntas c\u00e9lulas de la muestra analizada presentan la mol\u00e9cula de inter\u00e9s). Por lo general, la muestra [&hellip;]\" \/>\n<meta property=\"og:url\" content=\"https:\/\/medicina.udd.cl\/centro-medicina-regenerativa\/servicios\/servicio-avanzado-de-citometria-de-flujo-sacf\/\" \/>\n<meta property=\"og:site_name\" content=\"Centro de Medicina Regenerativa\" \/>\n<meta property=\"article:modified_time\" content=\"2014-06-23T21:29:12+00:00\" \/>\n<meta name=\"twitter:label1\" content=\"Tiempo de lectura\" \/>\n\t<meta name=\"twitter:data1\" content=\"1 minuto\" \/>\n<script type=\"application\/ld+json\" class=\"yoast-schema-graph\">{\"@context\":\"https:\/\/schema.org\",\"@graph\":[{\"@type\":\"WebPage\",\"@id\":\"https:\/\/medicina.udd.cl\/centro-medicina-regenerativa\/servicios\/servicio-avanzado-de-citometria-de-flujo-sacf\/\",\"url\":\"https:\/\/medicina.udd.cl\/centro-medicina-regenerativa\/servicios\/servicio-avanzado-de-citometria-de-flujo-sacf\/\",\"name\":\"Servicio avanzado de citometr\u00eda de flujo (SACF) - Centro de Medicina Regenerativa\",\"isPartOf\":{\"@id\":\"https:\/\/medicina.udd.cl\/centro-medicina-regenerativa\/#website\"},\"datePublished\":\"2010-06-11T14:01:26+00:00\",\"dateModified\":\"2014-06-23T21:29:12+00:00\",\"breadcrumb\":{\"@id\":\"https:\/\/medicina.udd.cl\/centro-medicina-regenerativa\/servicios\/servicio-avanzado-de-citometria-de-flujo-sacf\/#breadcrumb\"},\"inLanguage\":\"es\",\"potentialAction\":[{\"@type\":\"ReadAction\",\"target\":[\"https:\/\/medicina.udd.cl\/centro-medicina-regenerativa\/servicios\/servicio-avanzado-de-citometria-de-flujo-sacf\/\"]}]},{\"@type\":\"BreadcrumbList\",\"@id\":\"https:\/\/medicina.udd.cl\/centro-medicina-regenerativa\/servicios\/servicio-avanzado-de-citometria-de-flujo-sacf\/#breadcrumb\",\"itemListElement\":[{\"@type\":\"ListItem\",\"position\":1,\"name\":\"Inicio\",\"item\":\"https:\/\/medicina.udd.cl\/centro-medicina-regenerativa\/\"},{\"@type\":\"ListItem\",\"position\":2,\"name\":\"Servicios\",\"item\":\"https:\/\/medicina.udd.cl\/centro-medicina-regenerativa\/servicios\/\"},{\"@type\":\"ListItem\",\"position\":3,\"name\":\"Servicio avanzado de citometr\u00eda de flujo (SACF)\"}]},{\"@type\":\"WebSite\",\"@id\":\"https:\/\/medicina.udd.cl\/centro-medicina-regenerativa\/#website\",\"url\":\"https:\/\/medicina.udd.cl\/centro-medicina-regenerativa\/\",\"name\":\"Centro de Medicina Regenerativa\",\"description\":\"\",\"inLanguage\":\"es\"}]}<\/script>\n<!-- \/ Yoast SEO plugin. -->","yoast_head_json":{"title":"Servicio avanzado de citometr\u00eda de flujo (SACF) - Centro de Medicina Regenerativa","robots":{"index":"index","follow":"follow","max-snippet":"max-snippet:-1","max-image-preview":"max-image-preview:large","max-video-preview":"max-video-preview:-1"},"canonical":"https:\/\/medicina.udd.cl\/centro-medicina-regenerativa\/servicios\/servicio-avanzado-de-citometria-de-flujo-sacf\/","og_locale":"es_ES","og_type":"article","og_title":"Servicio avanzado de citometr\u00eda de flujo (SACF) - Centro de Medicina Regenerativa","og_description":"La citometr\u00eda de flujo permite analizar distintas mol\u00e9culas biol\u00f3gicas en la c\u00e9lulas que las presentan. Este an\u00e1lisis puede ser cualitativo (est\u00e1 o no la mol\u00e9cula de inter\u00e9s) o bien, cuantitativo (hay m\u00e1s o menos de la mol\u00e9cula de inter\u00e9s, cu\u00e1ntas c\u00e9lulas de la muestra analizada presentan la mol\u00e9cula de inter\u00e9s). Por lo general, la muestra [&hellip;]","og_url":"https:\/\/medicina.udd.cl\/centro-medicina-regenerativa\/servicios\/servicio-avanzado-de-citometria-de-flujo-sacf\/","og_site_name":"Centro de Medicina Regenerativa","article_modified_time":"2014-06-23T21:29:12+00:00","twitter_misc":{"Tiempo de lectura":"1 minuto"},"schema":{"@context":"https:\/\/schema.org","@graph":[{"@type":"WebPage","@id":"https:\/\/medicina.udd.cl\/centro-medicina-regenerativa\/servicios\/servicio-avanzado-de-citometria-de-flujo-sacf\/","url":"https:\/\/medicina.udd.cl\/centro-medicina-regenerativa\/servicios\/servicio-avanzado-de-citometria-de-flujo-sacf\/","name":"Servicio avanzado de citometr\u00eda de flujo (SACF) - Centro de Medicina Regenerativa","isPartOf":{"@id":"https:\/\/medicina.udd.cl\/centro-medicina-regenerativa\/#website"},"datePublished":"2010-06-11T14:01:26+00:00","dateModified":"2014-06-23T21:29:12+00:00","breadcrumb":{"@id":"https:\/\/medicina.udd.cl\/centro-medicina-regenerativa\/servicios\/servicio-avanzado-de-citometria-de-flujo-sacf\/#breadcrumb"},"inLanguage":"es","potentialAction":[{"@type":"ReadAction","target":["https:\/\/medicina.udd.cl\/centro-medicina-regenerativa\/servicios\/servicio-avanzado-de-citometria-de-flujo-sacf\/"]}]},{"@type":"BreadcrumbList","@id":"https:\/\/medicina.udd.cl\/centro-medicina-regenerativa\/servicios\/servicio-avanzado-de-citometria-de-flujo-sacf\/#breadcrumb","itemListElement":[{"@type":"ListItem","position":1,"name":"Inicio","item":"https:\/\/medicina.udd.cl\/centro-medicina-regenerativa\/"},{"@type":"ListItem","position":2,"name":"Servicios","item":"https:\/\/medicina.udd.cl\/centro-medicina-regenerativa\/servicios\/"},{"@type":"ListItem","position":3,"name":"Servicio avanzado de citometr\u00eda de flujo (SACF)"}]},{"@type":"WebSite","@id":"https:\/\/medicina.udd.cl\/centro-medicina-regenerativa\/#website","url":"https:\/\/medicina.udd.cl\/centro-medicina-regenerativa\/","name":"Centro de Medicina Regenerativa","description":"","inLanguage":"es"}]}},"_links":{"self":[{"href":"https:\/\/medicina.udd.cl\/centro-medicina-regenerativa\/wp-json\/wp\/v2\/pages\/100","targetHints":{"allow":["GET"]}}],"collection":[{"href":"https:\/\/medicina.udd.cl\/centro-medicina-regenerativa\/wp-json\/wp\/v2\/pages"}],"about":[{"href":"https:\/\/medicina.udd.cl\/centro-medicina-regenerativa\/wp-json\/wp\/v2\/types\/page"}],"author":[{"embeddable":true,"href":"https:\/\/medicina.udd.cl\/centro-medicina-regenerativa\/wp-json\/wp\/v2\/users\/1"}],"replies":[{"embeddable":true,"href":"https:\/\/medicina.udd.cl\/centro-medicina-regenerativa\/wp-json\/wp\/v2\/comments?post=100"}],"version-history":[{"count":12,"href":"https:\/\/medicina.udd.cl\/centro-medicina-regenerativa\/wp-json\/wp\/v2\/pages\/100\/revisions"}],"predecessor-version":[{"id":1134,"href":"https:\/\/medicina.udd.cl\/centro-medicina-regenerativa\/wp-json\/wp\/v2\/pages\/100\/revisions\/1134"}],"up":[{"embeddable":true,"href":"https:\/\/medicina.udd.cl\/centro-medicina-regenerativa\/wp-json\/wp\/v2\/pages\/97"}],"wp:attachment":[{"href":"https:\/\/medicina.udd.cl\/centro-medicina-regenerativa\/wp-json\/wp\/v2\/media?parent=100"}],"curies":[{"name":"wp","href":"https:\/\/api.w.org\/{rel}","templated":true}]}}