{"id":166,"date":"2010-06-15T14:24:34","date_gmt":"2010-06-15T18:24:34","guid":{"rendered":"http:\/\/medicina.udd.cl\/instituto-ciencias\/tesis\/"},"modified":"2014-05-08T13:42:10","modified_gmt":"2014-05-08T17:42:10","slug":"tesis","status":"publish","type":"page","link":"https:\/\/medicina.udd.cl\/centro-medicina-regenerativa\/tesis\/","title":{"rendered":"Tesis"},"content":{"rendered":"<p style=\"text-align: justify;\"><span style=\"text-decoration: underline;\"><strong>Tesis de Postgrado:<\/strong><\/span><\/p>\n<p style=\"text-align: justify;\">1.\u00a0\u00a0\u00a0 <strong>Dexametasona y Rosiglizatona son necesarias y suficientes para generar, a partir de c\u00e9lulas troncales mesenquim\u00e1ticas humanas, adipositos funcionales.<\/strong><br \/>\nAlumno: David Contador.<br \/>\nPrograma de Doctorado en Biotecnolog\u00eda. Facultad de Ciencias Qu\u00edmicas y Farmac\u00e9uticas. Universidad Nacional Andr\u00e9s Bello (desde 2009).<\/p>\n<p style=\"text-align: justify;\">2.\u00a0\u00a0\u00a0 <strong>Evasi\u00f3n de la respuesta inmune y resistencia al estr\u00e9s oxidativo de c\u00e9lulas productoras de insulina diferenciadas a partir de c\u00e9lulas troncales mesenquim\u00e1ticas: proyecciones terap\u00e9uticas en diabetes.<br \/>\n<\/strong>Alumna: Araceli Valle.<br \/>\nPrograma de Doctorado en Farmacolog\u00eda. Facultad de Ciencias Qu\u00edmicas y Farmac\u00e9uticas. Universidad de Chile (2005-2010).<\/p>\n<p style=\"text-align: justify;\">3.\u00a0\u00a0\u00a0 <strong>El efecto antirretroviral de APOBEC3G depende de su actividad Citidina Deaminasa y de su abundancia.<\/strong><\/p>\n<p style=\"text-align: justify;\">Alumna: Carolina Allers.<br \/>\nPrograma Doctorado Biomedicina. Facultad de Medicina. Universidad de Chile (2005-2009).<\/p>\n<p style=\"text-align: justify;\"><span style=\"text-decoration: underline;\"><strong>Tesis de Pregrado:<\/strong><\/span><\/p>\n<p style=\"text-align: justify;\">1.\u00a0\u00a0\u00a0 <strong>Diferenciaci\u00f3n de c\u00e9lulas troncales mesenquim\u00e1ticas humanas al linaje neural: \u00bfPlasticidad o artefacto?<br \/>\n<\/strong>Alumno: Andr\u00e9s Mori.<\/p>\n<p style=\"text-align: justify;\">Carrera: Ingenier\u00eda en Biotecnolog\u00eda Molecular. Facultad de Ciencias. Universidad de Chile (2006-2007).<\/p>\n<p style=\"text-align: justify;\">2.\u00a0\u00a0\u00a0 <strong>Diferenciaci\u00f3n de c\u00e9lulas troncales mesenquim\u00e1ticas humanas al linaje neural: \u00bfPlasticidad o artefacto?<br \/>\n<\/strong>Alumno: Rodrigo Somoza.<br \/>\nCarrera: Ingenier\u00eda en Biotecnolog\u00eda Molecular. Facultad de Ciencias. Universidad de Chile (2005-2006).<\/p>\n<p style=\"text-align: justify;\">3.\u00a0\u00a0\u00a0 <strong>C\u00e9lulas Troncales Mesenquim\u00e1ticas implantadas directamente en cart\u00edlago articular da\u00f1ado en presencia de hialuronato de benzoilo y dexametasona regeneran el cart\u00edlago hialino.<br \/>\n<\/strong>Alumno: Nicol\u00e1s Nazal.<br \/>\nCarrera: Bioqu\u00edmica. Facultad de Ciencias Qu\u00edmica y Farmac\u00e9uticas. Universidad de Chile (2005-2006).<\/p>\n<p style=\"text-align: justify;\">4.\u00a0\u00a0\u00a0 <strong>Movilizaci\u00f3n de c\u00e9lulas troncales mesenquim\u00e1ticas durante un infarto agudo al miocardio.<br \/>\n<\/strong>Alumna: Patricia Luz.<br \/>\nCarrera: Ingenier\u00eda en Biotecnolog\u00eda Molecular. Facultad de Ciencias. Universidad de Chile (2005-2006).<\/p>\n<p style=\"text-align: justify;\">5.\u00a0\u00a0\u00a0 <strong>Prote\u00f3mica del coraz\u00f3n infartado.<\/strong><br \/>\nAlumna: Carolina Cort\u00e9s<br \/>\nCarrera: Ingenier\u00eda en Biotecnolog\u00eda Molecular. Facultad de Ciencias. Universidad de Chile (2005-2006).<\/p>\n<p style=\"text-align: justify;\">6.\u00a0\u00a0\u00a0 <strong>Efectos celulares de la expresi\u00f3n de indoleamina-2,3-dioxigenasa.<\/strong><br \/>\nAlumno: Patricio Mu\u00f1oz<br \/>\nCarrera: Ingenier\u00eda en Biotecnolog\u00eda Molecular. Facultad de Ciencias. Universidad de Chile (2001-2002)<\/p>\n<p style=\"text-align: justify;\">7.\u00a0\u00a0\u00a0 <strong>Trasplantabilidad de c\u00e9lulas progenitoras mesenquim\u00e1ticas.<\/strong><br \/>\nAlumna: Carolina Allers.<br \/>\nCarrera: Ingenier\u00eda en Biotecnolog\u00eda Molecular. Facultad de Ciencias. Universidad de Chile (2000-2002).<\/p>\n","protected":false},"excerpt":{"rendered":"<p>Revisa las tesis de pregrado y postgrado.<\/p>\n","protected":false},"author":1,"featured_media":0,"parent":0,"menu_order":0,"comment_status":"open","ping_status":"open","template":"","meta":{"footnotes":""},"class_list":["post-166","page","type-page","status-publish","hentry"],"yoast_head":"<!-- This site is optimized with the Yoast SEO plugin v26.9 - https:\/\/yoast.com\/product\/yoast-seo-wordpress\/ -->\n<title>Tesis - Centro de Medicina Regenerativa<\/title>\n<meta name=\"robots\" content=\"index, follow, max-snippet:-1, max-image-preview:large, max-video-preview:-1\" \/>\n<link rel=\"canonical\" href=\"https:\/\/medicina.udd.cl\/centro-medicina-regenerativa\/tesis\/\" \/>\n<meta property=\"og:locale\" content=\"es_ES\" \/>\n<meta property=\"og:type\" content=\"article\" \/>\n<meta property=\"og:title\" content=\"Tesis - Centro de Medicina Regenerativa\" \/>\n<meta property=\"og:description\" content=\"Revisa las tesis de pregrado y postgrado.\" \/>\n<meta property=\"og:url\" content=\"https:\/\/medicina.udd.cl\/centro-medicina-regenerativa\/tesis\/\" \/>\n<meta property=\"og:site_name\" content=\"Centro de Medicina Regenerativa\" \/>\n<meta property=\"article:modified_time\" content=\"2014-05-08T17:42:10+00:00\" \/>\n<meta name=\"twitter:label1\" content=\"Tiempo de lectura\" \/>\n\t<meta name=\"twitter:data1\" content=\"2 minutos\" \/>\n<script type=\"application\/ld+json\" class=\"yoast-schema-graph\">{\"@context\":\"https:\/\/schema.org\",\"@graph\":[{\"@type\":\"WebPage\",\"@id\":\"https:\/\/medicina.udd.cl\/centro-medicina-regenerativa\/tesis\/\",\"url\":\"https:\/\/medicina.udd.cl\/centro-medicina-regenerativa\/tesis\/\",\"name\":\"Tesis - Centro de Medicina Regenerativa\",\"isPartOf\":{\"@id\":\"https:\/\/medicina.udd.cl\/centro-medicina-regenerativa\/#website\"},\"datePublished\":\"2010-06-15T18:24:34+00:00\",\"dateModified\":\"2014-05-08T17:42:10+00:00\",\"breadcrumb\":{\"@id\":\"https:\/\/medicina.udd.cl\/centro-medicina-regenerativa\/tesis\/#breadcrumb\"},\"inLanguage\":\"es\",\"potentialAction\":[{\"@type\":\"ReadAction\",\"target\":[\"https:\/\/medicina.udd.cl\/centro-medicina-regenerativa\/tesis\/\"]}]},{\"@type\":\"BreadcrumbList\",\"@id\":\"https:\/\/medicina.udd.cl\/centro-medicina-regenerativa\/tesis\/#breadcrumb\",\"itemListElement\":[{\"@type\":\"ListItem\",\"position\":1,\"name\":\"Inicio\",\"item\":\"https:\/\/medicina.udd.cl\/centro-medicina-regenerativa\/\"},{\"@type\":\"ListItem\",\"position\":2,\"name\":\"Tesis\"}]},{\"@type\":\"WebSite\",\"@id\":\"https:\/\/medicina.udd.cl\/centro-medicina-regenerativa\/#website\",\"url\":\"https:\/\/medicina.udd.cl\/centro-medicina-regenerativa\/\",\"name\":\"Centro de Medicina Regenerativa\",\"description\":\"\",\"inLanguage\":\"es\"}]}<\/script>\n<!-- \/ Yoast SEO plugin. -->","yoast_head_json":{"title":"Tesis - Centro de Medicina Regenerativa","robots":{"index":"index","follow":"follow","max-snippet":"max-snippet:-1","max-image-preview":"max-image-preview:large","max-video-preview":"max-video-preview:-1"},"canonical":"https:\/\/medicina.udd.cl\/centro-medicina-regenerativa\/tesis\/","og_locale":"es_ES","og_type":"article","og_title":"Tesis - Centro de Medicina Regenerativa","og_description":"Revisa las tesis de pregrado y postgrado.","og_url":"https:\/\/medicina.udd.cl\/centro-medicina-regenerativa\/tesis\/","og_site_name":"Centro de Medicina Regenerativa","article_modified_time":"2014-05-08T17:42:10+00:00","twitter_misc":{"Tiempo de lectura":"2 minutos"},"schema":{"@context":"https:\/\/schema.org","@graph":[{"@type":"WebPage","@id":"https:\/\/medicina.udd.cl\/centro-medicina-regenerativa\/tesis\/","url":"https:\/\/medicina.udd.cl\/centro-medicina-regenerativa\/tesis\/","name":"Tesis - Centro de Medicina Regenerativa","isPartOf":{"@id":"https:\/\/medicina.udd.cl\/centro-medicina-regenerativa\/#website"},"datePublished":"2010-06-15T18:24:34+00:00","dateModified":"2014-05-08T17:42:10+00:00","breadcrumb":{"@id":"https:\/\/medicina.udd.cl\/centro-medicina-regenerativa\/tesis\/#breadcrumb"},"inLanguage":"es","potentialAction":[{"@type":"ReadAction","target":["https:\/\/medicina.udd.cl\/centro-medicina-regenerativa\/tesis\/"]}]},{"@type":"BreadcrumbList","@id":"https:\/\/medicina.udd.cl\/centro-medicina-regenerativa\/tesis\/#breadcrumb","itemListElement":[{"@type":"ListItem","position":1,"name":"Inicio","item":"https:\/\/medicina.udd.cl\/centro-medicina-regenerativa\/"},{"@type":"ListItem","position":2,"name":"Tesis"}]},{"@type":"WebSite","@id":"https:\/\/medicina.udd.cl\/centro-medicina-regenerativa\/#website","url":"https:\/\/medicina.udd.cl\/centro-medicina-regenerativa\/","name":"Centro de Medicina Regenerativa","description":"","inLanguage":"es"}]}},"_links":{"self":[{"href":"https:\/\/medicina.udd.cl\/centro-medicina-regenerativa\/wp-json\/wp\/v2\/pages\/166","targetHints":{"allow":["GET"]}}],"collection":[{"href":"https:\/\/medicina.udd.cl\/centro-medicina-regenerativa\/wp-json\/wp\/v2\/pages"}],"about":[{"href":"https:\/\/medicina.udd.cl\/centro-medicina-regenerativa\/wp-json\/wp\/v2\/types\/page"}],"author":[{"embeddable":true,"href":"https:\/\/medicina.udd.cl\/centro-medicina-regenerativa\/wp-json\/wp\/v2\/users\/1"}],"replies":[{"embeddable":true,"href":"https:\/\/medicina.udd.cl\/centro-medicina-regenerativa\/wp-json\/wp\/v2\/comments?post=166"}],"version-history":[{"count":10,"href":"https:\/\/medicina.udd.cl\/centro-medicina-regenerativa\/wp-json\/wp\/v2\/pages\/166\/revisions"}],"predecessor-version":[{"id":1628,"href":"https:\/\/medicina.udd.cl\/centro-medicina-regenerativa\/wp-json\/wp\/v2\/pages\/166\/revisions\/1628"}],"wp:attachment":[{"href":"https:\/\/medicina.udd.cl\/centro-medicina-regenerativa\/wp-json\/wp\/v2\/media?parent=166"}],"curies":[{"name":"wp","href":"https:\/\/api.w.org\/{rel}","templated":true}]}}