{"id":406,"date":"2011-04-06T14:20:18","date_gmt":"2011-04-06T18:20:18","guid":{"rendered":"http:\/\/medicina.udd.cl\/instituto-ciencias\/"},"modified":"2011-04-06T14:20:18","modified_gmt":"2011-04-06T18:20:18","slug":"relaciones-internacionales","status":"publish","type":"page","link":"https:\/\/medicina.udd.cl\/centro-medicina-regenerativa\/relaciones-internacionales\/","title":{"rendered":"Relaciones Internacionales"},"content":{"rendered":"<p style=\"text-align: justify;\"><a title=\"Especialidad de Oftalmolog\u00eda en el extranjero\" rel=\"bookmark\" href=\"http:\/\/medicina.udd.cl\/medicina-santiago\/2011\/03\/31\/especialidad-de-oftalmologia-en-el-extranjero\/\">Especialidad de Oftalmolog\u00eda en el extranjero<\/a><br \/>\nAndr\u00e9s Uauy, interno de 6\u00ba a\u00f1o de Medicina, realiz\u00f3 un internado electivo en Uruguay y Colombia.<\/p>\n<p style=\"text-align: justify;\"><a title=\"Egresado de Medicina obtuvo beca de Cardiolog\u00eda\" rel=\"bookmark\" href=\"http:\/\/medicina.udd.cl\/medicina-santiago\/2011\/03\/24\/egresado-de-medicina-obtuvo-beca-de-cardiologia\/\">Egresado de Medicina obtuvo beca de Cardiolog\u00eda<\/a><br \/>\nSebasti\u00e1n Giacoman, m\u00e9dico egresado de la Facultad de Medicina, partir\u00e1 a Espa\u00f1a, pa\u00eds reconocido por su especialidad en Cardiolog\u00eda.<strong> <\/strong><\/p>\n<p style=\"text-align: justify;\"><a title=\"Dra. Jeanette Vega presente en importantes encuentros internacionales\" rel=\"bookmark\" href=\"http:\/\/medicina.udd.cl\/2011\/03\/dra-jeanette-vega-presente-en-importantes-encuentros-internacionales\/\">Dra. Jeanette Vega presente en importantes encuentros internacionales<\/a><br \/>\nDirectora del Centro de Epidemiolog\u00eda y Pol\u00edticas de Salud particip\u00f3 en dos encuentros organizados en Bangladesh.<\/p>\n<p style=\"text-align: justify;\"><a title=\"Internados electivos\" rel=\"bookmark\" href=\"http:\/\/medicina.udd.cl\/2011\/03\/internados-electivos\/\">Internados electivos<\/a><br \/>\nAlumnos de la carrera de Medicina realizaron internados electivos en Espa\u00f1a y Estados Unidos.<\/p>\n<p style=\"text-align: justify;\"><a title=\"Decano de la Facultad visita la Universidad de New Mexico\" rel=\"bookmark\" href=\"http:\/\/medicina.udd.cl\/2011\/02\/decano-de-la-facultad-visita-la-universidad-de-new-mexico\/\">Decano de la Facultad visita la Universidad de New Mexico<\/a><br \/>\nEl Dr. Vial ha estado trabajando durante las \u00faltimas 6 semanas en los laboratorios y el hospital de la UNM, donde fue distinguido con el nombramiento de Visiting Research Scholar.<\/p>\n<p style=\"text-align: justify;\"><a title=\"Dr. Julio Cifuentes particip\u00f3 en importantes encuentros internacionales\" rel=\"bookmark\" href=\"http:\/\/medicina.udd.cl\/2011\/01\/dr-julio-cifuentes-participo-en-importantes-encuentros-internacionales\/\">Dr. Julio Cifuentes particip\u00f3 en importantes encuentros internacionales<\/a><br \/>\nEl docente de Odontolog\u00eda expuso en encuentros realizados en B\u00e9lgica, Estados Unidos y Per\u00fa.<\/p>\n<p style=\"text-align: justify;\"><a title=\"Dra. Marcela Castillo fue invitada a la Facultad de Medicina de Stanford\" rel=\"bookmark\" href=\"http:\/\/medicina.udd.cl\/2010\/10\/dra-marcela-castillo-visito-la-facultad-de-medicina-de-stanford\/\">Dra. Marcela Castillo fue invitada a la Facultad de Medicina de Stanford<\/a><br \/>\nLa Dra. Marcela Castillo, directora de Comunicaciones y miembro de la Oficina de Desarrollo Educacional, visit\u00f3 las dependencias de la Facultad de Medicina de Stanford, en California, EE.UU.<\/p>\n<p style=\"text-align: justify;\"><a title=\"Alumna de Tecnolog\u00eda M\u00e9dica particip\u00f3 en Congreso Mundial de Medicina Nuclear en Sud\u00e1frica\" rel=\"bookmark\" href=\"http:\/\/medicina.udd.cl\/2010\/10\/alumna-de-tecnologia-medica-participo-en-congreso-mundial-de-medicina-nuclear-en-sudafrica\/\">Alumna de Tecnolog\u00eda M\u00e9dica particip\u00f3 en Congreso Mundial de Medicina Nuclear en Sud\u00e1frica<\/a><br \/>\nConstanza Ballocchi, alumna de tercer a\u00f1o, comparte su experiencia con sus compa\u00f1eros de la Facultad de Medicina.<\/p>\n<p style=\"text-align: justify;\"><a title=\"Autoridades de la Facultad de Medicina CAS \u2013 UDD y de Cl\u00ednica Alemana visitan centros de investigaci\u00f3n en Estados Unidos\" rel=\"bookmark\" href=\"http:\/\/medicina.udd.cl\/2010\/09\/autoridades-de-la-facultad-de-medicina-cas-udd-y-de-clinica-alemana-visitan-centros-de-investigacion-en-estados-unidos\/\">Autoridades de la Facultad de Medicina CAS \u2013 UDD y de Cl\u00ednica Alemana visitan centros de investigaci\u00f3n en Estados Unidos<\/a><br \/>\nEsta experiencia sirvi\u00f3 para conocer a los profesionales que lideran en su pa\u00eds la investigaci\u00f3n y permiti\u00f3 al grupo conocer algunas de las mejores pr\u00e1cticas que se realizan en estos centros.<\/p>\n<p style=\"text-align: justify;\"><a title=\"Dr. Alex Vaisman, miembro honorario de la Sociedad Norteamericana de Traumatolog\u00eda Deportiva\" rel=\"bookmark\" href=\"http:\/\/medicina.udd.cl\/2010\/09\/dr-alex-vaisman-miembro-honorario-de-la-sociedad-norteamericana-de-traumatologia-deportiva\/\">Dr. Alex Vaisman, miembro honorario de la Sociedad Norteamericana de Traumatolog\u00eda Deportiva<\/a><br \/>\nA mediados de 2009, el Dr. Vaisman hizo un recorrido por los centros m\u00e1s destacados en traumatolog\u00eda deportiva de Estados Unidos. A ra\u00edz de esta experiencia, rescat\u00f3 distintos conocimientos y habilidades que ha ido transmitiendo a las nuevas generaciones.<\/p>\n<p style=\"text-align: justify;\"><a title=\"Centro de Bio\u00e9tica se present\u00f3 en importante encuentro internacional\" rel=\"bookmark\" href=\"http:\/\/medicina.udd.cl\/2010\/07\/centro-de-bioetica-se-presento-en-importante-encuentro-internacional\/\">Centro de Bio\u00e9tica se present\u00f3 en importante encuentro internacional<\/a><br \/>\nEntre el 13 y el 24 de julio 2010 se realiz\u00f3 el Curso Intensivo Internacional de Bio\u00e9tica que dictan anualmente un grupo de 16 universidades europeas y americanas, entre las cuales se incluy\u00f3 a Universidad del Desarrollo.<\/p>\n<p style=\"text-align: justify;\"><a title=\"Juan Francisco Allamand y su experiencia en Mayo Clinic\" rel=\"bookmark\" href=\"http:\/\/medicina.udd.cl\/medicina-santiago\/2010\/07\/28\/juan-francisco-allamand-y-su-experiencia-en-la-mayo-clinic\/\">Juan Francisco Allamand y su experiencia en Mayo Clinic<\/a><br \/>\nJuan Francisco realiz\u00f3 su internado electivo en Trauma Surgery, una especialidad que existe hace poco en Estados Unidos y que a\u00fan no se ha establecido en nuestro pa\u00eds.<\/p>\n<p style=\"text-align: justify;\"><a title=\"Dr. Juan Hepp es nombrado miembro honorario de la European Surgical Association\" rel=\"bookmark\" href=\"http:\/\/medicina.udd.cl\/medicina-santiago\/2010\/07\/05\/dr-juan-hepp-es-nombrado-miembro-honorario-de-la-european-surgical-association\/\">Dr. Juan Hepp es nombrado miembro honorario de la European Surgical Association<\/a><br \/>\nEl profesor es el primer cirujano chileno y segundo sudamericano elegido para formar parte de este selecto grupo.<\/p>\n<p style=\"text-align: justify;\"><a title=\"Internado electivo internacional que deja huella\" rel=\"bookmark\" href=\"http:\/\/medicina.udd.cl\/medicina-santiago\/2010\/06\/22\/felipe-teran-realizo-internado-electivo-en-minnesota\/\">Internado electivo internacional que deja huella<\/a><br \/>\nEl alumno de s\u00e9ptimo a\u00f1o, Felipe Ter\u00e1n, realiz\u00f3 su internado en el Regions Hospital de Saint Paul, Minnesota. Adem\u00e1s, present\u00f3 un caso cl\u00ednico que se public\u00f3 en la p\u00e1gina web de la American Thorax Society (ATS).<\/p>\n","protected":false},"excerpt":{"rendered":"<p>Conoce las historias de autoridades, docentes y estudiantes que se han perfeccionado en el extranjero. <\/p>\n","protected":false},"author":1,"featured_media":0,"parent":0,"menu_order":0,"comment_status":"open","ping_status":"open","template":"","meta":{"footnotes":""},"class_list":["post-406","page","type-page","status-publish","hentry"],"yoast_head":"<!-- This site is optimized with the Yoast SEO plugin v26.9 - https:\/\/yoast.com\/product\/yoast-seo-wordpress\/ -->\n<title>Relaciones Internacionales - Centro de Medicina Regenerativa<\/title>\n<meta name=\"robots\" content=\"index, follow, max-snippet:-1, max-image-preview:large, max-video-preview:-1\" \/>\n<link rel=\"canonical\" href=\"https:\/\/medicina.udd.cl\/centro-medicina-regenerativa\/relaciones-internacionales\/\" \/>\n<meta property=\"og:locale\" content=\"es_ES\" \/>\n<meta property=\"og:type\" content=\"article\" \/>\n<meta property=\"og:title\" content=\"Relaciones Internacionales - Centro de Medicina Regenerativa\" \/>\n<meta property=\"og:description\" content=\"Conoce las historias de autoridades, docentes y estudiantes que se han perfeccionado en el extranjero.\" \/>\n<meta property=\"og:url\" content=\"https:\/\/medicina.udd.cl\/centro-medicina-regenerativa\/relaciones-internacionales\/\" \/>\n<meta property=\"og:site_name\" content=\"Centro de Medicina Regenerativa\" \/>\n<meta name=\"twitter:label1\" content=\"Tiempo de lectura\" \/>\n\t<meta name=\"twitter:data1\" content=\"3 minutos\" \/>\n<script type=\"application\/ld+json\" class=\"yoast-schema-graph\">{\"@context\":\"https:\/\/schema.org\",\"@graph\":[{\"@type\":\"WebPage\",\"@id\":\"https:\/\/medicina.udd.cl\/centro-medicina-regenerativa\/relaciones-internacionales\/\",\"url\":\"https:\/\/medicina.udd.cl\/centro-medicina-regenerativa\/relaciones-internacionales\/\",\"name\":\"Relaciones Internacionales - Centro de Medicina Regenerativa\",\"isPartOf\":{\"@id\":\"https:\/\/medicina.udd.cl\/centro-medicina-regenerativa\/#website\"},\"datePublished\":\"2011-04-06T18:20:18+00:00\",\"breadcrumb\":{\"@id\":\"https:\/\/medicina.udd.cl\/centro-medicina-regenerativa\/relaciones-internacionales\/#breadcrumb\"},\"inLanguage\":\"es\",\"potentialAction\":[{\"@type\":\"ReadAction\",\"target\":[\"https:\/\/medicina.udd.cl\/centro-medicina-regenerativa\/relaciones-internacionales\/\"]}]},{\"@type\":\"BreadcrumbList\",\"@id\":\"https:\/\/medicina.udd.cl\/centro-medicina-regenerativa\/relaciones-internacionales\/#breadcrumb\",\"itemListElement\":[{\"@type\":\"ListItem\",\"position\":1,\"name\":\"Inicio\",\"item\":\"https:\/\/medicina.udd.cl\/centro-medicina-regenerativa\/\"},{\"@type\":\"ListItem\",\"position\":2,\"name\":\"Relaciones Internacionales\"}]},{\"@type\":\"WebSite\",\"@id\":\"https:\/\/medicina.udd.cl\/centro-medicina-regenerativa\/#website\",\"url\":\"https:\/\/medicina.udd.cl\/centro-medicina-regenerativa\/\",\"name\":\"Centro de Medicina Regenerativa\",\"description\":\"\",\"inLanguage\":\"es\"}]}<\/script>\n<!-- \/ Yoast SEO plugin. -->","yoast_head_json":{"title":"Relaciones Internacionales - Centro de Medicina Regenerativa","robots":{"index":"index","follow":"follow","max-snippet":"max-snippet:-1","max-image-preview":"max-image-preview:large","max-video-preview":"max-video-preview:-1"},"canonical":"https:\/\/medicina.udd.cl\/centro-medicina-regenerativa\/relaciones-internacionales\/","og_locale":"es_ES","og_type":"article","og_title":"Relaciones Internacionales - Centro de Medicina Regenerativa","og_description":"Conoce las historias de autoridades, docentes y estudiantes que se han perfeccionado en el extranjero.","og_url":"https:\/\/medicina.udd.cl\/centro-medicina-regenerativa\/relaciones-internacionales\/","og_site_name":"Centro de Medicina Regenerativa","twitter_misc":{"Tiempo de lectura":"3 minutos"},"schema":{"@context":"https:\/\/schema.org","@graph":[{"@type":"WebPage","@id":"https:\/\/medicina.udd.cl\/centro-medicina-regenerativa\/relaciones-internacionales\/","url":"https:\/\/medicina.udd.cl\/centro-medicina-regenerativa\/relaciones-internacionales\/","name":"Relaciones Internacionales - Centro de Medicina Regenerativa","isPartOf":{"@id":"https:\/\/medicina.udd.cl\/centro-medicina-regenerativa\/#website"},"datePublished":"2011-04-06T18:20:18+00:00","breadcrumb":{"@id":"https:\/\/medicina.udd.cl\/centro-medicina-regenerativa\/relaciones-internacionales\/#breadcrumb"},"inLanguage":"es","potentialAction":[{"@type":"ReadAction","target":["https:\/\/medicina.udd.cl\/centro-medicina-regenerativa\/relaciones-internacionales\/"]}]},{"@type":"BreadcrumbList","@id":"https:\/\/medicina.udd.cl\/centro-medicina-regenerativa\/relaciones-internacionales\/#breadcrumb","itemListElement":[{"@type":"ListItem","position":1,"name":"Inicio","item":"https:\/\/medicina.udd.cl\/centro-medicina-regenerativa\/"},{"@type":"ListItem","position":2,"name":"Relaciones Internacionales"}]},{"@type":"WebSite","@id":"https:\/\/medicina.udd.cl\/centro-medicina-regenerativa\/#website","url":"https:\/\/medicina.udd.cl\/centro-medicina-regenerativa\/","name":"Centro de Medicina Regenerativa","description":"","inLanguage":"es"}]}},"_links":{"self":[{"href":"https:\/\/medicina.udd.cl\/centro-medicina-regenerativa\/wp-json\/wp\/v2\/pages\/406","targetHints":{"allow":["GET"]}}],"collection":[{"href":"https:\/\/medicina.udd.cl\/centro-medicina-regenerativa\/wp-json\/wp\/v2\/pages"}],"about":[{"href":"https:\/\/medicina.udd.cl\/centro-medicina-regenerativa\/wp-json\/wp\/v2\/types\/page"}],"author":[{"embeddable":true,"href":"https:\/\/medicina.udd.cl\/centro-medicina-regenerativa\/wp-json\/wp\/v2\/users\/1"}],"replies":[{"embeddable":true,"href":"https:\/\/medicina.udd.cl\/centro-medicina-regenerativa\/wp-json\/wp\/v2\/comments?post=406"}],"version-history":[{"count":1,"href":"https:\/\/medicina.udd.cl\/centro-medicina-regenerativa\/wp-json\/wp\/v2\/pages\/406\/revisions"}],"predecessor-version":[{"id":407,"href":"https:\/\/medicina.udd.cl\/centro-medicina-regenerativa\/wp-json\/wp\/v2\/pages\/406\/revisions\/407"}],"wp:attachment":[{"href":"https:\/\/medicina.udd.cl\/centro-medicina-regenerativa\/wp-json\/wp\/v2\/media?parent=406"}],"curies":[{"name":"wp","href":"https:\/\/api.w.org\/{rel}","templated":true}]}}

<p style="text-align: justify;"><a title="Especialidad de Oftalmología en el extranjero" rel="bookmark" href="http://medicina.udd.cl/medicina-santiago/2011/03/31/especialidad-de-oftalmologia-en-el-extranjero/">Especialidad de Oftalmología en el extranjero</a><br />
Andrés Uauy, interno de 6º año de Medicina, realizó un internado electivo en Uruguay y Colombia.</p>
<p style="text-align: justify;"><a title="Egresado de Medicina obtuvo beca de Cardiología" rel="bookmark" href="http://medicina.udd.cl/medicina-santiago/2011/03/24/egresado-de-medicina-obtuvo-beca-de-cardiologia/">Egresado de Medicina obtuvo beca de Cardiología</a><br />
Sebastián Giacoman, médico egresado de la Facultad de Medicina, partirá a España, país reconocido por su especialidad en Cardiología.<strong> </strong></p>
<p style="text-align: justify;"><a title="Dra. Jeanette Vega presente en importantes encuentros internacionales" rel="bookmark" href="http://medicina.udd.cl/2011/03/dra-jeanette-vega-presente-en-importantes-encuentros-internacionales/">Dra. Jeanette Vega presente en importantes encuentros internacionales</a><br />
Directora del Centro de Epidemiología y Políticas de Salud participó en dos encuentros organizados en Bangladesh.</p>
<p style="text-align: justify;"><a title="Internados electivos" rel="bookmark" href="http://medicina.udd.cl/2011/03/internados-electivos/">Internados electivos</a><br />
Alumnos de la carrera de Medicina realizaron internados electivos en España y Estados Unidos.</p>
<p style="text-align: justify;"><a title="Decano de la Facultad visita la Universidad de New Mexico" rel="bookmark" href="http://medicina.udd.cl/2011/02/decano-de-la-facultad-visita-la-universidad-de-new-mexico/">Decano de la Facultad visita la Universidad de New Mexico</a><br />
El Dr. Vial ha estado trabajando durante las últimas 6 semanas en los laboratorios y el hospital de la UNM, donde fue distinguido con el nombramiento de Visiting Research Scholar.</p>
<p style="text-align: justify;"><a title="Dr. Julio Cifuentes participó en importantes encuentros internacionales" rel="bookmark" href="http://medicina.udd.cl/2011/01/dr-julio-cifuentes-participo-en-importantes-encuentros-internacionales/">Dr. Julio Cifuentes participó en importantes encuentros internacionales</a><br />
El docente de Odontología expuso en encuentros realizados en Bélgica, Estados Unidos y Perú.</p>
<p style="text-align: justify;"><a title="Dra. Marcela Castillo fue invitada a la Facultad de Medicina de Stanford" rel="bookmark" href="http://medicina.udd.cl/2010/10/dra-marcela-castillo-visito-la-facultad-de-medicina-de-stanford/">Dra. Marcela Castillo fue invitada a la Facultad de Medicina de Stanford</a><br />
La Dra. Marcela Castillo, directora de Comunicaciones y miembro de la Oficina de Desarrollo Educacional, visitó las dependencias de la Facultad de Medicina de Stanford, en California, EE.UU.</p>
<p style="text-align: justify;"><a title="Alumna de Tecnología Médica participó en Congreso Mundial de Medicina Nuclear en Sudáfrica" rel="bookmark" href="http://medicina.udd.cl/2010/10/alumna-de-tecnologia-medica-participo-en-congreso-mundial-de-medicina-nuclear-en-sudafrica/">Alumna de Tecnología Médica participó en Congreso Mundial de Medicina Nuclear en Sudáfrica</a><br />
Constanza Ballocchi, alumna de tercer año, comparte su experiencia con sus compañeros de la Facultad de Medicina.</p>
<p style="text-align: justify;"><a title="Autoridades de la Facultad de Medicina CAS – UDD y de Clínica Alemana visitan centros de investigación en Estados Unidos" rel="bookmark" href="http://medicina.udd.cl/2010/09/autoridades-de-la-facultad-de-medicina-cas-udd-y-de-clinica-alemana-visitan-centros-de-investigacion-en-estados-unidos/">Autoridades de la Facultad de Medicina CAS – UDD y de Clínica Alemana visitan centros de investigación en Estados Unidos</a><br />
Esta experiencia sirvió para conocer a los profesionales que lideran en su país la investigación y permitió al grupo conocer algunas de las mejores prácticas que se realizan en estos centros.</p>
<p style="text-align: justify;"><a title="Dr. Alex Vaisman, miembro honorario de la Sociedad Norteamericana de Traumatología Deportiva" rel="bookmark" href="http://medicina.udd.cl/2010/09/dr-alex-vaisman-miembro-honorario-de-la-sociedad-norteamericana-de-traumatologia-deportiva/">Dr. Alex Vaisman, miembro honorario de la Sociedad Norteamericana de Traumatología Deportiva</a><br />
A mediados de 2009, el Dr. Vaisman hizo un recorrido por los centros más destacados en traumatología deportiva de Estados Unidos. A raíz de esta experiencia, rescató distintos conocimientos y habilidades que ha ido transmitiendo a las nuevas generaciones.</p>
<p style="text-align: justify;"><a title="Centro de Bioética se presentó en importante encuentro internacional" rel="bookmark" href="http://medicina.udd.cl/2010/07/centro-de-bioetica-se-presento-en-importante-encuentro-internacional/">Centro de Bioética se presentó en importante encuentro internacional</a><br />
Entre el 13 y el 24 de julio 2010 se realizó el Curso Intensivo Internacional de Bioética que dictan anualmente un grupo de 16 universidades europeas y americanas, entre las cuales se incluyó a Universidad del Desarrollo.</p>
<p style="text-align: justify;"><a title="Juan Francisco Allamand y su experiencia en Mayo Clinic" rel="bookmark" href="http://medicina.udd.cl/medicina-santiago/2010/07/28/juan-francisco-allamand-y-su-experiencia-en-la-mayo-clinic/">Juan Francisco Allamand y su experiencia en Mayo Clinic</a><br />
Juan Francisco realizó su internado electivo en Trauma Surgery, una especialidad que existe hace poco en Estados Unidos y que aún no se ha establecido en nuestro país.</p>
<p style="text-align: justify;"><a title="Dr. Juan Hepp es nombrado miembro honorario de la European Surgical Association" rel="bookmark" href="http://medicina.udd.cl/medicina-santiago/2010/07/05/dr-juan-hepp-es-nombrado-miembro-honorario-de-la-european-surgical-association/">Dr. Juan Hepp es nombrado miembro honorario de la European Surgical Association</a><br />
El profesor es el primer cirujano chileno y segundo sudamericano elegido para formar parte de este selecto grupo.</p>
<p style="text-align: justify;"><a title="Internado electivo internacional que deja huella" rel="bookmark" href="http://medicina.udd.cl/medicina-santiago/2010/06/22/felipe-teran-realizo-internado-electivo-en-minnesota/">Internado electivo internacional que deja huella</a><br />
El alumno de séptimo año, Felipe Terán, realizó su internado en el Regions Hospital de Saint Paul, Minnesota. Además, presentó un caso clínico que se publicó en la página web de la American Thorax Society (ATS).</p>
