{"id":868,"date":"2013-07-15T12:09:56","date_gmt":"2013-07-15T16:09:56","guid":{"rendered":"http:\/\/medicina.udd.cl\/instituto-ciencias\/"},"modified":"2013-07-15T12:09:56","modified_gmt":"2013-07-15T16:09:56","slug":"david-contador","status":"publish","type":"page","link":"https:\/\/medicina.udd.cl\/centro-medicina-regenerativa\/david-contador\/","title":{"rendered":"David Contador"},"content":{"rendered":"<p><strong><a href=\"http:\/\/medicina.udd.cl\/instituto-ciencias\/files\/2010\/06\/David-Contador.jpg\"><img loading=\"lazy\" decoding=\"async\" class=\"aligncenter size-thumbnail wp-image-88\" title=\"David Contador\" src=\"http:\/\/medicina.udd.cl\/instituto-ciencias\/files\/2010\/06\/David-Contador-150x150.jpg\" alt=\"\" width=\"150\" height=\"150\" srcset=\"https:\/\/medicina.udd.cl\/centro-medicina-regenerativa\/files\/2010\/06\/David-Contador-150x150.jpg 150w, https:\/\/medicina.udd.cl\/centro-medicina-regenerativa\/files\/2010\/06\/David-Contador-62x62.jpg 62w, https:\/\/medicina.udd.cl\/centro-medicina-regenerativa\/files\/2010\/06\/David-Contador-300x300.jpg 300w, https:\/\/medicina.udd.cl\/centro-medicina-regenerativa\/files\/2010\/06\/David-Contador-126x126.jpg 126w\" sizes=\"auto, (max-width: 150px) 100vw, 150px\" \/><\/a><\/strong><\/p>\n<p><strong>Grados y t\u00edtulos<\/strong><\/p>\n<ul>\n<li>Doctor en Biotecnolog\u00eda, Universidad Andr\u00e9s Bello (2006-2012)<\/li>\n<li>Licenciatura en Bioqu\u00edmica\u00a0 Faculta de Ciencias. Universidad Austral de Chile (1994-2000).<\/li>\n<li>Bioqu\u00edmico. Faculta de Ciencias. Universidad Austral de Chile (1994-2003)<\/li>\n<\/ul>\n<p><strong>Cargo actual<\/strong><\/p>\n<ul>\n<li>Investigador y docente, Instituto de Ciencias, Facultad de Medicina Cl\u00ednica Alemana Universidad del Desarrollo<\/li>\n<\/ul>\n<p><strong>Cargo anterior<\/strong><\/p>\n<ul>\n<li>Investigador Asociado. Unidad de Bioqu\u00edmica Celular y Gen\u00e9tica. Pontificia Universidad Cat\u00f3lica de Chile<\/li>\n<\/ul>\n<p><strong>Patentes<\/strong><\/p>\n<ul>\n<li>Conget P y Contador D. \u201cUso de una combinaci\u00f3n de glucocorticoide y una tiazolinediona para inducir diferenciaci\u00f3n adipog\u00e9nica de c\u00e9lulas madre de mam\u00edferos CL02642 (publicada en diario oficial).<\/li>\n<\/ul>\n","protected":false},"excerpt":{"rendered":"<p>Grados y t\u00edtulos Doctor en Biotecnolog\u00eda, Universidad Andr\u00e9s Bello (2006-2012) Licenciatura en Bioqu\u00edmica\u00a0 Faculta de Ciencias. Universidad Austral de Chile (1994-2000). Bioqu\u00edmico. Faculta de Ciencias. Universidad Austral de Chile (1994-2003) Cargo actual Investigador y docente, Instituto de Ciencias, Facultad de Medicina Cl\u00ednica Alemana Universidad del Desarrollo Cargo anterior Investigador Asociado. Unidad de Bioqu\u00edmica Celular y [&hellip;]<\/p>\n","protected":false},"author":1,"featured_media":0,"parent":0,"menu_order":0,"comment_status":"open","ping_status":"open","template":"wide-default.php","meta":{"footnotes":""},"class_list":["post-868","page","type-page","status-publish","hentry"],"yoast_head":"<!-- This site is optimized with the Yoast SEO plugin v26.9 - https:\/\/yoast.com\/product\/yoast-seo-wordpress\/ -->\n<title>David Contador - Centro de Medicina Regenerativa<\/title>\n<meta name=\"robots\" content=\"index, follow, max-snippet:-1, max-image-preview:large, max-video-preview:-1\" \/>\n<link rel=\"canonical\" href=\"https:\/\/medicina.udd.cl\/centro-medicina-regenerativa\/david-contador\/\" \/>\n<meta property=\"og:locale\" content=\"es_ES\" \/>\n<meta property=\"og:type\" content=\"article\" \/>\n<meta property=\"og:title\" content=\"David Contador - Centro de Medicina Regenerativa\" \/>\n<meta property=\"og:description\" content=\"Grados y t\u00edtulos Doctor en Biotecnolog\u00eda, Universidad Andr\u00e9s Bello (2006-2012) Licenciatura en Bioqu\u00edmica\u00a0 Faculta de Ciencias. Universidad Austral de Chile (1994-2000). Bioqu\u00edmico. Faculta de Ciencias. Universidad Austral de Chile (1994-2003) Cargo actual Investigador y docente, Instituto de Ciencias, Facultad de Medicina Cl\u00ednica Alemana Universidad del Desarrollo Cargo anterior Investigador Asociado. Unidad de Bioqu\u00edmica Celular y [&hellip;]\" \/>\n<meta property=\"og:url\" content=\"https:\/\/medicina.udd.cl\/centro-medicina-regenerativa\/david-contador\/\" \/>\n<meta property=\"og:site_name\" content=\"Centro de Medicina Regenerativa\" \/>\n<meta property=\"og:image\" content=\"http:\/\/medicina.udd.cl\/instituto-ciencias\/files\/2010\/06\/David-Contador-150x150.jpg\" \/>\n<meta name=\"twitter:label1\" content=\"Tiempo de lectura\" \/>\n\t<meta name=\"twitter:data1\" content=\"1 minuto\" \/>\n<script type=\"application\/ld+json\" class=\"yoast-schema-graph\">{\"@context\":\"https:\/\/schema.org\",\"@graph\":[{\"@type\":\"WebPage\",\"@id\":\"https:\/\/medicina.udd.cl\/centro-medicina-regenerativa\/david-contador\/\",\"url\":\"https:\/\/medicina.udd.cl\/centro-medicina-regenerativa\/david-contador\/\",\"name\":\"David Contador - Centro de Medicina Regenerativa\",\"isPartOf\":{\"@id\":\"https:\/\/medicina.udd.cl\/centro-medicina-regenerativa\/#website\"},\"primaryImageOfPage\":{\"@id\":\"https:\/\/medicina.udd.cl\/centro-medicina-regenerativa\/david-contador\/#primaryimage\"},\"image\":{\"@id\":\"https:\/\/medicina.udd.cl\/centro-medicina-regenerativa\/david-contador\/#primaryimage\"},\"thumbnailUrl\":\"http:\/\/medicina.udd.cl\/instituto-ciencias\/files\/2010\/06\/David-Contador-150x150.jpg\",\"datePublished\":\"2013-07-15T16:09:56+00:00\",\"breadcrumb\":{\"@id\":\"https:\/\/medicina.udd.cl\/centro-medicina-regenerativa\/david-contador\/#breadcrumb\"},\"inLanguage\":\"es\",\"potentialAction\":[{\"@type\":\"ReadAction\",\"target\":[\"https:\/\/medicina.udd.cl\/centro-medicina-regenerativa\/david-contador\/\"]}]},{\"@type\":\"ImageObject\",\"inLanguage\":\"es\",\"@id\":\"https:\/\/medicina.udd.cl\/centro-medicina-regenerativa\/david-contador\/#primaryimage\",\"url\":\"http:\/\/medicina.udd.cl\/instituto-ciencias\/files\/2010\/06\/David-Contador-150x150.jpg\",\"contentUrl\":\"http:\/\/medicina.udd.cl\/instituto-ciencias\/files\/2010\/06\/David-Contador-150x150.jpg\"},{\"@type\":\"BreadcrumbList\",\"@id\":\"https:\/\/medicina.udd.cl\/centro-medicina-regenerativa\/david-contador\/#breadcrumb\",\"itemListElement\":[{\"@type\":\"ListItem\",\"position\":1,\"name\":\"Inicio\",\"item\":\"https:\/\/medicina.udd.cl\/centro-medicina-regenerativa\/\"},{\"@type\":\"ListItem\",\"position\":2,\"name\":\"David Contador\"}]},{\"@type\":\"WebSite\",\"@id\":\"https:\/\/medicina.udd.cl\/centro-medicina-regenerativa\/#website\",\"url\":\"https:\/\/medicina.udd.cl\/centro-medicina-regenerativa\/\",\"name\":\"Centro de Medicina Regenerativa\",\"description\":\"\",\"inLanguage\":\"es\"}]}<\/script>\n<!-- \/ Yoast SEO plugin. -->","yoast_head_json":{"title":"David Contador - Centro de Medicina Regenerativa","robots":{"index":"index","follow":"follow","max-snippet":"max-snippet:-1","max-image-preview":"max-image-preview:large","max-video-preview":"max-video-preview:-1"},"canonical":"https:\/\/medicina.udd.cl\/centro-medicina-regenerativa\/david-contador\/","og_locale":"es_ES","og_type":"article","og_title":"David Contador - Centro de Medicina Regenerativa","og_description":"Grados y t\u00edtulos Doctor en Biotecnolog\u00eda, Universidad Andr\u00e9s Bello (2006-2012) Licenciatura en Bioqu\u00edmica\u00a0 Faculta de Ciencias. Universidad Austral de Chile (1994-2000). Bioqu\u00edmico. Faculta de Ciencias. Universidad Austral de Chile (1994-2003) Cargo actual Investigador y docente, Instituto de Ciencias, Facultad de Medicina Cl\u00ednica Alemana Universidad del Desarrollo Cargo anterior Investigador Asociado. Unidad de Bioqu\u00edmica Celular y [&hellip;]","og_url":"https:\/\/medicina.udd.cl\/centro-medicina-regenerativa\/david-contador\/","og_site_name":"Centro de Medicina Regenerativa","og_image":[{"url":"http:\/\/medicina.udd.cl\/instituto-ciencias\/files\/2010\/06\/David-Contador-150x150.jpg","type":"","width":"","height":""}],"twitter_misc":{"Tiempo de lectura":"1 minuto"},"schema":{"@context":"https:\/\/schema.org","@graph":[{"@type":"WebPage","@id":"https:\/\/medicina.udd.cl\/centro-medicina-regenerativa\/david-contador\/","url":"https:\/\/medicina.udd.cl\/centro-medicina-regenerativa\/david-contador\/","name":"David Contador - Centro de Medicina Regenerativa","isPartOf":{"@id":"https:\/\/medicina.udd.cl\/centro-medicina-regenerativa\/#website"},"primaryImageOfPage":{"@id":"https:\/\/medicina.udd.cl\/centro-medicina-regenerativa\/david-contador\/#primaryimage"},"image":{"@id":"https:\/\/medicina.udd.cl\/centro-medicina-regenerativa\/david-contador\/#primaryimage"},"thumbnailUrl":"http:\/\/medicina.udd.cl\/instituto-ciencias\/files\/2010\/06\/David-Contador-150x150.jpg","datePublished":"2013-07-15T16:09:56+00:00","breadcrumb":{"@id":"https:\/\/medicina.udd.cl\/centro-medicina-regenerativa\/david-contador\/#breadcrumb"},"inLanguage":"es","potentialAction":[{"@type":"ReadAction","target":["https:\/\/medicina.udd.cl\/centro-medicina-regenerativa\/david-contador\/"]}]},{"@type":"ImageObject","inLanguage":"es","@id":"https:\/\/medicina.udd.cl\/centro-medicina-regenerativa\/david-contador\/#primaryimage","url":"http:\/\/medicina.udd.cl\/instituto-ciencias\/files\/2010\/06\/David-Contador-150x150.jpg","contentUrl":"http:\/\/medicina.udd.cl\/instituto-ciencias\/files\/2010\/06\/David-Contador-150x150.jpg"},{"@type":"BreadcrumbList","@id":"https:\/\/medicina.udd.cl\/centro-medicina-regenerativa\/david-contador\/#breadcrumb","itemListElement":[{"@type":"ListItem","position":1,"name":"Inicio","item":"https:\/\/medicina.udd.cl\/centro-medicina-regenerativa\/"},{"@type":"ListItem","position":2,"name":"David Contador"}]},{"@type":"WebSite","@id":"https:\/\/medicina.udd.cl\/centro-medicina-regenerativa\/#website","url":"https:\/\/medicina.udd.cl\/centro-medicina-regenerativa\/","name":"Centro de Medicina Regenerativa","description":"","inLanguage":"es"}]}},"_links":{"self":[{"href":"https:\/\/medicina.udd.cl\/centro-medicina-regenerativa\/wp-json\/wp\/v2\/pages\/868","targetHints":{"allow":["GET"]}}],"collection":[{"href":"https:\/\/medicina.udd.cl\/centro-medicina-regenerativa\/wp-json\/wp\/v2\/pages"}],"about":[{"href":"https:\/\/medicina.udd.cl\/centro-medicina-regenerativa\/wp-json\/wp\/v2\/types\/page"}],"author":[{"embeddable":true,"href":"https:\/\/medicina.udd.cl\/centro-medicina-regenerativa\/wp-json\/wp\/v2\/users\/1"}],"replies":[{"embeddable":true,"href":"https:\/\/medicina.udd.cl\/centro-medicina-regenerativa\/wp-json\/wp\/v2\/comments?post=868"}],"version-history":[{"count":3,"href":"https:\/\/medicina.udd.cl\/centro-medicina-regenerativa\/wp-json\/wp\/v2\/pages\/868\/revisions"}],"predecessor-version":[{"id":1056,"href":"https:\/\/medicina.udd.cl\/centro-medicina-regenerativa\/wp-json\/wp\/v2\/pages\/868\/revisions\/1056"}],"wp:attachment":[{"href":"https:\/\/medicina.udd.cl\/centro-medicina-regenerativa\/wp-json\/wp\/v2\/media?parent=868"}],"curies":[{"name":"wp","href":"https:\/\/api.w.org\/{rel}","templated":true}]}}

<p><strong><a href="http://medicina.udd.cl/instituto-ciencias/files/2010/06/David-Contador.jpg"><img loading="lazy" decoding="async" class="aligncenter size-thumbnail wp-image-88" title="David Contador" src="http://medicina.udd.cl/instituto-ciencias/files/2010/06/David-Contador-150x150.jpg" alt="" width="150" height="150" srcset="https://medicina.udd.cl/centro-medicina-regenerativa/files/2010/06/David-Contador-150x150.jpg 150w, https://medicina.udd.cl/centro-medicina-regenerativa/files/2010/06/David-Contador-62x62.jpg 62w, https://medicina.udd.cl/centro-medicina-regenerativa/files/2010/06/David-Contador-300x300.jpg 300w, https://medicina.udd.cl/centro-medicina-regenerativa/files/2010/06/David-Contador-126x126.jpg 126w" sizes="auto, (max-width: 150px) 100vw, 150px" /></a></strong></p>
<p><strong>Grados y títulos</strong></p>
<ul>
<li>Doctor en Biotecnología, Universidad Andrés Bello (2006-2012)</li>
<li>Licenciatura en Bioquímica  Faculta de Ciencias. Universidad Austral de Chile (1994-2000).</li>
<li>Bioquímico. Faculta de Ciencias. Universidad Austral de Chile (1994-2003)</li>
</ul>
<p><strong>Cargo actual</strong></p>
<ul>
<li>Investigador y docente, Instituto de Ciencias, Facultad de Medicina Clínica Alemana Universidad del Desarrollo</li>
</ul>
<p><strong>Cargo anterior</strong></p>
<ul>
<li>Investigador Asociado. Unidad de Bioquímica Celular y Genética. Pontificia Universidad Católica de Chile</li>
</ul>
<p><strong>Patentes</strong></p>
<ul>
<li>Conget P y Contador D. “Uso de una combinación de glucocorticoide y una tiazolinediona para inducir diferenciación adipogénica de células madre de mamíferos CL02642 (publicada en diario oficial).</li>
</ul>

<p>Grados y títulos Doctor en Biotecnología, Universidad Andrés Bello (2006-2012) Licenciatura en Bioquímica  Faculta de Ciencias. Universidad Austral de Chile (1994-2000). Bioquímico. Faculta de Ciencias. Universidad Austral de Chile (1994-2003) Cargo actual Investigador y docente, Instituto de Ciencias, Facultad de Medicina Clínica Alemana Universidad del Desarrollo Cargo anterior Investigador Asociado. Unidad de Bioquímica Celular y [&hellip;]</p>

<!-- This site is optimized with the Yoast SEO plugin v26.9 - https://yoast.com/product/yoast-seo-wordpress/ -->
<title>David Contador - Centro de Medicina Regenerativa</title>
<meta name="robots" content="index, follow, max-snippet:-1, max-image-preview:large, max-video-preview:-1" />
<link rel="canonical" href="https://medicina.udd.cl/centro-medicina-regenerativa/david-contador/" />
<meta property="og:locale" content="es_ES" />
<meta property="og:type" content="article" />
<meta property="og:title" content="David Contador - Centro de Medicina Regenerativa" />
<meta property="og:description" content="Grados y títulos Doctor en Biotecnología, Universidad Andrés Bello (2006-2012) Licenciatura en Bioquímica  Faculta de Ciencias. Universidad Austral de Chile (1994-2000). Bioquímico. Faculta de Ciencias. Universidad Austral de Chile (1994-2003) Cargo actual Investigador y docente, Instituto de Ciencias, Facultad de Medicina Clínica Alemana Universidad del Desarrollo Cargo anterior Investigador Asociado. Unidad de Bioquímica Celular y [&hellip;]" />
<meta property="og:url" content="https://medicina.udd.cl/centro-medicina-regenerativa/david-contador/" />
<meta property="og:site_name" content="Centro de Medicina Regenerativa" />
<meta property="og:image" content="http://medicina.udd.cl/instituto-ciencias/files/2010/06/David-Contador-150x150.jpg" />
<meta name="twitter:label1" content="Tiempo de lectura" />
	<meta name="twitter:data1" content="1 minuto" />
<script type="application/ld+json" class="yoast-schema-graph">{"@context":"https://schema.org","@graph":[{"@type":"WebPage","@id":"https://medicina.udd.cl/centro-medicina-regenerativa/david-contador/","url":"https://medicina.udd.cl/centro-medicina-regenerativa/david-contador/","name":"David Contador - Centro de Medicina Regenerativa","isPartOf":{"@id":"https://medicina.udd.cl/centro-medicina-regenerativa/#website"},"primaryImageOfPage":{"@id":"https://medicina.udd.cl/centro-medicina-regenerativa/david-contador/#primaryimage"},"image":{"@id":"https://medicina.udd.cl/centro-medicina-regenerativa/david-contador/#primaryimage"},"thumbnailUrl":"http://medicina.udd.cl/instituto-ciencias/files/2010/06/David-Contador-150x150.jpg","datePublished":"2013-07-15T16:09:56+00:00","breadcrumb":{"@id":"https://medicina.udd.cl/centro-medicina-regenerativa/david-contador/#breadcrumb"},"inLanguage":"es","potentialAction":[{"@type":"ReadAction","target":["https://medicina.udd.cl/centro-medicina-regenerativa/david-contador/"]}]},{"@type":"ImageObject","inLanguage":"es","@id":"https://medicina.udd.cl/centro-medicina-regenerativa/david-contador/#primaryimage","url":"http://medicina.udd.cl/instituto-ciencias/files/2010/06/David-Contador-150x150.jpg","contentUrl":"http://medicina.udd.cl/instituto-ciencias/files/2010/06/David-Contador-150x150.jpg"},{"@type":"BreadcrumbList","@id":"https://medicina.udd.cl/centro-medicina-regenerativa/david-contador/#breadcrumb","itemListElement":[{"@type":"ListItem","position":1,"name":"Inicio","item":"https://medicina.udd.cl/centro-medicina-regenerativa/"},{"@type":"ListItem","position":2,"name":"David Contador"}]},{"@type":"WebSite","@id":"https://medicina.udd.cl/centro-medicina-regenerativa/#website","url":"https://medicina.udd.cl/centro-medicina-regenerativa/","name":"Centro de Medicina Regenerativa","description":"","inLanguage":"es"}]}</script>
<!-- / Yoast SEO plugin. -->

Grados y títulos Doctor en Biotecnología, Universidad Andrés Bello (2006-2012) Licenciatura en Bioquímica  Faculta de Ciencias. Universidad Austral de Chile (1994-2000). Bioquímico. Faculta de Ciencias. Universidad Austral de Chile (1994-2003) Cargo actual Investigador y docente, Instituto de Ciencias, Facultad de Medicina Clínica Alemana Universidad del Desarrollo Cargo anterior Investigador Asociado. Unidad de Bioquímica Celular y [&hellip;]
