{"id":2905,"date":"2020-06-25T19:21:16","date_gmt":"2020-06-25T23:21:16","guid":{"rendered":"http:\/\/medicina.udd.cl\/centro-medicina-regenerativa\/?post_type=person&#038;p=2905"},"modified":"2021-04-26T12:40:55","modified_gmt":"2021-04-26T16:40:55","slug":"orlando-ramirez","status":"publish","type":"person","link":"https:\/\/medicina.udd.cl\/centro-medicina-regenerativa\/persona\/orlando-ramirez\/","title":{"rendered":"Orlando  Ram\u00edrez"},"featured_media":2906,"template":"","people_tax":[4037],"people_areas":[],"people_levels":[],"class_list":["post-2905","person","type-person","status-publish","has-post-thumbnail","hentry","people_tax-equipo","people_list-centro-de-medicina-regenerativa"],"yoast_head":"<!-- This site is optimized with the Yoast SEO plugin v26.9 - https:\/\/yoast.com\/product\/yoast-seo-wordpress\/ -->\n<title>Orlando Ram\u00edrez - Centro de Medicina Regenerativa<\/title>\n<meta name=\"robots\" content=\"index, follow, max-snippet:-1, max-image-preview:large, max-video-preview:-1\" \/>\n<link rel=\"canonical\" href=\"https:\/\/medicina.udd.cl\/centro-medicina-regenerativa\/persona\/orlando-ramirez\/\" \/>\n<meta property=\"og:locale\" content=\"es_ES\" \/>\n<meta property=\"og:type\" content=\"article\" \/>\n<meta property=\"og:title\" content=\"Orlando Ram\u00edrez - Centro de Medicina Regenerativa\" \/>\n<meta property=\"og:url\" content=\"https:\/\/medicina.udd.cl\/centro-medicina-regenerativa\/persona\/orlando-ramirez\/\" \/>\n<meta property=\"og:site_name\" content=\"Centro de Medicina Regenerativa\" \/>\n<meta property=\"article:modified_time\" content=\"2021-04-26T16:40:55+00:00\" \/>\n<meta property=\"og:image\" content=\"https:\/\/medicina.udd.cl\/centro-medicina-regenerativa\/files\/2020\/06\/Orlando-Ram\u00edrez-2019.jpeg\" \/>\n\t<meta property=\"og:image:width\" content=\"960\" \/>\n\t<meta property=\"og:image:height\" content=\"1280\" \/>\n\t<meta property=\"og:image:type\" content=\"image\/jpeg\" \/>\n<script type=\"application\/ld+json\" class=\"yoast-schema-graph\">{\"@context\":\"https:\/\/schema.org\",\"@graph\":[{\"@type\":\"WebPage\",\"@id\":\"https:\/\/medicina.udd.cl\/centro-medicina-regenerativa\/persona\/orlando-ramirez\/\",\"url\":\"https:\/\/medicina.udd.cl\/centro-medicina-regenerativa\/persona\/orlando-ramirez\/\",\"name\":\"Orlando Ram\u00edrez - Centro de Medicina Regenerativa\",\"isPartOf\":{\"@id\":\"https:\/\/medicina.udd.cl\/centro-medicina-regenerativa\/#website\"},\"primaryImageOfPage\":{\"@id\":\"https:\/\/medicina.udd.cl\/centro-medicina-regenerativa\/persona\/orlando-ramirez\/#primaryimage\"},\"image\":{\"@id\":\"https:\/\/medicina.udd.cl\/centro-medicina-regenerativa\/persona\/orlando-ramirez\/#primaryimage\"},\"thumbnailUrl\":\"https:\/\/medicina.udd.cl\/centro-medicina-regenerativa\/files\/2020\/06\/Orlando-Ram\u00edrez-2019.jpeg\",\"datePublished\":\"2020-06-25T23:21:16+00:00\",\"dateModified\":\"2021-04-26T16:40:55+00:00\",\"breadcrumb\":{\"@id\":\"https:\/\/medicina.udd.cl\/centro-medicina-regenerativa\/persona\/orlando-ramirez\/#breadcrumb\"},\"inLanguage\":\"es\",\"potentialAction\":[{\"@type\":\"ReadAction\",\"target\":[\"https:\/\/medicina.udd.cl\/centro-medicina-regenerativa\/persona\/orlando-ramirez\/\"]}]},{\"@type\":\"ImageObject\",\"inLanguage\":\"es\",\"@id\":\"https:\/\/medicina.udd.cl\/centro-medicina-regenerativa\/persona\/orlando-ramirez\/#primaryimage\",\"url\":\"https:\/\/medicina.udd.cl\/centro-medicina-regenerativa\/files\/2020\/06\/Orlando-Ram\u00edrez-2019.jpeg\",\"contentUrl\":\"https:\/\/medicina.udd.cl\/centro-medicina-regenerativa\/files\/2020\/06\/Orlando-Ram\u00edrez-2019.jpeg\",\"width\":960,\"height\":1280},{\"@type\":\"BreadcrumbList\",\"@id\":\"https:\/\/medicina.udd.cl\/centro-medicina-regenerativa\/persona\/orlando-ramirez\/#breadcrumb\",\"itemListElement\":[{\"@type\":\"ListItem\",\"position\":1,\"name\":\"Inicio\",\"item\":\"https:\/\/medicina.udd.cl\/centro-medicina-regenerativa\/\"},{\"@type\":\"ListItem\",\"position\":2,\"name\":\"Personas\",\"item\":\"https:\/\/medicina.udd.cl\/centro-medicina-regenerativa\/persona\/\"},{\"@type\":\"ListItem\",\"position\":3,\"name\":\"Orlando Ram\u00edrez\"}]},{\"@type\":\"WebSite\",\"@id\":\"https:\/\/medicina.udd.cl\/centro-medicina-regenerativa\/#website\",\"url\":\"https:\/\/medicina.udd.cl\/centro-medicina-regenerativa\/\",\"name\":\"Centro de Medicina Regenerativa\",\"description\":\"\",\"inLanguage\":\"es\"}]}<\/script>\n<!-- \/ Yoast SEO plugin. -->","yoast_head_json":{"title":"Orlando Ram\u00edrez - Centro de Medicina Regenerativa","robots":{"index":"index","follow":"follow","max-snippet":"max-snippet:-1","max-image-preview":"max-image-preview:large","max-video-preview":"max-video-preview:-1"},"canonical":"https:\/\/medicina.udd.cl\/centro-medicina-regenerativa\/persona\/orlando-ramirez\/","og_locale":"es_ES","og_type":"article","og_title":"Orlando Ram\u00edrez - Centro de Medicina Regenerativa","og_url":"https:\/\/medicina.udd.cl\/centro-medicina-regenerativa\/persona\/orlando-ramirez\/","og_site_name":"Centro de Medicina Regenerativa","article_modified_time":"2021-04-26T16:40:55+00:00","og_image":[{"width":960,"height":1280,"url":"https:\/\/medicina.udd.cl\/centro-medicina-regenerativa\/files\/2020\/06\/Orlando-Ram\u00edrez-2019.jpeg","type":"image\/jpeg"}],"schema":{"@context":"https:\/\/schema.org","@graph":[{"@type":"WebPage","@id":"https:\/\/medicina.udd.cl\/centro-medicina-regenerativa\/persona\/orlando-ramirez\/","url":"https:\/\/medicina.udd.cl\/centro-medicina-regenerativa\/persona\/orlando-ramirez\/","name":"Orlando Ram\u00edrez - Centro de Medicina Regenerativa","isPartOf":{"@id":"https:\/\/medicina.udd.cl\/centro-medicina-regenerativa\/#website"},"primaryImageOfPage":{"@id":"https:\/\/medicina.udd.cl\/centro-medicina-regenerativa\/persona\/orlando-ramirez\/#primaryimage"},"image":{"@id":"https:\/\/medicina.udd.cl\/centro-medicina-regenerativa\/persona\/orlando-ramirez\/#primaryimage"},"thumbnailUrl":"https:\/\/medicina.udd.cl\/centro-medicina-regenerativa\/files\/2020\/06\/Orlando-Ram\u00edrez-2019.jpeg","datePublished":"2020-06-25T23:21:16+00:00","dateModified":"2021-04-26T16:40:55+00:00","breadcrumb":{"@id":"https:\/\/medicina.udd.cl\/centro-medicina-regenerativa\/persona\/orlando-ramirez\/#breadcrumb"},"inLanguage":"es","potentialAction":[{"@type":"ReadAction","target":["https:\/\/medicina.udd.cl\/centro-medicina-regenerativa\/persona\/orlando-ramirez\/"]}]},{"@type":"ImageObject","inLanguage":"es","@id":"https:\/\/medicina.udd.cl\/centro-medicina-regenerativa\/persona\/orlando-ramirez\/#primaryimage","url":"https:\/\/medicina.udd.cl\/centro-medicina-regenerativa\/files\/2020\/06\/Orlando-Ram\u00edrez-2019.jpeg","contentUrl":"https:\/\/medicina.udd.cl\/centro-medicina-regenerativa\/files\/2020\/06\/Orlando-Ram\u00edrez-2019.jpeg","width":960,"height":1280},{"@type":"BreadcrumbList","@id":"https:\/\/medicina.udd.cl\/centro-medicina-regenerativa\/persona\/orlando-ramirez\/#breadcrumb","itemListElement":[{"@type":"ListItem","position":1,"name":"Inicio","item":"https:\/\/medicina.udd.cl\/centro-medicina-regenerativa\/"},{"@type":"ListItem","position":2,"name":"Personas","item":"https:\/\/medicina.udd.cl\/centro-medicina-regenerativa\/persona\/"},{"@type":"ListItem","position":3,"name":"Orlando Ram\u00edrez"}]},{"@type":"WebSite","@id":"https:\/\/medicina.udd.cl\/centro-medicina-regenerativa\/#website","url":"https:\/\/medicina.udd.cl\/centro-medicina-regenerativa\/","name":"Centro de Medicina Regenerativa","description":"","inLanguage":"es"}]}},"label":"Orlando  Ram\u00edrez","role":"Estudiante de Doctorado (UDD)","thumbnail_url":"https:\/\/medicina.udd.cl\/centro-medicina-regenerativa\/files\/2020\/06\/Orlando-Ram\u00edrez-2019.jpeg","email":"","tel_job":"","content":{"rendered":"<div class=\"person-modal person-modal--scl\">\n\t<header class=\"person-modal__header\">\n\t\t<div class=\"person-modal__bg\"><\/div>\n\t\t<div class=\"modal-container\">\n\t\t\t\t\t\t<div class=\"person-modal__media\">\n\t\t\t\t<img width=\"375\" height=\"500\" src=\"https:\/\/medicina.udd.cl\/centro-medicina-regenerativa\/files\/2020\/06\/Orlando-Ram\u00edrez-2019-62x62.jpeg\" class=\"person-modal__image wp-post-image lazyload\" alt=\"\" decoding=\"async\" loading=\"lazy\" sizes=\"auto, (max-width: 375px) 100vw, 375px\" data-src=\"https:\/\/medicina.udd.cl\/centro-medicina-regenerativa\/files\/2020\/06\/Orlando-Ram\u00edrez-2019.jpeg\" data-srcset=\"https:\/\/medicina.udd.cl\/centro-medicina-regenerativa\/files\/2020\/06\/Orlando-Ram\u00edrez-2019.jpeg 960w, https:\/\/medicina.udd.cl\/centro-medicina-regenerativa\/files\/2020\/06\/Orlando-Ram\u00edrez-2019-225x300.jpeg 225w, https:\/\/medicina.udd.cl\/centro-medicina-regenerativa\/files\/2020\/06\/Orlando-Ram\u00edrez-2019-768x1024.jpeg 768w, https:\/\/medicina.udd.cl\/centro-medicina-regenerativa\/files\/2020\/06\/Orlando-Ram\u00edrez-2019-720x960.jpeg 720w\" \/>\t\t\t<\/div>\n\t\t\t\t\t\t<div class=\"person-modal__data\">\n\t\t\t\t<h1 class=\"person-modal__name\">Orlando  Ram\u00edrez<\/h1>\n\t\t\t\t\t\t\t<span class=\"person-modal__description\">Estudiante de Doctorado (UDD)<\/span>\n\t\t\t\t\t\t\t\t\t\t\t\t\t\t\t<\/div>\n\t\t<\/div>\n\t<\/header>\n\t<div class=\"modal-container\">\n\t\t\t<div class=\"person-modal__content text\">\n\t\t\t\t\t<p>Estudiante del Doctorado en Ciencias e Innovaci\u00f3n en Medicina UDD<\/p>\n\t\t\t\t\t\t\t\t\t\t\t\t<\/div>\n\t<\/div>\n<\/div>\n"},"identifier":"76d934a21a1d5cb153962e4f584d25934faf0fde","has_credential":[],"given_name":"Orlando ","family_name":"Ram\u00edrez","name":"Orlando  Ram\u00edrez","job_title":"Estudiante de Doctorado (UDD)","telephone":"","note":"Estudiante del Doctorado en Ciencias e Innovaci\u00f3n en Medicina UDD","im":"","_self_schedule":null,"_links":{"self":[{"href":"https:\/\/medicina.udd.cl\/centro-medicina-regenerativa\/wp-json\/wp\/v2\/people\/2905","targetHints":{"allow":["GET"]}}],"collection":[{"href":"https:\/\/medicina.udd.cl\/centro-medicina-regenerativa\/wp-json\/wp\/v2\/people"}],"about":[{"href":"https:\/\/medicina.udd.cl\/centro-medicina-regenerativa\/wp-json\/wp\/v2\/types\/person"}],"wp:featuredmedia":[{"embeddable":true,"href":"https:\/\/medicina.udd.cl\/centro-medicina-regenerativa\/wp-json\/wp\/v2\/media\/2906"}],"wp:attachment":[{"href":"https:\/\/medicina.udd.cl\/centro-medicina-regenerativa\/wp-json\/wp\/v2\/media?parent=2905"}],"wp:term":[{"taxonomy":"people_tax","embeddable":true,"href":"https:\/\/medicina.udd.cl\/centro-medicina-regenerativa\/wp-json\/wp\/v2\/people_tax?post=2905"},{"taxonomy":"people_areas","embeddable":true,"href":"https:\/\/medicina.udd.cl\/centro-medicina-regenerativa\/wp-json\/wp\/v2\/people_areas?post=2905"},{"taxonomy":"people_levels","embeddable":true,"href":"https:\/\/medicina.udd.cl\/centro-medicina-regenerativa\/wp-json\/wp\/v2\/people_levels?post=2905"}],"curies":[{"name":"wp","href":"https:\/\/api.w.org\/{rel}","templated":true}]}}

Orlando  Ramírez

<!-- This site is optimized with the Yoast SEO plugin v26.9 - https://yoast.com/product/yoast-seo-wordpress/ -->
<title>Orlando Ramírez - Centro de Medicina Regenerativa</title>
<meta name="robots" content="index, follow, max-snippet:-1, max-image-preview:large, max-video-preview:-1" />
<link rel="canonical" href="https://medicina.udd.cl/centro-medicina-regenerativa/persona/orlando-ramirez/" />
<meta property="og:locale" content="es_ES" />
<meta property="og:type" content="article" />
<meta property="og:title" content="Orlando Ramírez - Centro de Medicina Regenerativa" />
<meta property="og:url" content="https://medicina.udd.cl/centro-medicina-regenerativa/persona/orlando-ramirez/" />
<meta property="og:site_name" content="Centro de Medicina Regenerativa" />
<meta property="article:modified_time" content="2021-04-26T16:40:55+00:00" />
<meta property="og:image" content="https://medicina.udd.cl/centro-medicina-regenerativa/files/2020/06/Orlando-Ramírez-2019.jpeg" />
	<meta property="og:image:width" content="960" />
	<meta property="og:image:height" content="1280" />
	<meta property="og:image:type" content="image/jpeg" />
<script type="application/ld+json" class="yoast-schema-graph">{"@context":"https://schema.org","@graph":[{"@type":"WebPage","@id":"https://medicina.udd.cl/centro-medicina-regenerativa/persona/orlando-ramirez/","url":"https://medicina.udd.cl/centro-medicina-regenerativa/persona/orlando-ramirez/","name":"Orlando Ramírez - Centro de Medicina Regenerativa","isPartOf":{"@id":"https://medicina.udd.cl/centro-medicina-regenerativa/#website"},"primaryImageOfPage":{"@id":"https://medicina.udd.cl/centro-medicina-regenerativa/persona/orlando-ramirez/#primaryimage"},"image":{"@id":"https://medicina.udd.cl/centro-medicina-regenerativa/persona/orlando-ramirez/#primaryimage"},"thumbnailUrl":"https://medicina.udd.cl/centro-medicina-regenerativa/files/2020/06/Orlando-Ramírez-2019.jpeg","datePublished":"2020-06-25T23:21:16+00:00","dateModified":"2021-04-26T16:40:55+00:00","breadcrumb":{"@id":"https://medicina.udd.cl/centro-medicina-regenerativa/persona/orlando-ramirez/#breadcrumb"},"inLanguage":"es","potentialAction":[{"@type":"ReadAction","target":["https://medicina.udd.cl/centro-medicina-regenerativa/persona/orlando-ramirez/"]}]},{"@type":"ImageObject","inLanguage":"es","@id":"https://medicina.udd.cl/centro-medicina-regenerativa/persona/orlando-ramirez/#primaryimage","url":"https://medicina.udd.cl/centro-medicina-regenerativa/files/2020/06/Orlando-Ramírez-2019.jpeg","contentUrl":"https://medicina.udd.cl/centro-medicina-regenerativa/files/2020/06/Orlando-Ramírez-2019.jpeg","width":960,"height":1280},{"@type":"BreadcrumbList","@id":"https://medicina.udd.cl/centro-medicina-regenerativa/persona/orlando-ramirez/#breadcrumb","itemListElement":[{"@type":"ListItem","position":1,"name":"Inicio","item":"https://medicina.udd.cl/centro-medicina-regenerativa/"},{"@type":"ListItem","position":2,"name":"Personas","item":"https://medicina.udd.cl/centro-medicina-regenerativa/persona/"},{"@type":"ListItem","position":3,"name":"Orlando Ramírez"}]},{"@type":"WebSite","@id":"https://medicina.udd.cl/centro-medicina-regenerativa/#website","url":"https://medicina.udd.cl/centro-medicina-regenerativa/","name":"Centro de Medicina Regenerativa","description":"","inLanguage":"es"}]}</script>
<!-- / Yoast SEO plugin. -->

Orlando Ramírez - Centro de Medicina Regenerativa

https://medicina.udd.cl/centro-medicina-regenerativa/files/2020/06/Orlando-Ramírez-2019.jpeg

Orlando Ramírez

<div class="person-modal person-modal--scl">
	<header class="person-modal__header">
		<div class="person-modal__bg"></div>
		<div class="modal-container">
						<div class="person-modal__media">
				<img width="375" height="500" src="https://medicina.udd.cl/centro-medicina-regenerativa/files/2020/06/Orlando-Ramírez-2019-62x62.jpeg" class="person-modal__image wp-post-image lazyload" alt="" decoding="async" loading="lazy" sizes="auto, (max-width: 375px) 100vw, 375px" data-src="https://medicina.udd.cl/centro-medicina-regenerativa/files/2020/06/Orlando-Ramírez-2019.jpeg" data-srcset="https://medicina.udd.cl/centro-medicina-regenerativa/files/2020/06/Orlando-Ramírez-2019.jpeg 960w, https://medicina.udd.cl/centro-medicina-regenerativa/files/2020/06/Orlando-Ramírez-2019-225x300.jpeg 225w, https://medicina.udd.cl/centro-medicina-regenerativa/files/2020/06/Orlando-Ramírez-2019-768x1024.jpeg 768w, https://medicina.udd.cl/centro-medicina-regenerativa/files/2020/06/Orlando-Ramírez-2019-720x960.jpeg 720w" />			</div>
						<div class="person-modal__data">
				<h1 class="person-modal__name">Orlando  Ramírez</h1>
							<span class="person-modal__description">Estudiante de Doctorado (UDD)</span>
															</div>
		</div>
	</header>
	<div class="modal-container">
			<div class="person-modal__content text">
					<p>Estudiante del Doctorado en Ciencias e Innovación en Medicina UDD</p>
												</div>
	</div>
</div>

Ramírez

Estudiante del Doctorado en Ciencias e Innovación en Medicina UDD
