{"id":101,"date":"2013-07-27T17:52:03","date_gmt":"2013-07-27T21:52:03","guid":{"rendered":"http:\/\/medicina.udd.cl\/instituto-neurociencias-salud-mental\/?testimonial=jose-andres-silva"},"modified":"2013-07-27T17:52:03","modified_gmt":"2013-07-27T21:52:03","slug":"jose-andres-silva","status":"publish","type":"testimonial","link":"https:\/\/medicina.udd.cl\/centro-neurociencias\/testimonio\/jose-andres-silva\/","title":{"rendered":"Jos\u00e9 Andr\u00e9s Silva"},"content":{"rendered":"<p>Este es un ejemplo de los testimonios de video que los alumnos podr\u00e1n dejar en el sitio. Para borrarlo o crear otros debes ir al Herramientas >> Testimonios.<\/p>\n","protected":false},"featured_media":0,"template":"","testimonial-categories":[],"class_list":["post-101","testimonial","type-testimonial","status-publish","hentry"],"yoast_head":"<!-- This site is optimized with the Yoast SEO plugin v26.9 - https:\/\/yoast.com\/product\/yoast-seo-wordpress\/ -->\n<title>Jos\u00e9 Andr\u00e9s Silva - Centro de Neurociencias<\/title>\n<meta name=\"robots\" content=\"index, follow, max-snippet:-1, max-image-preview:large, max-video-preview:-1\" \/>\n<link rel=\"canonical\" href=\"https:\/\/medicina.udd.cl\/centro-neurociencias\/testimonio\/jose-andres-silva\/\" \/>\n<meta property=\"og:locale\" content=\"es_ES\" \/>\n<meta property=\"og:type\" content=\"article\" \/>\n<meta property=\"og:title\" content=\"Jos\u00e9 Andr\u00e9s Silva - Centro de Neurociencias\" \/>\n<meta property=\"og:description\" content=\"Este es un ejemplo de los testimonios de video que los alumnos podr\u00e1n dejar en el sitio. Para borrarlo o crear otros debes ir al Herramientas &gt;&gt; Testimonios.\" \/>\n<meta property=\"og:url\" content=\"https:\/\/medicina.udd.cl\/centro-neurociencias\/testimonio\/jose-andres-silva\/\" \/>\n<meta property=\"og:site_name\" content=\"Centro de Neurociencias\" \/>\n<script type=\"application\/ld+json\" class=\"yoast-schema-graph\">{\"@context\":\"https:\/\/schema.org\",\"@graph\":[{\"@type\":\"WebPage\",\"@id\":\"https:\/\/medicina.udd.cl\/centro-neurociencias\/testimonio\/jose-andres-silva\/\",\"url\":\"https:\/\/medicina.udd.cl\/centro-neurociencias\/testimonio\/jose-andres-silva\/\",\"name\":\"Jos\u00e9 Andr\u00e9s Silva - Centro de Neurociencias\",\"isPartOf\":{\"@id\":\"https:\/\/medicina.udd.cl\/centro-neurociencias\/#website\"},\"datePublished\":\"2013-07-27T21:52:03+00:00\",\"breadcrumb\":{\"@id\":\"https:\/\/medicina.udd.cl\/centro-neurociencias\/testimonio\/jose-andres-silva\/#breadcrumb\"},\"inLanguage\":\"es\",\"potentialAction\":[{\"@type\":\"ReadAction\",\"target\":[\"https:\/\/medicina.udd.cl\/centro-neurociencias\/testimonio\/jose-andres-silva\/\"]}]},{\"@type\":\"BreadcrumbList\",\"@id\":\"https:\/\/medicina.udd.cl\/centro-neurociencias\/testimonio\/jose-andres-silva\/#breadcrumb\",\"itemListElement\":[{\"@type\":\"ListItem\",\"position\":1,\"name\":\"Facultad de Medicina\",\"item\":\"https:\/\/medicina.udd.cl\"},{\"@type\":\"ListItem\",\"position\":2,\"name\":\"ICIM\",\"item\":\"http:\/\/medicina.udd.cl\/icim\/\"},{\"@type\":\"ListItem\",\"position\":3,\"name\":\"Centro de Neurociencias\",\"item\":\"https:\/\/medicina.udd.cl\/centro-neurociencias\"},{\"@type\":\"ListItem\",\"position\":4,\"name\":\"Testimonios\",\"item\":\"https:\/\/medicina.udd.cl\/centro-neurociencias\/testimonio\/\"},{\"@type\":\"ListItem\",\"position\":5,\"name\":\"Jos\u00e9 Andr\u00e9s Silva\"}]},{\"@type\":\"WebSite\",\"@id\":\"https:\/\/medicina.udd.cl\/centro-neurociencias\/#website\",\"url\":\"https:\/\/medicina.udd.cl\/centro-neurociencias\/\",\"name\":\"Centro de Neurociencias\",\"description\":\"Otro blog m\u00e1s de Medicina\",\"potentialAction\":[{\"@type\":\"SearchAction\",\"target\":{\"@type\":\"EntryPoint\",\"urlTemplate\":\"https:\/\/medicina.udd.cl\/centro-neurociencias\/?s={search_term_string}\"},\"query-input\":{\"@type\":\"PropertyValueSpecification\",\"valueRequired\":true,\"valueName\":\"search_term_string\"}}],\"inLanguage\":\"es\"}]}<\/script>\n<!-- \/ Yoast SEO plugin. -->","yoast_head_json":{"title":"Jos\u00e9 Andr\u00e9s Silva - Centro de Neurociencias","robots":{"index":"index","follow":"follow","max-snippet":"max-snippet:-1","max-image-preview":"max-image-preview:large","max-video-preview":"max-video-preview:-1"},"canonical":"https:\/\/medicina.udd.cl\/centro-neurociencias\/testimonio\/jose-andres-silva\/","og_locale":"es_ES","og_type":"article","og_title":"Jos\u00e9 Andr\u00e9s Silva - Centro de Neurociencias","og_description":"Este es un ejemplo de los testimonios de video que los alumnos podr\u00e1n dejar en el sitio. Para borrarlo o crear otros debes ir al Herramientas >> Testimonios.","og_url":"https:\/\/medicina.udd.cl\/centro-neurociencias\/testimonio\/jose-andres-silva\/","og_site_name":"Centro de Neurociencias","schema":{"@context":"https:\/\/schema.org","@graph":[{"@type":"WebPage","@id":"https:\/\/medicina.udd.cl\/centro-neurociencias\/testimonio\/jose-andres-silva\/","url":"https:\/\/medicina.udd.cl\/centro-neurociencias\/testimonio\/jose-andres-silva\/","name":"Jos\u00e9 Andr\u00e9s Silva - Centro de Neurociencias","isPartOf":{"@id":"https:\/\/medicina.udd.cl\/centro-neurociencias\/#website"},"datePublished":"2013-07-27T21:52:03+00:00","breadcrumb":{"@id":"https:\/\/medicina.udd.cl\/centro-neurociencias\/testimonio\/jose-andres-silva\/#breadcrumb"},"inLanguage":"es","potentialAction":[{"@type":"ReadAction","target":["https:\/\/medicina.udd.cl\/centro-neurociencias\/testimonio\/jose-andres-silva\/"]}]},{"@type":"BreadcrumbList","@id":"https:\/\/medicina.udd.cl\/centro-neurociencias\/testimonio\/jose-andres-silva\/#breadcrumb","itemListElement":[{"@type":"ListItem","position":1,"name":"Facultad de Medicina","item":"https:\/\/medicina.udd.cl"},{"@type":"ListItem","position":2,"name":"ICIM","item":"http:\/\/medicina.udd.cl\/icim\/"},{"@type":"ListItem","position":3,"name":"Centro de Neurociencias","item":"https:\/\/medicina.udd.cl\/centro-neurociencias"},{"@type":"ListItem","position":4,"name":"Testimonios","item":"https:\/\/medicina.udd.cl\/centro-neurociencias\/testimonio\/"},{"@type":"ListItem","position":5,"name":"Jos\u00e9 Andr\u00e9s Silva"}]},{"@type":"WebSite","@id":"https:\/\/medicina.udd.cl\/centro-neurociencias\/#website","url":"https:\/\/medicina.udd.cl\/centro-neurociencias\/","name":"Centro de Neurociencias","description":"Otro blog m\u00e1s de Medicina","potentialAction":[{"@type":"SearchAction","target":{"@type":"EntryPoint","urlTemplate":"https:\/\/medicina.udd.cl\/centro-neurociencias\/?s={search_term_string}"},"query-input":{"@type":"PropertyValueSpecification","valueRequired":true,"valueName":"search_term_string"}}],"inLanguage":"es"}]}},"_links":{"self":[{"href":"https:\/\/medicina.udd.cl\/centro-neurociencias\/wp-json\/wp\/v2\/testimonials\/101","targetHints":{"allow":["GET"]}}],"collection":[{"href":"https:\/\/medicina.udd.cl\/centro-neurociencias\/wp-json\/wp\/v2\/testimonials"}],"about":[{"href":"https:\/\/medicina.udd.cl\/centro-neurociencias\/wp-json\/wp\/v2\/types\/testimonial"}],"wp:attachment":[{"href":"https:\/\/medicina.udd.cl\/centro-neurociencias\/wp-json\/wp\/v2\/media?parent=101"}],"wp:term":[{"taxonomy":"testimonial_category","embeddable":true,"href":"https:\/\/medicina.udd.cl\/centro-neurociencias\/wp-json\/wp\/v2\/testimonial-categories?post=101"}],"curies":[{"name":"wp","href":"https:\/\/api.w.org\/{rel}","templated":true}]}}

José Andrés Silva

<p>Este es un ejemplo de los testimonios de video que los alumnos podrán dejar en el sitio. Para borrarlo o crear otros debes ir al Herramientas >> Testimonios.</p>

<!-- This site is optimized with the Yoast SEO plugin v26.9 - https://yoast.com/product/yoast-seo-wordpress/ -->
<title>José Andrés Silva - Centro de Neurociencias</title>
<meta name="robots" content="index, follow, max-snippet:-1, max-image-preview:large, max-video-preview:-1" />
<link rel="canonical" href="https://medicina.udd.cl/centro-neurociencias/testimonio/jose-andres-silva/" />
<meta property="og:locale" content="es_ES" />
<meta property="og:type" content="article" />
<meta property="og:title" content="José Andrés Silva - Centro de Neurociencias" />
<meta property="og:description" content="Este es un ejemplo de los testimonios de video que los alumnos podrán dejar en el sitio. Para borrarlo o crear otros debes ir al Herramientas &gt;&gt; Testimonios." />
<meta property="og:url" content="https://medicina.udd.cl/centro-neurociencias/testimonio/jose-andres-silva/" />
<meta property="og:site_name" content="Centro de Neurociencias" />
<script type="application/ld+json" class="yoast-schema-graph">{"@context":"https://schema.org","@graph":[{"@type":"WebPage","@id":"https://medicina.udd.cl/centro-neurociencias/testimonio/jose-andres-silva/","url":"https://medicina.udd.cl/centro-neurociencias/testimonio/jose-andres-silva/","name":"José Andrés Silva - Centro de Neurociencias","isPartOf":{"@id":"https://medicina.udd.cl/centro-neurociencias/#website"},"datePublished":"2013-07-27T21:52:03+00:00","breadcrumb":{"@id":"https://medicina.udd.cl/centro-neurociencias/testimonio/jose-andres-silva/#breadcrumb"},"inLanguage":"es","potentialAction":[{"@type":"ReadAction","target":["https://medicina.udd.cl/centro-neurociencias/testimonio/jose-andres-silva/"]}]},{"@type":"BreadcrumbList","@id":"https://medicina.udd.cl/centro-neurociencias/testimonio/jose-andres-silva/#breadcrumb","itemListElement":[{"@type":"ListItem","position":1,"name":"Facultad de Medicina","item":"https://medicina.udd.cl"},{"@type":"ListItem","position":2,"name":"ICIM","item":"http://medicina.udd.cl/icim/"},{"@type":"ListItem","position":3,"name":"Centro de Neurociencias","item":"https://medicina.udd.cl/centro-neurociencias"},{"@type":"ListItem","position":4,"name":"Testimonios","item":"https://medicina.udd.cl/centro-neurociencias/testimonio/"},{"@type":"ListItem","position":5,"name":"José Andrés Silva"}]},{"@type":"WebSite","@id":"https://medicina.udd.cl/centro-neurociencias/#website","url":"https://medicina.udd.cl/centro-neurociencias/","name":"Centro de Neurociencias","description":"Otro blog más de Medicina","potentialAction":[{"@type":"SearchAction","target":{"@type":"EntryPoint","urlTemplate":"https://medicina.udd.cl/centro-neurociencias/?s={search_term_string}"},"query-input":{"@type":"PropertyValueSpecification","valueRequired":true,"valueName":"search_term_string"}}],"inLanguage":"es"}]}</script>
<!-- / Yoast SEO plugin. -->

José Andrés Silva - Centro de Neurociencias

Este es un ejemplo de los testimonios de video que los alumnos podrán dejar en el sitio. Para borrarlo o crear otros debes ir al Herramientas >> Testimonios.

Otro blog más de Medicina
