{"id":290,"date":"2017-09-01T19:53:59","date_gmt":"2017-09-01T19:53:59","guid":{"rendered":"http:\/\/medicina.udd.cl\/centro-quimica-medica\/?page_id=290"},"modified":"2021-04-22T21:28:04","modified_gmt":"2021-04-22T21:28:04","slug":"postgrado","status":"publish","type":"page","link":"https:\/\/medicina.udd.cl\/centro-quimica-medica\/formacion-capital-humano\/postgrado\/","title":{"rendered":"Postgrado"},"content":{"rendered":"\n<h2 class=\"wp-block-heading\">2010-2013\u00a0\u00a0 <\/h2>\n\n\n\n<p>Lic. Rodrigo Ormaz\u00e1bal Toledo. Estudiante del programa de Doctorado de la Universidad de Chile.\u00a0<strong>KINETICS AND MECHANISTIC STUDY ON AROMATIC NUCLEOPHILIC SUBSTITUTION REACTIONS IN IONIC LIQUIDS AND MOLECULAR SOLVENT: EXPERIMENTAL AND THEORETICAL STUDIES<\/strong>.\u00a0Director Tesis: Dra. Paola Campod\u00f3nico<\/p>\n\n\n\n<h2 class=\"wp-block-heading\">2013 \u2013 a la fecha <\/h2>\n\n\n\n<p>Lic. Jazm\u00edn Alarc\u00f3n. Estudiante del programa de Doctorado de la Universidad de Chile.\u00a0<strong>ESTUDIO DEL EFECTO DE SOLVENTE EN REACCIONES DE SUSTITUCI\u00d3N NUCLEOF\u00cdLICA AROM\u00c1TICA EN AMBIENTES DE POLARIDAD VARIABLE.\u00a0<\/strong>Director Tesis: Dra. Paola Campod\u00f3nico<\/p>\n\n\n\n<h2 class=\"wp-block-heading\">2016 \u2013 a la fecha<\/h2>\n\n\n\n<p>Lic. Bruno Sanchez. Estudiante del programa de Doctorado de la Universidad de Chile.\u00a0<strong>ESTUDIO DEL EFECTO DE SOLVENTE EN L\u00cdQUIDOS I\u00d3NICOS. ESTUDIO EXPERIMENTAL&amp;TEORICO.\u00a0<\/strong>Director Tesis: Dra. Paola Campod\u00f3nico<\/p>\n\n\n\n<figure class=\"wp-block-gallery columns-2 is-cropped wp-block-gallery-1 is-layout-flex wp-block-gallery-is-layout-flex\"><ul class=\"blocks-gallery-grid\"><li class=\"blocks-gallery-item\"><figure><img loading=\"lazy\" decoding=\"async\" width=\"643\" height=\"429\" src=\"https:\/\/medicina.udd.cl\/centro-quimica-medica\/files\/2017\/09\/postgrado-2.jpg\" alt=\"\" data-id=\"292\" data-full-url=\"https:\/\/medicina.udd.cl\/centro-quimica-medica\/files\/2017\/09\/postgrado-2.jpg\" data-link=\"http:\/\/medicina.udd.cl\/centro-quimica-medica\/formacion-capital-humano\/postgrado\/postgrado-2\/\" class=\"wp-image-292\" srcset=\"https:\/\/medicina.udd.cl\/centro-quimica-medica\/files\/2017\/09\/postgrado-2.jpg 643w, https:\/\/medicina.udd.cl\/centro-quimica-medica\/files\/2017\/09\/postgrado-2-300x200.jpg 300w\" sizes=\"auto, (max-width: 643px) 100vw, 643px\" \/><\/figure><\/li><li class=\"blocks-gallery-item\"><figure><img loading=\"lazy\" decoding=\"async\" width=\"703\" height=\"395\" src=\"https:\/\/medicina.udd.cl\/centro-quimica-medica\/files\/2017\/09\/postgrado-1.jpg\" alt=\"\" data-id=\"291\" data-full-url=\"https:\/\/medicina.udd.cl\/centro-quimica-medica\/files\/2017\/09\/postgrado-1.jpg\" data-link=\"http:\/\/medicina.udd.cl\/centro-quimica-medica\/formacion-capital-humano\/postgrado\/postgrado-1\/\" class=\"wp-image-291\" srcset=\"https:\/\/medicina.udd.cl\/centro-quimica-medica\/files\/2017\/09\/postgrado-1.jpg 703w, https:\/\/medicina.udd.cl\/centro-quimica-medica\/files\/2017\/09\/postgrado-1-300x169.jpg 300w\" sizes=\"auto, (max-width: 703px) 100vw, 703px\" \/><\/figure><\/li><\/ul><\/figure>\n","protected":false},"excerpt":{"rendered":"<p>2010-2013\u00a0\u00a0 Lic. Rodrigo Ormaz\u00e1bal Toledo. Estudiante del programa de Doctorado de la Universidad de Chile.\u00a0KINETICS AND MECHANISTIC STUDY ON AROMATIC NUCLEOPHILIC SUBSTITUTION REACTIONS IN IONIC LIQUIDS AND MOLECULAR SOLVENT: EXPERIMENTAL AND THEORETICAL STUDIES.\u00a0Director Tesis: Dra. Paola Campod\u00f3nico 2013 \u2013 a la fecha Lic. Jazm\u00edn Alarc\u00f3n. Estudiante del programa de Doctorado de la Universidad de Chile.\u00a0ESTUDIO [&hellip;]<\/p>\n","protected":false},"author":1,"featured_media":0,"parent":286,"menu_order":0,"comment_status":"closed","ping_status":"closed","template":"","meta":{"footnotes":""},"class_list":["post-290","page","type-page","status-publish","hentry"],"yoast_head":"<!-- This site is optimized with the Yoast SEO plugin v26.9 - https:\/\/yoast.com\/product\/yoast-seo-wordpress\/ -->\n<title>Postgrado - Centro de Qu\u00edmica M\u00e9dica<\/title>\n<meta name=\"robots\" content=\"index, follow, max-snippet:-1, max-image-preview:large, max-video-preview:-1\" \/>\n<link rel=\"canonical\" href=\"https:\/\/medicina.udd.cl\/centro-quimica-medica\/formacion-capital-humano\/postgrado\/\" \/>\n<meta name=\"twitter:label1\" content=\"Tiempo de lectura\" \/>\n\t<meta name=\"twitter:data1\" content=\"1 minuto\" \/>\n<script type=\"application\/ld+json\" class=\"yoast-schema-graph\">{\"@context\":\"https:\/\/schema.org\",\"@graph\":[{\"@type\":\"WebPage\",\"@id\":\"https:\/\/medicina.udd.cl\/centro-quimica-medica\/formacion-capital-humano\/postgrado\/\",\"url\":\"https:\/\/medicina.udd.cl\/centro-quimica-medica\/formacion-capital-humano\/postgrado\/\",\"name\":\"Postgrado - Centro de Qu\u00edmica M\u00e9dica\",\"isPartOf\":{\"@id\":\"https:\/\/medicina.udd.cl\/centro-quimica-medica\/#website\"},\"primaryImageOfPage\":{\"@id\":\"https:\/\/medicina.udd.cl\/centro-quimica-medica\/formacion-capital-humano\/postgrado\/#primaryimage\"},\"image\":{\"@id\":\"https:\/\/medicina.udd.cl\/centro-quimica-medica\/formacion-capital-humano\/postgrado\/#primaryimage\"},\"thumbnailUrl\":\"https:\/\/medicina.udd.cl\/centro-quimica-medica\/files\/2017\/09\/postgrado-2.jpg\",\"datePublished\":\"2017-09-01T19:53:59+00:00\",\"dateModified\":\"2021-04-22T21:28:04+00:00\",\"breadcrumb\":{\"@id\":\"https:\/\/medicina.udd.cl\/centro-quimica-medica\/formacion-capital-humano\/postgrado\/#breadcrumb\"},\"inLanguage\":\"es\",\"potentialAction\":[{\"@type\":\"ReadAction\",\"target\":[\"https:\/\/medicina.udd.cl\/centro-quimica-medica\/formacion-capital-humano\/postgrado\/\"]}]},{\"@type\":\"ImageObject\",\"inLanguage\":\"es\",\"@id\":\"https:\/\/medicina.udd.cl\/centro-quimica-medica\/formacion-capital-humano\/postgrado\/#primaryimage\",\"url\":\"https:\/\/medicina.udd.cl\/centro-quimica-medica\/files\/2017\/09\/postgrado-2.jpg\",\"contentUrl\":\"https:\/\/medicina.udd.cl\/centro-quimica-medica\/files\/2017\/09\/postgrado-2.jpg\",\"width\":643,\"height\":429},{\"@type\":\"BreadcrumbList\",\"@id\":\"https:\/\/medicina.udd.cl\/centro-quimica-medica\/formacion-capital-humano\/postgrado\/#breadcrumb\",\"itemListElement\":[{\"@type\":\"ListItem\",\"position\":1,\"name\":\"Inicio\",\"item\":\"https:\/\/medicina.udd.cl\/centro-quimica-medica\/\"},{\"@type\":\"ListItem\",\"position\":2,\"name\":\"Formaci\u00f3n capital humano\",\"item\":\"https:\/\/medicina.udd.cl\/centro-quimica-medica\/formacion-capital-humano\/\"},{\"@type\":\"ListItem\",\"position\":3,\"name\":\"Postgrado\"}]},{\"@type\":\"WebSite\",\"@id\":\"https:\/\/medicina.udd.cl\/centro-quimica-medica\/#website\",\"url\":\"https:\/\/medicina.udd.cl\/centro-quimica-medica\/\",\"name\":\"Centro de Qu\u00edmica M\u00e9dica\",\"description\":\"Otro sitio m\u00e1s de Medicina\",\"inLanguage\":\"es\"}]}<\/script>\n<!-- \/ Yoast SEO plugin. -->","yoast_head_json":{"title":"Postgrado - Centro de Qu\u00edmica M\u00e9dica","robots":{"index":"index","follow":"follow","max-snippet":"max-snippet:-1","max-image-preview":"max-image-preview:large","max-video-preview":"max-video-preview:-1"},"canonical":"https:\/\/medicina.udd.cl\/centro-quimica-medica\/formacion-capital-humano\/postgrado\/","twitter_misc":{"Tiempo de lectura":"1 minuto"},"schema":{"@context":"https:\/\/schema.org","@graph":[{"@type":"WebPage","@id":"https:\/\/medicina.udd.cl\/centro-quimica-medica\/formacion-capital-humano\/postgrado\/","url":"https:\/\/medicina.udd.cl\/centro-quimica-medica\/formacion-capital-humano\/postgrado\/","name":"Postgrado - Centro de Qu\u00edmica M\u00e9dica","isPartOf":{"@id":"https:\/\/medicina.udd.cl\/centro-quimica-medica\/#website"},"primaryImageOfPage":{"@id":"https:\/\/medicina.udd.cl\/centro-quimica-medica\/formacion-capital-humano\/postgrado\/#primaryimage"},"image":{"@id":"https:\/\/medicina.udd.cl\/centro-quimica-medica\/formacion-capital-humano\/postgrado\/#primaryimage"},"thumbnailUrl":"https:\/\/medicina.udd.cl\/centro-quimica-medica\/files\/2017\/09\/postgrado-2.jpg","datePublished":"2017-09-01T19:53:59+00:00","dateModified":"2021-04-22T21:28:04+00:00","breadcrumb":{"@id":"https:\/\/medicina.udd.cl\/centro-quimica-medica\/formacion-capital-humano\/postgrado\/#breadcrumb"},"inLanguage":"es","potentialAction":[{"@type":"ReadAction","target":["https:\/\/medicina.udd.cl\/centro-quimica-medica\/formacion-capital-humano\/postgrado\/"]}]},{"@type":"ImageObject","inLanguage":"es","@id":"https:\/\/medicina.udd.cl\/centro-quimica-medica\/formacion-capital-humano\/postgrado\/#primaryimage","url":"https:\/\/medicina.udd.cl\/centro-quimica-medica\/files\/2017\/09\/postgrado-2.jpg","contentUrl":"https:\/\/medicina.udd.cl\/centro-quimica-medica\/files\/2017\/09\/postgrado-2.jpg","width":643,"height":429},{"@type":"BreadcrumbList","@id":"https:\/\/medicina.udd.cl\/centro-quimica-medica\/formacion-capital-humano\/postgrado\/#breadcrumb","itemListElement":[{"@type":"ListItem","position":1,"name":"Inicio","item":"https:\/\/medicina.udd.cl\/centro-quimica-medica\/"},{"@type":"ListItem","position":2,"name":"Formaci\u00f3n capital humano","item":"https:\/\/medicina.udd.cl\/centro-quimica-medica\/formacion-capital-humano\/"},{"@type":"ListItem","position":3,"name":"Postgrado"}]},{"@type":"WebSite","@id":"https:\/\/medicina.udd.cl\/centro-quimica-medica\/#website","url":"https:\/\/medicina.udd.cl\/centro-quimica-medica\/","name":"Centro de Qu\u00edmica M\u00e9dica","description":"Otro sitio m\u00e1s de Medicina","inLanguage":"es"}]}},"_links":{"self":[{"href":"https:\/\/medicina.udd.cl\/centro-quimica-medica\/wp-json\/wp\/v2\/pages\/290","targetHints":{"allow":["GET"]}}],"collection":[{"href":"https:\/\/medicina.udd.cl\/centro-quimica-medica\/wp-json\/wp\/v2\/pages"}],"about":[{"href":"https:\/\/medicina.udd.cl\/centro-quimica-medica\/wp-json\/wp\/v2\/types\/page"}],"author":[{"embeddable":true,"href":"https:\/\/medicina.udd.cl\/centro-quimica-medica\/wp-json\/wp\/v2\/users\/1"}],"replies":[{"embeddable":true,"href":"https:\/\/medicina.udd.cl\/centro-quimica-medica\/wp-json\/wp\/v2\/comments?post=290"}],"version-history":[{"count":2,"href":"https:\/\/medicina.udd.cl\/centro-quimica-medica\/wp-json\/wp\/v2\/pages\/290\/revisions"}],"predecessor-version":[{"id":369,"href":"https:\/\/medicina.udd.cl\/centro-quimica-medica\/wp-json\/wp\/v2\/pages\/290\/revisions\/369"}],"up":[{"embeddable":true,"href":"https:\/\/medicina.udd.cl\/centro-quimica-medica\/wp-json\/wp\/v2\/pages\/286"}],"wp:attachment":[{"href":"https:\/\/medicina.udd.cl\/centro-quimica-medica\/wp-json\/wp\/v2\/media?parent=290"}],"curies":[{"name":"wp","href":"https:\/\/api.w.org\/{rel}","templated":true}]}}