{"id":50,"date":"2023-11-02T14:07:57","date_gmt":"2023-11-02T14:07:57","guid":{"rendered":"https:\/\/medicina.udd.cl\/comite-etico-cientifico\/?page_id=50"},"modified":"2023-11-02T14:08:28","modified_gmt":"2023-11-02T14:08:28","slug":"funciones","status":"publish","type":"page","link":"https:\/\/medicina.udd.cl\/comite-etico-cientifico\/mision-y-funciones\/funciones\/","title":{"rendered":"Funciones y Atribuciones del Comit\u00e9"},"content":{"rendered":"\n<p>La principal actividad de este Comit\u00e9 \u00c9tico Cient\u00edfico consiste en la revisi\u00f3n de protocolos de investigaci\u00f3n, formularios de consentimiento y asentimiento informado, enmiendas, reporte de eventos adversos, informes de avance y otros documentos relacionados con los protocolos de investigaci\u00f3n. Adem\u00e1s, se realizan actividades de extensi\u00f3n, capacitaci\u00f3n, sesiones de revisi\u00f3n bibliogr\u00e1fica, investigaci\u00f3n y formaci\u00f3n permanente de los integrantes del Comit\u00e9.<\/p>\n\n\n\n<p>Tambi\u00e9n este Comit\u00e9 tiene por objetivo educar a los investigadores y estudiantes de pre y postgrado en \u00e9tica de la investigaci\u00f3n.<\/p>\n\n\n<p class=\"wp-block-udd-button text-left\"><a class=\"btn btn-primary \" href=\"\" data-url=\"\"><svg class=\"svg-external-dims\"><use xlink:href='https:\/\/medicina.udd.cl\/comite-etico-cientifico\/wp-content\/themes\/facultades-2018\/assets\/img\/svg\/dist\/main.svg?version=1695853099#external'><\/use><\/svg> Ver m\u00e1s <\/a><\/p>\n\n\n\n<p>Son funciones del Comit\u00e9 \u00c9tico Cient\u00edfico:<\/p>\n\n\n\n<ol class=\"wp-block-list\" type=\"1\"><li>Revisar, evaluar y deliberar sobre los protocolos de investigaci\u00f3n con participaci\u00f3n de seres humanos que realizan investigadores de Cl\u00ednica Alemana y\/o Universidad del Desarrollo en su rol de profesionales y\/o estudiantes de pre y postgrado que sean sometidos a su consideraci\u00f3n.<\/li><li>Emitir informes de la evaluaci\u00f3n \u00e9tica de los proyectos de investigaci\u00f3n cient\u00edfica cumpliendo los procedimientos y formalidades de este Reglamento dentro de los plazos establecidos por la actual normativa.<\/li><li>Fundamentar la resoluci\u00f3n, de aprobaci\u00f3n o rechazo, o hacer presentes las observaciones relacionadas con la correcci\u00f3n o modificaciones necesarias para una nueva evaluaci\u00f3n del proyecto. &nbsp;<\/li><li>Comunicar al investigador que, no obstante que el informe sea favorable y su m\u00e9rito sea suficiente para que el estudio se pueda llevar a cabo, se requiere la autorizaci\u00f3n del Director o Autoridad Superior del establecimiento, de ser esto pertinente. Algunos proyectos podr\u00e1n requerir tambi\u00e9n la autorizaci\u00f3n del Instituto de Salud P\u00fablica y de la Seremi de Salud correspondiente<\/li><li>Explicitar al investigador que la resoluci\u00f3n del Comit\u00e9 es vinculante. En caso de que esta sea desfavorable, la investigaci\u00f3n no podr\u00e1 llevarse a cabo.<\/li><li>Acoger las consultas de los investigadores cuyos proyectos han presentado observaciones o han sido rechazados.<\/li><li>Solicitar la opini\u00f3n de expertos, informes t\u00e9cnicos y\/o cient\u00edficos respecto de aquellas materias espec\u00edficas de proyectos sometidos a su consideraci\u00f3n.<\/li><li>Pronunciarse respecto a las solicitudes de enmiendas de los proyectos en curso.<\/li><li>Recibir el reporte de eventos adversos serios realizando el seguimiento correspondiente.<\/li><li>Recibir el reporte de reacciones adversas inesperadas (SUSAR, seg\u00fan su sigla en ingl\u00e9s) locales, nacionales y\/o internacionales de acuerdo al protocolo, desviaciones y\/o violaciones de protocolo, entre otros informes.<\/li><li>Observar el desarrollo de las investigaciones en curso, asegurando que \u00e9stas se realicen ajust\u00e1ndose a lo aprobado por el Comit\u00e9, respetando las recomendaciones \u00e9ticas internacionales y el marco jur\u00eddico nacional vigente.<\/li><li>Determinar, tras el seguimiento a los proyectos, continuar con la investigaci\u00f3n, retirar la aprobaci\u00f3n del protocolo o recomendar las modificaciones que pudiesen ser necesarias para la protecci\u00f3n de las personas que participan en la investigaci\u00f3n y de la comunidad en general. El CEC puede retirar la aprobaci\u00f3n del proyecto y deber\u00e1 informar a la Seremi de Salud respectiva, al ISP (cuando corresponda) y a la Autoridad responsable del establecimiento en donde se lleve a cabo la investigaci\u00f3n.<\/li><li>Mantener registro actualizado de los proyectos evaluados y de las decisiones adoptadas.<\/li><li>Realizar una memoria anual de las actividades desarrolladas y publicarla en el sitio web del Comit\u00e9.<\/li><li>Propiciar la formaci\u00f3n en \u00e9tica de la investigaci\u00f3n de los investigadores, profesores y estudiantes de las distintas unidades acad\u00e9micas de la Facultad de Medicina CAS-UDD y de Centros asociados a esta Facultad.<\/li><li>Promover la capacitaci\u00f3n continua en \u00e9tica de la investigaci\u00f3n de los miembros del Comit\u00e9.<\/li><li>&nbsp;Brindar apoyo a los investigadores en los aspectos \u00e9ticos de sus proyectos.<\/li><\/ol>\n","protected":false},"excerpt":{"rendered":"<p>La principal actividad de este Comit\u00e9 \u00c9tico Cient\u00edfico consiste en la revisi\u00f3n de protocolos de investigaci\u00f3n, formularios de consentimiento y asentimiento informado, enmiendas, reporte de eventos adversos, informes de avance y otros documentos relacionados con los protocolos de investigaci\u00f3n. Adem\u00e1s, se realizan actividades de extensi\u00f3n, capacitaci\u00f3n, sesiones de revisi\u00f3n bibliogr\u00e1fica, investigaci\u00f3n y formaci\u00f3n permanente de [&hellip;]<\/p>\n","protected":false},"author":9192217,"featured_media":0,"parent":46,"menu_order":0,"comment_status":"closed","ping_status":"closed","template":"","meta":{"footnotes":""},"class_list":["post-50","page","type-page","status-publish","hentry"],"yoast_head":"<!-- This site is optimized with the Yoast SEO plugin v26.9 - https:\/\/yoast.com\/product\/yoast-seo-wordpress\/ -->\n<title>Funciones y Atribuciones del Comit\u00e9 - Comit\u00e9 \u00c9tico Cient\u00edfico<\/title>\n<meta name=\"robots\" content=\"index, follow, max-snippet:-1, max-image-preview:large, max-video-preview:-1\" \/>\n<link rel=\"canonical\" href=\"https:\/\/medicina.udd.cl\/comite-etico-cientifico\/mision-y-funciones\/funciones\/\" \/>\n<meta property=\"og:locale\" content=\"es_ES\" \/>\n<meta property=\"og:type\" content=\"article\" \/>\n<meta property=\"og:title\" content=\"Funciones y Atribuciones del Comit\u00e9 - Comit\u00e9 \u00c9tico Cient\u00edfico\" \/>\n<meta property=\"og:description\" content=\"La principal actividad de este Comit\u00e9 \u00c9tico Cient\u00edfico consiste en la revisi\u00f3n de protocolos de investigaci\u00f3n, formularios de consentimiento y asentimiento informado, enmiendas, reporte de eventos adversos, informes de avance y otros documentos relacionados con los protocolos de investigaci\u00f3n. Adem\u00e1s, se realizan actividades de extensi\u00f3n, capacitaci\u00f3n, sesiones de revisi\u00f3n bibliogr\u00e1fica, investigaci\u00f3n y formaci\u00f3n permanente de [&hellip;]\" \/>\n<meta property=\"og:url\" content=\"https:\/\/medicina.udd.cl\/comite-etico-cientifico\/mision-y-funciones\/funciones\/\" \/>\n<meta property=\"og:site_name\" content=\"Comit\u00e9 \u00c9tico Cient\u00edfico\" \/>\n<meta property=\"article:modified_time\" content=\"2023-11-02T14:08:28+00:00\" \/>\n<meta name=\"twitter:card\" content=\"summary_large_image\" \/>\n<meta name=\"twitter:label1\" content=\"Tiempo de lectura\" \/>\n\t<meta name=\"twitter:data1\" content=\"3 minutos\" \/>\n<script type=\"application\/ld+json\" class=\"yoast-schema-graph\">{\"@context\":\"https:\/\/schema.org\",\"@graph\":[{\"@type\":\"WebPage\",\"@id\":\"https:\/\/medicina.udd.cl\/comite-etico-cientifico\/mision-y-funciones\/funciones\/\",\"url\":\"https:\/\/medicina.udd.cl\/comite-etico-cientifico\/mision-y-funciones\/funciones\/\",\"name\":\"Funciones y Atribuciones del Comit\u00e9 - Comit\u00e9 \u00c9tico Cient\u00edfico\",\"isPartOf\":{\"@id\":\"https:\/\/medicina.udd.cl\/comite-etico-cientifico\/#website\"},\"datePublished\":\"2023-11-02T14:07:57+00:00\",\"dateModified\":\"2023-11-02T14:08:28+00:00\",\"breadcrumb\":{\"@id\":\"https:\/\/medicina.udd.cl\/comite-etico-cientifico\/mision-y-funciones\/funciones\/#breadcrumb\"},\"inLanguage\":\"es\",\"potentialAction\":[{\"@type\":\"ReadAction\",\"target\":[\"https:\/\/medicina.udd.cl\/comite-etico-cientifico\/mision-y-funciones\/funciones\/\"]}]},{\"@type\":\"BreadcrumbList\",\"@id\":\"https:\/\/medicina.udd.cl\/comite-etico-cientifico\/mision-y-funciones\/funciones\/#breadcrumb\",\"itemListElement\":[{\"@type\":\"ListItem\",\"position\":1,\"name\":\"Portada\",\"item\":\"https:\/\/medicina.udd.cl\/comite-etico-cientifico\/\"},{\"@type\":\"ListItem\",\"position\":2,\"name\":\"Misi\u00f3n y Funciones\",\"item\":\"https:\/\/medicina.udd.cl\/comite-etico-cientifico\/mision-y-funciones\/\"},{\"@type\":\"ListItem\",\"position\":3,\"name\":\"Funciones y Atribuciones del Comit\u00e9\"}]},{\"@type\":\"WebSite\",\"@id\":\"https:\/\/medicina.udd.cl\/comite-etico-cientifico\/#website\",\"url\":\"https:\/\/medicina.udd.cl\/comite-etico-cientifico\/\",\"name\":\"Comit\u00e9 \u00c9tico Cient\u00edfico\",\"description\":\"Facultad de Medicina Cl\u00ednica Alemana Universidad del Desarrollo\",\"inLanguage\":\"es\"}]}<\/script>\n<!-- \/ Yoast SEO plugin. -->","yoast_head_json":{"title":"Funciones y Atribuciones del Comit\u00e9 - Comit\u00e9 \u00c9tico Cient\u00edfico","robots":{"index":"index","follow":"follow","max-snippet":"max-snippet:-1","max-image-preview":"max-image-preview:large","max-video-preview":"max-video-preview:-1"},"canonical":"https:\/\/medicina.udd.cl\/comite-etico-cientifico\/mision-y-funciones\/funciones\/","og_locale":"es_ES","og_type":"article","og_title":"Funciones y Atribuciones del Comit\u00e9 - Comit\u00e9 \u00c9tico Cient\u00edfico","og_description":"La principal actividad de este Comit\u00e9 \u00c9tico Cient\u00edfico consiste en la revisi\u00f3n de protocolos de investigaci\u00f3n, formularios de consentimiento y asentimiento informado, enmiendas, reporte de eventos adversos, informes de avance y otros documentos relacionados con los protocolos de investigaci\u00f3n. Adem\u00e1s, se realizan actividades de extensi\u00f3n, capacitaci\u00f3n, sesiones de revisi\u00f3n bibliogr\u00e1fica, investigaci\u00f3n y formaci\u00f3n permanente de [&hellip;]","og_url":"https:\/\/medicina.udd.cl\/comite-etico-cientifico\/mision-y-funciones\/funciones\/","og_site_name":"Comit\u00e9 \u00c9tico Cient\u00edfico","article_modified_time":"2023-11-02T14:08:28+00:00","twitter_card":"summary_large_image","twitter_misc":{"Tiempo de lectura":"3 minutos"},"schema":{"@context":"https:\/\/schema.org","@graph":[{"@type":"WebPage","@id":"https:\/\/medicina.udd.cl\/comite-etico-cientifico\/mision-y-funciones\/funciones\/","url":"https:\/\/medicina.udd.cl\/comite-etico-cientifico\/mision-y-funciones\/funciones\/","name":"Funciones y Atribuciones del Comit\u00e9 - Comit\u00e9 \u00c9tico Cient\u00edfico","isPartOf":{"@id":"https:\/\/medicina.udd.cl\/comite-etico-cientifico\/#website"},"datePublished":"2023-11-02T14:07:57+00:00","dateModified":"2023-11-02T14:08:28+00:00","breadcrumb":{"@id":"https:\/\/medicina.udd.cl\/comite-etico-cientifico\/mision-y-funciones\/funciones\/#breadcrumb"},"inLanguage":"es","potentialAction":[{"@type":"ReadAction","target":["https:\/\/medicina.udd.cl\/comite-etico-cientifico\/mision-y-funciones\/funciones\/"]}]},{"@type":"BreadcrumbList","@id":"https:\/\/medicina.udd.cl\/comite-etico-cientifico\/mision-y-funciones\/funciones\/#breadcrumb","itemListElement":[{"@type":"ListItem","position":1,"name":"Portada","item":"https:\/\/medicina.udd.cl\/comite-etico-cientifico\/"},{"@type":"ListItem","position":2,"name":"Misi\u00f3n y Funciones","item":"https:\/\/medicina.udd.cl\/comite-etico-cientifico\/mision-y-funciones\/"},{"@type":"ListItem","position":3,"name":"Funciones y Atribuciones del Comit\u00e9"}]},{"@type":"WebSite","@id":"https:\/\/medicina.udd.cl\/comite-etico-cientifico\/#website","url":"https:\/\/medicina.udd.cl\/comite-etico-cientifico\/","name":"Comit\u00e9 \u00c9tico Cient\u00edfico","description":"Facultad de Medicina Cl\u00ednica Alemana Universidad del Desarrollo","inLanguage":"es"}]}},"_links":{"self":[{"href":"https:\/\/medicina.udd.cl\/comite-etico-cientifico\/wp-json\/wp\/v2\/pages\/50","targetHints":{"allow":["GET"]}}],"collection":[{"href":"https:\/\/medicina.udd.cl\/comite-etico-cientifico\/wp-json\/wp\/v2\/pages"}],"about":[{"href":"https:\/\/medicina.udd.cl\/comite-etico-cientifico\/wp-json\/wp\/v2\/types\/page"}],"author":[{"embeddable":true,"href":"https:\/\/medicina.udd.cl\/comite-etico-cientifico\/wp-json\/wp\/v2\/users\/9192217"}],"replies":[{"embeddable":true,"href":"https:\/\/medicina.udd.cl\/comite-etico-cientifico\/wp-json\/wp\/v2\/comments?post=50"}],"version-history":[{"count":2,"href":"https:\/\/medicina.udd.cl\/comite-etico-cientifico\/wp-json\/wp\/v2\/pages\/50\/revisions"}],"predecessor-version":[{"id":53,"href":"https:\/\/medicina.udd.cl\/comite-etico-cientifico\/wp-json\/wp\/v2\/pages\/50\/revisions\/53"}],"up":[{"embeddable":true,"href":"https:\/\/medicina.udd.cl\/comite-etico-cientifico\/wp-json\/wp\/v2\/pages\/46"}],"wp:attachment":[{"href":"https:\/\/medicina.udd.cl\/comite-etico-cientifico\/wp-json\/wp\/v2\/media?parent=50"}],"curies":[{"name":"wp","href":"https:\/\/api.w.org\/{rel}","templated":true}]}}