{"id":4,"date":"2025-03-12T11:01:28","date_gmt":"2025-03-12T14:01:28","guid":{"rendered":"https:\/\/medicina.udd.cl\/comite-integridad-academica\/?page_id=4"},"modified":"2025-04-08T16:39:08","modified_gmt":"2025-04-08T20:39:08","slug":"inicio","status":"publish","type":"page","link":"https:\/\/medicina.udd.cl\/comite-integridad-academica\/","title":{"rendered":"Inicio"},"content":{"rendered":"\n<h2 class=\"wp-block-heading has-brand-primary-color has-text-color has-link-color wp-elements-b346249febfa0e028374426e619b5ed4\">VALORES<\/h2>\n\n\n<!-- WP Block: UDD - Featured Attributes -->\n<section\n\tclass=\"wp-block-udd-featured-attributes\"\n\t\tstyle=\"\n\t\t--udd-blocks--featured-attributes--columns: 4;\n\t\t--udd-blocks--featured-attributes--link-color: ;\n\t\tbackground-color: ;\n\t\"\n\t>\n\t<div class=\"container\">\n\t\t<div\n\t\t\tclass=\"features-wrapper \"\n\t\t\tdata-slick='{&quot;appendDots&quot;:&quot;#dots-&quot;,&quot;prevArrow&quot;:&quot;&lt;button type=\\&quot;button\\&quot; class=\\&quot;slick-prev\\&quot;&gt;&lt;svg class=\\&quot;svg-chevron-left-dims\\&quot;&gt;&lt;use xlink:href=&#039;https:\\\/\\\/medicina.udd.cl\\\/comite-integridad-academica\\\/wp-content\\\/themes\\\/facultades-2018\\\/assets\\\/img\\\/svg\\\/dist\\\/main.svg?version=1695853099#chevron-left&#039;&gt;&lt;\\\/use&gt;&lt;\\\/svg&gt;&lt;span class = \\&quot;sr-only\\&quot;&gt;Anterior&lt;\\\/span&gt;&lt;\\\/button&gt;&quot;,&quot;nextArrow&quot;:&quot;&lt;button type=\\&quot;button\\&quot; class=\\&quot;slick-next\\&quot;&gt;&lt;svg class=\\&quot;svg-chevron-right-dims\\&quot;&gt;&lt;use xlink:href=&#039;https:\\\/\\\/medicina.udd.cl\\\/comite-integridad-academica\\\/wp-content\\\/themes\\\/facultades-2018\\\/assets\\\/img\\\/svg\\\/dist\\\/main.svg?version=1695853099#chevron-right&#039;&gt;&lt;\\\/use&gt;&lt;\\\/svg&gt;&lt;span class=\\&quot;sr-only\\&quot;&gt;Siguiente&lt;\\\/span&gt;&lt;\\\/button&gt;&quot;,&quot;infinite&quot;:true,&quot;dots&quot;:true}'\n\t\t>\n\t\t\t<div class=\"featured-attribute\">\n\t\t<a class=\"featured-attribute__link\" href=\"https:\/\/medicina.udd.cl\/comite-integridad-academica\">\n\t\n\t\t\t\t<div\n\t\t\tclass=\"featured-attribute__icon\"\n\t\t\tstyle=\"--feature-icon-url: url(http:\/\/medicina.udd.cl\/comite-integridad-academica\/files\/2025\/03\/circuloazul.jpg); background-color: \"\n\t\t><\/div>\n\t\t\n\t\t<div>\n\t\t\t\t\t\t<h3 class=\"featured-attribute__description\">RESPETO<\/h3>\n\t\t\t\t\t\t\t\t<\/div>\n\t\t<\/a>\n\t<\/div>\n<div class=\"featured-attribute\">\n\t\t<span class=\"featured-attribute__link\">\n\t\n\t\t\t\t<div\n\t\t\tclass=\"featured-attribute__icon\"\n\t\t\tstyle=\"--feature-icon-url: url(http:\/\/medicina.udd.cl\/comite-integridad-academica\/files\/2025\/03\/circuloazul.jpg); background-color: \"\n\t\t><\/div>\n\t\t\n\t\t<div>\n\t\t\t\t\t\t<h3 class=\"featured-attribute__description\">HONESTIDAD<\/h3>\n\t\t\t\t\t\t\t\t<\/div>\n\t\t<\/span>\n\t<\/div>\n<div class=\"featured-attribute\">\n\t\t<span class=\"featured-attribute__link\">\n\t\n\t\t\t\t<div\n\t\t\tclass=\"featured-attribute__icon\"\n\t\t\tstyle=\"--feature-icon-url: url(http:\/\/medicina.udd.cl\/comite-integridad-academica\/files\/2025\/03\/circuloazul.jpg); background-color: \"\n\t\t><\/div>\n\t\t\n\t\t<div>\n\t\t\t\t\t\t<h3 class=\"featured-attribute__description\">RESPONSABILIDAD<\/h3>\n\t\t\t\t\t\t\t\t<\/div>\n\t\t<\/span>\n\t<\/div>\n<div class=\"featured-attribute\">\n\t\t<span class=\"featured-attribute__link\">\n\t\n\t\t\n\t\t<div>\n\t\t\t\t\t\t\t\t<\/div>\n\t\t<\/span>\n\t<\/div>\n\t\t<\/div>\n\n\t\t\t<\/div>\n<\/section>\n\n\n<!-- WP Block: UDD - Featured Attributes -->\n<section\n\tclass=\"wp-block-udd-featured-attributes\"\n\t\tstyle=\"\n\t\t--udd-blocks--featured-attributes--columns: 4;\n\t\t--udd-blocks--featured-attributes--link-color: ;\n\t\tbackground-color: ;\n\t\"\n\t>\n\t<div class=\"container\">\n\t\t<div\n\t\t\tclass=\"features-wrapper \"\n\t\t\tdata-slick='{&quot;appendDots&quot;:&quot;#dots-&quot;,&quot;prevArrow&quot;:&quot;&lt;button type=\\&quot;button\\&quot; class=\\&quot;slick-prev\\&quot;&gt;&lt;svg class=\\&quot;svg-chevron-left-dims\\&quot;&gt;&lt;use xlink:href=&#039;https:\\\/\\\/medicina.udd.cl\\\/comite-integridad-academica\\\/wp-content\\\/themes\\\/facultades-2018\\\/assets\\\/img\\\/svg\\\/dist\\\/main.svg?version=1695853099#chevron-left&#039;&gt;&lt;\\\/use&gt;&lt;\\\/svg&gt;&lt;span class = \\&quot;sr-only\\&quot;&gt;Anterior&lt;\\\/span&gt;&lt;\\\/button&gt;&quot;,&quot;nextArrow&quot;:&quot;&lt;button type=\\&quot;button\\&quot; class=\\&quot;slick-next\\&quot;&gt;&lt;svg class=\\&quot;svg-chevron-right-dims\\&quot;&gt;&lt;use xlink:href=&#039;https:\\\/\\\/medicina.udd.cl\\\/comite-integridad-academica\\\/wp-content\\\/themes\\\/facultades-2018\\\/assets\\\/img\\\/svg\\\/dist\\\/main.svg?version=1695853099#chevron-right&#039;&gt;&lt;\\\/use&gt;&lt;\\\/svg&gt;&lt;span class=\\&quot;sr-only\\&quot;&gt;Siguiente&lt;\\\/span&gt;&lt;\\\/button&gt;&quot;,&quot;infinite&quot;:true,&quot;dots&quot;:true}'\n\t\t>\n\t\t\t<div class=\"featured-attribute\">\n\t\t<a class=\"featured-attribute__link\" href=\"https:\/\/medicina.udd.cl\/comite-integridad-academica\">\n\t\n\t\t\t\t<div\n\t\t\tclass=\"featured-attribute__icon\"\n\t\t\tstyle=\"--feature-icon-url: url(http:\/\/medicina.udd.cl\/comite-integridad-academica\/files\/2025\/03\/circuloazul.jpg); background-color: \"\n\t\t><\/div>\n\t\t\n\t\t<div>\n\t\t\t\t\t\t<h3 class=\"featured-attribute__description\">CONFIDENCIALIDAD<\/h3>\n\t\t\t\t\t\t\t\t<\/div>\n\t\t<\/a>\n\t<\/div>\n<div class=\"featured-attribute\">\n\t\t<span class=\"featured-attribute__link\">\n\t\n\t\t\t\t<div\n\t\t\tclass=\"featured-attribute__icon\"\n\t\t\tstyle=\"--feature-icon-url: url(http:\/\/medicina.udd.cl\/comite-integridad-academica\/files\/2025\/03\/circuloazul.jpg); background-color: \"\n\t\t><\/div>\n\t\t\n\t\t<div>\n\t\t\t\t\t\t<h3 class=\"featured-attribute__description\">COMPASI\u00d3N<\/h3>\n\t\t\t\t\t\t\t\t<\/div>\n\t\t<\/span>\n\t<\/div>\n\t\t<\/div>\n\n\t\t\t<\/div>\n<\/section>\n\n\n\n<h4 class=\"wp-block-heading has-brand-primary-color has-text-color has-link-color wp-elements-72617d030614cf448d4ecf559072a3bf\"><strong>\u00bfQu\u00e9 es el Comit\u00e9 de Integridad Acad\u00e9mica de la Facultad de Medicina Cl\u00ednica Alemana Universidad del Desarrollo?<\/strong><\/h4>\n\n\n\n<p>Es un organismo institucional que vela por el cumplimiento de la \u00e9tica en la vida acad\u00e9mica, garantizando un ambiente justo y transparente. Su funci\u00f3n es investigar, mediar y resolver situaciones que afecten la integridad acad\u00e9mica, asegurando el respeto a los principios institucionales y promoviendo una formaci\u00f3n profesional basada en valores.<\/p>\n\n\n\n<h4 class=\"wp-block-heading has-brand-primary-color has-text-color has-link-color wp-elements-0e8c3927e455b9d28de899132fe09b00\"><strong>\u00bfQui\u00e9n puede acudir al Comit\u00e9 de Integridad Acad\u00e9mica?<\/strong><\/h4>\n\n\n\n<p>Pueden acudir al Comit\u00e9 todos los miembros de la comunidad universitaria: estudiantes, docentes y funcionarios que hayan sido testigos o parte de una situaci\u00f3n que vulnere la integridad acad\u00e9mica. Cualquier persona que identifique una conducta contraria a los principios \u00e9ticos institucionales puede presentar una consulta, denuncia o solicitud de orientaci\u00f3n, de manera confidencial y respetuosa.<\/p>\n\n\n\n<h4 class=\"wp-block-heading has-brand-primary-color has-text-color has-link-color wp-elements-dcf4469b7f076d1f77037d7b8a798bee\"><strong>\u00bfCu\u00e1ndo acudir al Comit\u00e9?<\/strong><\/h4>\n\n\n\n<p>Debes acudir al Comit\u00e9 cuando enfrentes situaciones que afecten la integridad acad\u00e9mica, como casos de plagio, falsificaci\u00f3n de documentos, fraude en evaluaciones, conflictos \u00e9ticos en la investigaci\u00f3n o cualquier conducta que infrinja los valores \u00e9ticos dentro de la comunidad universitaria.<\/p>\n\n\n\n<h4 class=\"wp-block-heading has-brand-primary-color has-text-color has-link-color wp-elements-26cf3daf60c93a26b73e49e0e6fb9c17\"><strong>\u00bfC\u00f3mo acceder al Comit\u00e9?<\/strong><\/h4>\n\n\n\n<p>Puedes contactar al Comit\u00e9 de Integridad Acad\u00e9mica a trav\u00e9s del correo electr\u00f3nico oficial <strong><a href=\"mailto:cintegridadfmcas@udd.cl\">cintegridadfmcas@udd.cl<\/a><\/strong> o mediante la Coordinaci\u00f3n acad\u00e9mica de tu Carrera.<\/p>\n\n\n<!-- WP Block: UDD - People -->\n<section class=\"wp-block-udd-contacts is-style-default\">\n\t\t<div class=\"block__bg\">\n\t\t\t<\/div>\n\t\t<div class=\"container\">\n\t\t<header class=\"block__header\">\n\t\t\t<h2 class=\"block__title\">Contacto<\/h2>\n\t\t<\/header>\n\t\t<div class=\"block__content\">\n\t\t\t<ul class=\"contacts\">\n\t\t\t\t\t\t\t<li class=\"contact\">\n\t\t\t\t\t<div class=\"person-contact\">\n\t\t\t\t\t\t\t\t\t\t\t\t<h3 class=\"person-contact__name\">Comit\u00e9 de Integridad Acad\u00e9mica<\/h3>\n\t\t\t\t\t\t\t\t\t\t\t\t\t\t\t\t\t\t\t\t\t\t\t\t\t\t\t\t\t\t\t\t\t\t\t\t\t<span class=\"person-contact__email\">Email: <a href=\"mailto:&#99;&#105;&#110;tegrid&#97;&#100;&#102;mcas&#64;&#117;&#100;d.&#99;l\">c&#105;&#110;&#116;e&#103;&#114;&#105;&#100;a&#100;&#102;&#109;&#99;&#97;&#115;&#64;u&#100;d.&#99;&#108;<\/a><\/span>\n\t\t\t\t\t\t\t\t\t\t\t<\/div>\n\t\t\t\t<\/li>\n\t\t\t\t\t\t<\/ul>\n\t\t<\/div>\n\t<\/div>\n<\/section>\n","protected":false},"excerpt":{"rendered":"<p>VALORES \u00bfQu\u00e9 es el Comit\u00e9 de Integridad Acad\u00e9mica de la Facultad de Medicina Cl\u00ednica Alemana Universidad del Desarrollo? Es un organismo institucional que vela por el cumplimiento de la \u00e9tica en la vida acad\u00e9mica, garantizando un ambiente justo y transparente. Su funci\u00f3n es investigar, mediar y resolver situaciones que afecten la integridad acad\u00e9mica, asegurando el [&hellip;]<\/p>\n","protected":false},"author":9192217,"featured_media":0,"parent":0,"menu_order":0,"comment_status":"closed","ping_status":"closed","template":"","meta":{"footnotes":""},"class_list":["post-4","page","type-page","status-publish","hentry"],"yoast_head":"<!-- This site is optimized with the Yoast SEO plugin v26.9 - https:\/\/yoast.com\/product\/yoast-seo-wordpress\/ -->\n<title>Inicio - Comit\u00e9 de Integridad Acad\u00e9mica<\/title>\n<meta name=\"robots\" content=\"index, follow, max-snippet:-1, max-image-preview:large, max-video-preview:-1\" \/>\n<link rel=\"canonical\" href=\"https:\/\/medicina.udd.cl\/comite-integridad-academica\/\" \/>\n<meta property=\"og:locale\" content=\"es_ES\" \/>\n<meta property=\"og:type\" content=\"article\" \/>\n<meta property=\"og:title\" content=\"Inicio - Comit\u00e9 de Integridad Acad\u00e9mica\" \/>\n<meta property=\"og:description\" content=\"VALORES \u00bfQu\u00e9 es el Comit\u00e9 de Integridad Acad\u00e9mica de la Facultad de Medicina Cl\u00ednica Alemana Universidad del Desarrollo? Es un organismo institucional que vela por el cumplimiento de la \u00e9tica en la vida acad\u00e9mica, garantizando un ambiente justo y transparente. Su funci\u00f3n es investigar, mediar y resolver situaciones que afecten la integridad acad\u00e9mica, asegurando el [&hellip;]\" \/>\n<meta property=\"og:url\" content=\"https:\/\/medicina.udd.cl\/comite-integridad-academica\/\" \/>\n<meta property=\"og:site_name\" content=\"Comit\u00e9 de Integridad Acad\u00e9mica\" \/>\n<meta property=\"article:modified_time\" content=\"2025-04-08T20:39:08+00:00\" \/>\n<meta name=\"twitter:card\" content=\"summary_large_image\" \/>\n<meta name=\"twitter:label1\" content=\"Tiempo de lectura\" \/>\n\t<meta name=\"twitter:data1\" content=\"1 minuto\" \/>\n<script type=\"application\/ld+json\" class=\"yoast-schema-graph\">{\"@context\":\"https:\/\/schema.org\",\"@graph\":[{\"@type\":\"WebPage\",\"@id\":\"https:\/\/medicina.udd.cl\/comite-integridad-academica\/\",\"url\":\"https:\/\/medicina.udd.cl\/comite-integridad-academica\/\",\"name\":\"Inicio - Comit\u00e9 de Integridad Acad\u00e9mica\",\"isPartOf\":{\"@id\":\"https:\/\/medicina.udd.cl\/comite-integridad-academica\/#website\"},\"datePublished\":\"2025-03-12T14:01:28+00:00\",\"dateModified\":\"2025-04-08T20:39:08+00:00\",\"breadcrumb\":{\"@id\":\"https:\/\/medicina.udd.cl\/comite-integridad-academica\/#breadcrumb\"},\"inLanguage\":\"es\",\"potentialAction\":[{\"@type\":\"ReadAction\",\"target\":[\"https:\/\/medicina.udd.cl\/comite-integridad-academica\/\"]}]},{\"@type\":\"BreadcrumbList\",\"@id\":\"https:\/\/medicina.udd.cl\/comite-integridad-academica\/#breadcrumb\",\"itemListElement\":[{\"@type\":\"ListItem\",\"position\":1,\"name\":\"Portada\",\"item\":\"https:\/\/medicina.udd.cl\/comite-integridad-academica\/\"},{\"@type\":\"ListItem\",\"position\":2,\"name\":\"Inicio\"}]},{\"@type\":\"WebSite\",\"@id\":\"https:\/\/medicina.udd.cl\/comite-integridad-academica\/#website\",\"url\":\"https:\/\/medicina.udd.cl\/comite-integridad-academica\/\",\"name\":\"Comit\u00e9 de Integridad Acad\u00e9mica\",\"description\":\"\",\"inLanguage\":\"es\"}]}<\/script>\n<!-- \/ Yoast SEO plugin. -->","yoast_head_json":{"title":"Inicio - Comit\u00e9 de Integridad Acad\u00e9mica","robots":{"index":"index","follow":"follow","max-snippet":"max-snippet:-1","max-image-preview":"max-image-preview:large","max-video-preview":"max-video-preview:-1"},"canonical":"https:\/\/medicina.udd.cl\/comite-integridad-academica\/","og_locale":"es_ES","og_type":"article","og_title":"Inicio - Comit\u00e9 de Integridad Acad\u00e9mica","og_description":"VALORES \u00bfQu\u00e9 es el Comit\u00e9 de Integridad Acad\u00e9mica de la Facultad de Medicina Cl\u00ednica Alemana Universidad del Desarrollo? Es un organismo institucional que vela por el cumplimiento de la \u00e9tica en la vida acad\u00e9mica, garantizando un ambiente justo y transparente. Su funci\u00f3n es investigar, mediar y resolver situaciones que afecten la integridad acad\u00e9mica, asegurando el [&hellip;]","og_url":"https:\/\/medicina.udd.cl\/comite-integridad-academica\/","og_site_name":"Comit\u00e9 de Integridad Acad\u00e9mica","article_modified_time":"2025-04-08T20:39:08+00:00","twitter_card":"summary_large_image","twitter_misc":{"Tiempo de lectura":"1 minuto"},"schema":{"@context":"https:\/\/schema.org","@graph":[{"@type":"WebPage","@id":"https:\/\/medicina.udd.cl\/comite-integridad-academica\/","url":"https:\/\/medicina.udd.cl\/comite-integridad-academica\/","name":"Inicio - Comit\u00e9 de Integridad Acad\u00e9mica","isPartOf":{"@id":"https:\/\/medicina.udd.cl\/comite-integridad-academica\/#website"},"datePublished":"2025-03-12T14:01:28+00:00","dateModified":"2025-04-08T20:39:08+00:00","breadcrumb":{"@id":"https:\/\/medicina.udd.cl\/comite-integridad-academica\/#breadcrumb"},"inLanguage":"es","potentialAction":[{"@type":"ReadAction","target":["https:\/\/medicina.udd.cl\/comite-integridad-academica\/"]}]},{"@type":"BreadcrumbList","@id":"https:\/\/medicina.udd.cl\/comite-integridad-academica\/#breadcrumb","itemListElement":[{"@type":"ListItem","position":1,"name":"Portada","item":"https:\/\/medicina.udd.cl\/comite-integridad-academica\/"},{"@type":"ListItem","position":2,"name":"Inicio"}]},{"@type":"WebSite","@id":"https:\/\/medicina.udd.cl\/comite-integridad-academica\/#website","url":"https:\/\/medicina.udd.cl\/comite-integridad-academica\/","name":"Comit\u00e9 de Integridad Acad\u00e9mica","description":"","inLanguage":"es"}]}},"_links":{"self":[{"href":"https:\/\/medicina.udd.cl\/comite-integridad-academica\/wp-json\/wp\/v2\/pages\/4","targetHints":{"allow":["GET"]}}],"collection":[{"href":"https:\/\/medicina.udd.cl\/comite-integridad-academica\/wp-json\/wp\/v2\/pages"}],"about":[{"href":"https:\/\/medicina.udd.cl\/comite-integridad-academica\/wp-json\/wp\/v2\/types\/page"}],"author":[{"embeddable":true,"href":"https:\/\/medicina.udd.cl\/comite-integridad-academica\/wp-json\/wp\/v2\/users\/9192217"}],"replies":[{"embeddable":true,"href":"https:\/\/medicina.udd.cl\/comite-integridad-academica\/wp-json\/wp\/v2\/comments?post=4"}],"version-history":[{"count":14,"href":"https:\/\/medicina.udd.cl\/comite-integridad-academica\/wp-json\/wp\/v2\/pages\/4\/revisions"}],"predecessor-version":[{"id":108,"href":"https:\/\/medicina.udd.cl\/comite-integridad-academica\/wp-json\/wp\/v2\/pages\/4\/revisions\/108"}],"wp:attachment":[{"href":"https:\/\/medicina.udd.cl\/comite-integridad-academica\/wp-json\/wp\/v2\/media?parent=4"}],"curies":[{"name":"wp","href":"https:\/\/api.w.org\/{rel}","templated":true}]}}