{"id":265,"date":"2016-10-05T15:49:47","date_gmt":"2016-10-05T15:49:47","guid":{"rendered":"http:\/\/medicina.udd.cl\/doctorado\/?post_type=person&#038;p=265"},"modified":"2025-09-02T13:05:46","modified_gmt":"2025-09-02T17:05:46","slug":"alberto-lecaros-phd","status":"publish","type":"person","link":"https:\/\/medicina.udd.cl\/doctorado\/persona\/alberto-lecaros-phd\/","title":{"rendered":"Alberto Lecaros, PhD"},"featured_media":2934,"template":"","people_tax":[],"people_areas":[],"people_levels":[],"class_list":["post-265","person","type-person","status-publish","has-post-thumbnail","hentry","people_list-nucleo-academico"],"yoast_head":"<!-- This site is optimized with the Yoast SEO plugin v26.9 - https:\/\/yoast.com\/product\/yoast-seo-wordpress\/ -->\n<title>Alberto Lecaros, PhD - Doctorado en Ciencias e Innovaci\u00f3n en Medicina<\/title>\n<meta name=\"robots\" content=\"noindex, follow, max-snippet:-1, max-image-preview:large, max-video-preview:-1\" \/>\n<meta property=\"og:locale\" content=\"es_ES\" \/>\n<meta property=\"og:type\" content=\"article\" \/>\n<meta property=\"og:title\" content=\"Alberto Lecaros, PhD - Doctorado en Ciencias e Innovaci\u00f3n en Medicina\" \/>\n<meta property=\"og:url\" content=\"https:\/\/medicina.udd.cl\/doctorado\/persona\/alberto-lecaros-phd\/\" \/>\n<meta property=\"og:site_name\" content=\"Doctorado en Ciencias e Innovaci\u00f3n en Medicina\" \/>\n<meta property=\"article:modified_time\" content=\"2025-09-02T17:05:46+00:00\" \/>\n<meta property=\"og:image\" content=\"http:\/\/medicina.udd.cl\/doctorado\/files\/2025\/09\/juan-alberto-lecaros-rb_.png\" \/>\n\t<meta property=\"og:image:width\" content=\"460\" \/>\n\t<meta property=\"og:image:height\" content=\"473\" \/>\n\t<meta property=\"og:image:type\" content=\"image\/png\" \/>\n<meta name=\"twitter:card\" content=\"summary_large_image\" \/>\n<meta name=\"twitter:label1\" content=\"Tiempo de lectura\" \/>\n\t<meta name=\"twitter:data1\" content=\"1 minuto\" \/>\n<script type=\"application\/ld+json\" class=\"yoast-schema-graph\">{\"@context\":\"https:\/\/schema.org\",\"@graph\":[{\"@type\":\"WebPage\",\"@id\":\"https:\/\/medicina.udd.cl\/doctorado\/persona\/alberto-lecaros-phd\/\",\"url\":\"https:\/\/medicina.udd.cl\/doctorado\/persona\/alberto-lecaros-phd\/\",\"name\":\"Alberto Lecaros, PhD - Doctorado en Ciencias e Innovaci\u00f3n en Medicina\",\"isPartOf\":{\"@id\":\"https:\/\/medicina.udd.cl\/doctorado\/#website\"},\"primaryImageOfPage\":{\"@id\":\"https:\/\/medicina.udd.cl\/doctorado\/persona\/alberto-lecaros-phd\/#primaryimage\"},\"image\":{\"@id\":\"https:\/\/medicina.udd.cl\/doctorado\/persona\/alberto-lecaros-phd\/#primaryimage\"},\"thumbnailUrl\":\"https:\/\/medicina.udd.cl\/doctorado\/files\/2025\/09\/juan-alberto-lecaros-rb_.png\",\"datePublished\":\"2016-10-05T15:49:47+00:00\",\"dateModified\":\"2025-09-02T17:05:46+00:00\",\"breadcrumb\":{\"@id\":\"https:\/\/medicina.udd.cl\/doctorado\/persona\/alberto-lecaros-phd\/#breadcrumb\"},\"inLanguage\":\"es\",\"potentialAction\":[{\"@type\":\"ReadAction\",\"target\":[\"https:\/\/medicina.udd.cl\/doctorado\/persona\/alberto-lecaros-phd\/\"]}]},{\"@type\":\"ImageObject\",\"inLanguage\":\"es\",\"@id\":\"https:\/\/medicina.udd.cl\/doctorado\/persona\/alberto-lecaros-phd\/#primaryimage\",\"url\":\"https:\/\/medicina.udd.cl\/doctorado\/files\/2025\/09\/juan-alberto-lecaros-rb_.png\",\"contentUrl\":\"https:\/\/medicina.udd.cl\/doctorado\/files\/2025\/09\/juan-alberto-lecaros-rb_.png\",\"width\":460,\"height\":473},{\"@type\":\"BreadcrumbList\",\"@id\":\"https:\/\/medicina.udd.cl\/doctorado\/persona\/alberto-lecaros-phd\/#breadcrumb\",\"itemListElement\":[{\"@type\":\"ListItem\",\"position\":1,\"name\":\"Personas\",\"item\":\"https:\/\/medicina.udd.cl\/doctorado\/persona\/\"},{\"@type\":\"ListItem\",\"position\":2,\"name\":\"Alberto Lecaros, PhD\"}]},{\"@type\":\"WebSite\",\"@id\":\"https:\/\/medicina.udd.cl\/doctorado\/#website\",\"url\":\"https:\/\/medicina.udd.cl\/doctorado\/\",\"name\":\"Doctorado en Ciencias e Innovaci\u00f3n en Medicina\",\"description\":\"\",\"inLanguage\":\"es\"}]}<\/script>\n<!-- \/ Yoast SEO plugin. -->","yoast_head_json":{"title":"Alberto Lecaros, PhD - Doctorado en Ciencias e Innovaci\u00f3n en Medicina","robots":{"index":"noindex","follow":"follow","max-snippet":"max-snippet:-1","max-image-preview":"max-image-preview:large","max-video-preview":"max-video-preview:-1"},"og_locale":"es_ES","og_type":"article","og_title":"Alberto Lecaros, PhD - Doctorado en Ciencias e Innovaci\u00f3n en Medicina","og_url":"https:\/\/medicina.udd.cl\/doctorado\/persona\/alberto-lecaros-phd\/","og_site_name":"Doctorado en Ciencias e Innovaci\u00f3n en Medicina","article_modified_time":"2025-09-02T17:05:46+00:00","og_image":[{"width":460,"height":473,"url":"http:\/\/medicina.udd.cl\/doctorado\/files\/2025\/09\/juan-alberto-lecaros-rb_.png","type":"image\/png"}],"twitter_card":"summary_large_image","twitter_misc":{"Tiempo de lectura":"1 minuto"},"schema":{"@context":"https:\/\/schema.org","@graph":[{"@type":"WebPage","@id":"https:\/\/medicina.udd.cl\/doctorado\/persona\/alberto-lecaros-phd\/","url":"https:\/\/medicina.udd.cl\/doctorado\/persona\/alberto-lecaros-phd\/","name":"Alberto Lecaros, PhD - Doctorado en Ciencias e Innovaci\u00f3n en Medicina","isPartOf":{"@id":"https:\/\/medicina.udd.cl\/doctorado\/#website"},"primaryImageOfPage":{"@id":"https:\/\/medicina.udd.cl\/doctorado\/persona\/alberto-lecaros-phd\/#primaryimage"},"image":{"@id":"https:\/\/medicina.udd.cl\/doctorado\/persona\/alberto-lecaros-phd\/#primaryimage"},"thumbnailUrl":"https:\/\/medicina.udd.cl\/doctorado\/files\/2025\/09\/juan-alberto-lecaros-rb_.png","datePublished":"2016-10-05T15:49:47+00:00","dateModified":"2025-09-02T17:05:46+00:00","breadcrumb":{"@id":"https:\/\/medicina.udd.cl\/doctorado\/persona\/alberto-lecaros-phd\/#breadcrumb"},"inLanguage":"es","potentialAction":[{"@type":"ReadAction","target":["https:\/\/medicina.udd.cl\/doctorado\/persona\/alberto-lecaros-phd\/"]}]},{"@type":"ImageObject","inLanguage":"es","@id":"https:\/\/medicina.udd.cl\/doctorado\/persona\/alberto-lecaros-phd\/#primaryimage","url":"https:\/\/medicina.udd.cl\/doctorado\/files\/2025\/09\/juan-alberto-lecaros-rb_.png","contentUrl":"https:\/\/medicina.udd.cl\/doctorado\/files\/2025\/09\/juan-alberto-lecaros-rb_.png","width":460,"height":473},{"@type":"BreadcrumbList","@id":"https:\/\/medicina.udd.cl\/doctorado\/persona\/alberto-lecaros-phd\/#breadcrumb","itemListElement":[{"@type":"ListItem","position":1,"name":"Personas","item":"https:\/\/medicina.udd.cl\/doctorado\/persona\/"},{"@type":"ListItem","position":2,"name":"Alberto Lecaros, PhD"}]},{"@type":"WebSite","@id":"https:\/\/medicina.udd.cl\/doctorado\/#website","url":"https:\/\/medicina.udd.cl\/doctorado\/","name":"Doctorado en Ciencias e Innovaci\u00f3n en Medicina","description":"","inLanguage":"es"}]}},"label":"Alberto Lecaros, PhD","role":"Director del Observatorio de Bio\u00e9tica y Derecho","thumbnail_url":"https:\/\/medicina.udd.cl\/doctorado\/files\/2025\/09\/juan-alberto-lecaros-rb_.png","email":"","tel_job":"","content":{"rendered":"<div class=\"person-modal person-modal--scl\">\n\t<header class=\"person-modal__header\">\n\t\t<div class=\"person-modal__bg\"><\/div>\n\t\t<div class=\"modal-container\">\n\t\t\t\t\t\t<div class=\"person-modal__media\">\n\t\t\t\t<img width=\"460\" height=\"473\" src=\"https:\/\/medicina.udd.cl\/doctorado\/files\/2025\/09\/juan-alberto-lecaros-rb_-62x62.png\" class=\"person-modal__image wp-post-image lazyload\" alt=\"\" decoding=\"async\" loading=\"lazy\" sizes=\"auto, (max-width: 460px) 100vw, 460px\" data-src=\"https:\/\/medicina.udd.cl\/doctorado\/files\/2025\/09\/juan-alberto-lecaros-rb_.png\" data-srcset=\"https:\/\/medicina.udd.cl\/doctorado\/files\/2025\/09\/juan-alberto-lecaros-rb_.png 460w, https:\/\/medicina.udd.cl\/doctorado\/files\/2025\/09\/juan-alberto-lecaros-rb_-292x300.png 292w\" \/>\t\t\t<\/div>\n\t\t\t\t\t\t<div class=\"person-modal__data\">\n\t\t\t\t<h1 class=\"person-modal__name\">Alberto Lecaros, PhD<\/h1>\n\t\t\t\t\t\t\t<span class=\"person-modal__description\">Director del Observatorio de Bio\u00e9tica y Derecho<\/span>\n\t\t\t\t\t\t\t\t\t\t\t\t\t\t\t<\/div>\n\t\t<\/div>\n\t<\/header>\n\t<div class=\"modal-container\">\n\t\t\t<div class=\"person-modal__content text\">\n\t\t\t\t\t\t\t\t\t\t<p>Abogado, U. de Chile. Bachiller en Filosof\u00eda, P. U. Gregoriana de Roma, Italia. Mag\u00edster en Bio\u00e9tica, Instituto Borja de Bio\u00e9tica, U. Ram\u00f3n Llull, Espa\u00f1a. Doctor en Filosof\u00eda, U. Complutense de Madrid, Espa\u00f1a. L\u00edneas de investigaci\u00f3n: Bio\u00e9tica, Bioderecho, \u00e9tica medioambiental.<\/p>\n<p><strong>Actividad profesional y docente<\/strong><\/p>\n<ul>\n<li>Director del Observatorio de Bio\u00e9tica &amp; Derecho de la Universidad del Desarrollo.<\/li>\n<li>Director del Centro de Bio\u00e9tica de la Facultad de Medicina Cl\u00ednica Alemana Universidad del Desarrollo.<\/li>\n<\/ul>\n<p><strong>Distinciones<\/strong><\/p>\n<p>Premio \u201cManuel Velasco Su\u00e1rez\u201d a la Excelencia en Salud P\u00fablica Iberoamericana 2012.<\/p>\n\t\t<\/div>\n\t<\/div>\n<\/div>\n"},"identifier":"14748b157012cdcfdf8c45d326829226b82dc4db","has_credential":[],"given_name":"Alberto","family_name":"Lecaros, PhD","name":"Alberto Lecaros, PhD","job_title":"Director del Observatorio de Bio\u00e9tica y Derecho","telephone":"","note":"","im":"","_self_schedule":null,"_links":{"self":[{"href":"https:\/\/medicina.udd.cl\/doctorado\/wp-json\/wp\/v2\/people\/265","targetHints":{"allow":["GET"]}}],"collection":[{"href":"https:\/\/medicina.udd.cl\/doctorado\/wp-json\/wp\/v2\/people"}],"about":[{"href":"https:\/\/medicina.udd.cl\/doctorado\/wp-json\/wp\/v2\/types\/person"}],"wp:featuredmedia":[{"embeddable":true,"href":"https:\/\/medicina.udd.cl\/doctorado\/wp-json\/wp\/v2\/media\/2934"}],"wp:attachment":[{"href":"https:\/\/medicina.udd.cl\/doctorado\/wp-json\/wp\/v2\/media?parent=265"}],"wp:term":[{"taxonomy":"people_tax","embeddable":true,"href":"https:\/\/medicina.udd.cl\/doctorado\/wp-json\/wp\/v2\/people_tax?post=265"},{"taxonomy":"people_areas","embeddable":true,"href":"https:\/\/medicina.udd.cl\/doctorado\/wp-json\/wp\/v2\/people_areas?post=265"},{"taxonomy":"people_levels","embeddable":true,"href":"https:\/\/medicina.udd.cl\/doctorado\/wp-json\/wp\/v2\/people_levels?post=265"}],"curies":[{"name":"wp","href":"https:\/\/api.w.org\/{rel}","templated":true}]}}

<!-- This site is optimized with the Yoast SEO plugin v26.9 - https://yoast.com/product/yoast-seo-wordpress/ -->
<title>Alberto Lecaros, PhD - Doctorado en Ciencias e Innovación en Medicina</title>
<meta name="robots" content="noindex, follow, max-snippet:-1, max-image-preview:large, max-video-preview:-1" />
<meta property="og:locale" content="es_ES" />
<meta property="og:type" content="article" />
<meta property="og:title" content="Alberto Lecaros, PhD - Doctorado en Ciencias e Innovación en Medicina" />
<meta property="og:url" content="https://medicina.udd.cl/doctorado/persona/alberto-lecaros-phd/" />
<meta property="og:site_name" content="Doctorado en Ciencias e Innovación en Medicina" />
<meta property="article:modified_time" content="2025-09-02T17:05:46+00:00" />
<meta property="og:image" content="http://medicina.udd.cl/doctorado/files/2025/09/juan-alberto-lecaros-rb_.png" />
	<meta property="og:image:width" content="460" />
	<meta property="og:image:height" content="473" />
	<meta property="og:image:type" content="image/png" />
<meta name="twitter:card" content="summary_large_image" />
<meta name="twitter:label1" content="Tiempo de lectura" />
	<meta name="twitter:data1" content="1 minuto" />
<script type="application/ld+json" class="yoast-schema-graph">{"@context":"https://schema.org","@graph":[{"@type":"WebPage","@id":"https://medicina.udd.cl/doctorado/persona/alberto-lecaros-phd/","url":"https://medicina.udd.cl/doctorado/persona/alberto-lecaros-phd/","name":"Alberto Lecaros, PhD - Doctorado en Ciencias e Innovación en Medicina","isPartOf":{"@id":"https://medicina.udd.cl/doctorado/#website"},"primaryImageOfPage":{"@id":"https://medicina.udd.cl/doctorado/persona/alberto-lecaros-phd/#primaryimage"},"image":{"@id":"https://medicina.udd.cl/doctorado/persona/alberto-lecaros-phd/#primaryimage"},"thumbnailUrl":"https://medicina.udd.cl/doctorado/files/2025/09/juan-alberto-lecaros-rb_.png","datePublished":"2016-10-05T15:49:47+00:00","dateModified":"2025-09-02T17:05:46+00:00","breadcrumb":{"@id":"https://medicina.udd.cl/doctorado/persona/alberto-lecaros-phd/#breadcrumb"},"inLanguage":"es","potentialAction":[{"@type":"ReadAction","target":["https://medicina.udd.cl/doctorado/persona/alberto-lecaros-phd/"]}]},{"@type":"ImageObject","inLanguage":"es","@id":"https://medicina.udd.cl/doctorado/persona/alberto-lecaros-phd/#primaryimage","url":"https://medicina.udd.cl/doctorado/files/2025/09/juan-alberto-lecaros-rb_.png","contentUrl":"https://medicina.udd.cl/doctorado/files/2025/09/juan-alberto-lecaros-rb_.png","width":460,"height":473},{"@type":"BreadcrumbList","@id":"https://medicina.udd.cl/doctorado/persona/alberto-lecaros-phd/#breadcrumb","itemListElement":[{"@type":"ListItem","position":1,"name":"Personas","item":"https://medicina.udd.cl/doctorado/persona/"},{"@type":"ListItem","position":2,"name":"Alberto Lecaros, PhD"}]},{"@type":"WebSite","@id":"https://medicina.udd.cl/doctorado/#website","url":"https://medicina.udd.cl/doctorado/","name":"Doctorado en Ciencias e Innovación en Medicina","description":"","inLanguage":"es"}]}</script>
<!-- / Yoast SEO plugin. -->

Alberto Lecaros, PhD - Doctorado en Ciencias e Innovación en Medicina

Doctorado en Ciencias e Innovación en Medicina

Director del Observatorio de Bioética y Derecho

<div class="person-modal person-modal--scl">
	<header class="person-modal__header">
		<div class="person-modal__bg"></div>
		<div class="modal-container">
						<div class="person-modal__media">
				<img width="460" height="473" src="https://medicina.udd.cl/doctorado/files/2025/09/juan-alberto-lecaros-rb_-62x62.png" class="person-modal__image wp-post-image lazyload" alt="" decoding="async" loading="lazy" sizes="auto, (max-width: 460px) 100vw, 460px" data-src="https://medicina.udd.cl/doctorado/files/2025/09/juan-alberto-lecaros-rb_.png" data-srcset="https://medicina.udd.cl/doctorado/files/2025/09/juan-alberto-lecaros-rb_.png 460w, https://medicina.udd.cl/doctorado/files/2025/09/juan-alberto-lecaros-rb_-292x300.png 292w" />			</div>
						<div class="person-modal__data">
				<h1 class="person-modal__name">Alberto Lecaros, PhD</h1>
							<span class="person-modal__description">Director del Observatorio de Bioética y Derecho</span>
															</div>
		</div>
	</header>
	<div class="modal-container">
			<div class="person-modal__content text">
										<p>Abogado, U. de Chile. Bachiller en Filosofía, P. U. Gregoriana de Roma, Italia. Magíster en Bioética, Instituto Borja de Bioética, U. Ramón Llull, España. Doctor en Filosofía, U. Complutense de Madrid, España. Líneas de investigación: Bioética, Bioderecho, ética medioambiental.</p>
<p><strong>Actividad profesional y docente</strong></p>
<ul>
<li>Director del Observatorio de Bioética &amp; Derecho de la Universidad del Desarrollo.</li>
<li>Director del Centro de Bioética de la Facultad de Medicina Clínica Alemana Universidad del Desarrollo.</li>
</ul>
<p><strong>Distinciones</strong></p>
<p>Premio “Manuel Velasco Suárez” a la Excelencia en Salud Pública Iberoamericana 2012.</p>
		</div>
	</div>
</div>
