{"id":2982,"date":"2025-09-03T17:29:24","date_gmt":"2025-09-03T21:29:24","guid":{"rendered":"https:\/\/medicina.udd.cl\/doctorado\/?post_type=person&#038;p=2982"},"modified":"2025-09-03T17:29:24","modified_gmt":"2025-09-03T21:29:24","slug":"natalia-ibarra-cortes","status":"publish","type":"person","link":"https:\/\/medicina.udd.cl\/doctorado\/persona\/natalia-ibarra-cortes\/","title":{"rendered":"Natalia Ibarra Cort\u00e9s"},"featured_media":2963,"template":"","people_tax":[],"people_areas":[],"people_levels":[],"class_list":["post-2982","person","type-person","status-publish","has-post-thumbnail","hentry"],"yoast_head":"<!-- This site is optimized with the Yoast SEO plugin v26.9 - https:\/\/yoast.com\/product\/yoast-seo-wordpress\/ -->\n<title>Natalia Ibarra Cort\u00e9s - Doctorado en Ciencias e Innovaci\u00f3n en Medicina<\/title>\n<meta name=\"robots\" content=\"noindex, follow, max-snippet:-1, max-image-preview:large, max-video-preview:-1\" \/>\n<meta property=\"og:locale\" content=\"es_ES\" \/>\n<meta property=\"og:type\" content=\"article\" \/>\n<meta property=\"og:title\" content=\"Natalia Ibarra Cort\u00e9s - Doctorado en Ciencias e Innovaci\u00f3n en Medicina\" \/>\n<meta property=\"og:url\" content=\"https:\/\/medicina.udd.cl\/doctorado\/persona\/natalia-ibarra-cortes\/\" \/>\n<meta property=\"og:site_name\" content=\"Doctorado en Ciencias e Innovaci\u00f3n en Medicina\" \/>\n<meta property=\"og:image\" content=\"http:\/\/medicina.udd.cl\/doctorado\/files\/2025\/09\/natalia-ibarra-scaled.jpg\" \/>\n\t<meta property=\"og:image:width\" content=\"1922\" \/>\n\t<meta property=\"og:image:height\" content=\"2560\" \/>\n\t<meta property=\"og:image:type\" content=\"image\/jpeg\" \/>\n<meta name=\"twitter:card\" content=\"summary_large_image\" \/>\n<meta name=\"twitter:label1\" content=\"Tiempo de lectura\" \/>\n\t<meta name=\"twitter:data1\" content=\"1 minuto\" \/>\n<script type=\"application\/ld+json\" class=\"yoast-schema-graph\">{\"@context\":\"https:\/\/schema.org\",\"@graph\":[{\"@type\":\"WebPage\",\"@id\":\"https:\/\/medicina.udd.cl\/doctorado\/persona\/natalia-ibarra-cortes\/\",\"url\":\"https:\/\/medicina.udd.cl\/doctorado\/persona\/natalia-ibarra-cortes\/\",\"name\":\"Natalia Ibarra Cort\u00e9s - Doctorado en Ciencias e Innovaci\u00f3n en Medicina\",\"isPartOf\":{\"@id\":\"https:\/\/medicina.udd.cl\/doctorado\/#website\"},\"primaryImageOfPage\":{\"@id\":\"https:\/\/medicina.udd.cl\/doctorado\/persona\/natalia-ibarra-cortes\/#primaryimage\"},\"image\":{\"@id\":\"https:\/\/medicina.udd.cl\/doctorado\/persona\/natalia-ibarra-cortes\/#primaryimage\"},\"thumbnailUrl\":\"https:\/\/medicina.udd.cl\/doctorado\/files\/2025\/09\/natalia-ibarra-scaled.jpg\",\"datePublished\":\"2025-09-03T21:29:24+00:00\",\"breadcrumb\":{\"@id\":\"https:\/\/medicina.udd.cl\/doctorado\/persona\/natalia-ibarra-cortes\/#breadcrumb\"},\"inLanguage\":\"es\",\"potentialAction\":[{\"@type\":\"ReadAction\",\"target\":[\"https:\/\/medicina.udd.cl\/doctorado\/persona\/natalia-ibarra-cortes\/\"]}]},{\"@type\":\"ImageObject\",\"inLanguage\":\"es\",\"@id\":\"https:\/\/medicina.udd.cl\/doctorado\/persona\/natalia-ibarra-cortes\/#primaryimage\",\"url\":\"https:\/\/medicina.udd.cl\/doctorado\/files\/2025\/09\/natalia-ibarra-scaled.jpg\",\"contentUrl\":\"https:\/\/medicina.udd.cl\/doctorado\/files\/2025\/09\/natalia-ibarra-scaled.jpg\",\"width\":1922,\"height\":2560},{\"@type\":\"BreadcrumbList\",\"@id\":\"https:\/\/medicina.udd.cl\/doctorado\/persona\/natalia-ibarra-cortes\/#breadcrumb\",\"itemListElement\":[{\"@type\":\"ListItem\",\"position\":1,\"name\":\"Personas\",\"item\":\"https:\/\/medicina.udd.cl\/doctorado\/persona\/\"},{\"@type\":\"ListItem\",\"position\":2,\"name\":\"Natalia Ibarra Cort\u00e9s\"}]},{\"@type\":\"WebSite\",\"@id\":\"https:\/\/medicina.udd.cl\/doctorado\/#website\",\"url\":\"https:\/\/medicina.udd.cl\/doctorado\/\",\"name\":\"Doctorado en Ciencias e Innovaci\u00f3n en Medicina\",\"description\":\"\",\"inLanguage\":\"es\"}]}<\/script>\n<!-- \/ Yoast SEO plugin. -->","yoast_head_json":{"title":"Natalia Ibarra Cort\u00e9s - Doctorado en Ciencias e Innovaci\u00f3n en Medicina","robots":{"index":"noindex","follow":"follow","max-snippet":"max-snippet:-1","max-image-preview":"max-image-preview:large","max-video-preview":"max-video-preview:-1"},"og_locale":"es_ES","og_type":"article","og_title":"Natalia Ibarra Cort\u00e9s - Doctorado en Ciencias e Innovaci\u00f3n en Medicina","og_url":"https:\/\/medicina.udd.cl\/doctorado\/persona\/natalia-ibarra-cortes\/","og_site_name":"Doctorado en Ciencias e Innovaci\u00f3n en Medicina","og_image":[{"width":1922,"height":2560,"url":"http:\/\/medicina.udd.cl\/doctorado\/files\/2025\/09\/natalia-ibarra-scaled.jpg","type":"image\/jpeg"}],"twitter_card":"summary_large_image","twitter_misc":{"Tiempo de lectura":"1 minuto"},"schema":{"@context":"https:\/\/schema.org","@graph":[{"@type":"WebPage","@id":"https:\/\/medicina.udd.cl\/doctorado\/persona\/natalia-ibarra-cortes\/","url":"https:\/\/medicina.udd.cl\/doctorado\/persona\/natalia-ibarra-cortes\/","name":"Natalia Ibarra Cort\u00e9s - Doctorado en Ciencias e Innovaci\u00f3n en Medicina","isPartOf":{"@id":"https:\/\/medicina.udd.cl\/doctorado\/#website"},"primaryImageOfPage":{"@id":"https:\/\/medicina.udd.cl\/doctorado\/persona\/natalia-ibarra-cortes\/#primaryimage"},"image":{"@id":"https:\/\/medicina.udd.cl\/doctorado\/persona\/natalia-ibarra-cortes\/#primaryimage"},"thumbnailUrl":"https:\/\/medicina.udd.cl\/doctorado\/files\/2025\/09\/natalia-ibarra-scaled.jpg","datePublished":"2025-09-03T21:29:24+00:00","breadcrumb":{"@id":"https:\/\/medicina.udd.cl\/doctorado\/persona\/natalia-ibarra-cortes\/#breadcrumb"},"inLanguage":"es","potentialAction":[{"@type":"ReadAction","target":["https:\/\/medicina.udd.cl\/doctorado\/persona\/natalia-ibarra-cortes\/"]}]},{"@type":"ImageObject","inLanguage":"es","@id":"https:\/\/medicina.udd.cl\/doctorado\/persona\/natalia-ibarra-cortes\/#primaryimage","url":"https:\/\/medicina.udd.cl\/doctorado\/files\/2025\/09\/natalia-ibarra-scaled.jpg","contentUrl":"https:\/\/medicina.udd.cl\/doctorado\/files\/2025\/09\/natalia-ibarra-scaled.jpg","width":1922,"height":2560},{"@type":"BreadcrumbList","@id":"https:\/\/medicina.udd.cl\/doctorado\/persona\/natalia-ibarra-cortes\/#breadcrumb","itemListElement":[{"@type":"ListItem","position":1,"name":"Personas","item":"https:\/\/medicina.udd.cl\/doctorado\/persona\/"},{"@type":"ListItem","position":2,"name":"Natalia Ibarra Cort\u00e9s"}]},{"@type":"WebSite","@id":"https:\/\/medicina.udd.cl\/doctorado\/#website","url":"https:\/\/medicina.udd.cl\/doctorado\/","name":"Doctorado en Ciencias e Innovaci\u00f3n en Medicina","description":"","inLanguage":"es"}]}},"label":"Natalia Ibarra Cort\u00e9s","role":"Generaci\u00f3n 2025","thumbnail_url":"https:\/\/medicina.udd.cl\/doctorado\/files\/2025\/09\/natalia-ibarra-500x500.jpg","email":"","tel_job":"","content":{"rendered":"<div class=\"person-modal person-modal--scl\">\n\t<header class=\"person-modal__header\">\n\t\t<div class=\"person-modal__bg\"><\/div>\n\t\t<div class=\"modal-container\">\n\t\t\t\t\t\t<div class=\"person-modal__media\">\n\t\t\t\t<img width=\"500\" height=\"500\" src=\"https:\/\/medicina.udd.cl\/doctorado\/files\/2025\/09\/natalia-ibarra-62x62.jpg\" class=\"person-modal__image wp-post-image lazyload\" alt=\"\" decoding=\"async\" loading=\"lazy\" sizes=\"auto, (max-width: 500px) 100vw, 500px\" data-src=\"https:\/\/medicina.udd.cl\/doctorado\/files\/2025\/09\/natalia-ibarra-500x500.jpg\" data-srcset=\"https:\/\/medicina.udd.cl\/doctorado\/files\/2025\/09\/natalia-ibarra-500x500.jpg 500w, https:\/\/medicina.udd.cl\/doctorado\/files\/2025\/09\/natalia-ibarra-150x150.jpg 150w, https:\/\/medicina.udd.cl\/doctorado\/files\/2025\/09\/natalia-ibarra-62x62.jpg 62w, https:\/\/medicina.udd.cl\/doctorado\/files\/2025\/09\/natalia-ibarra-750x750.jpg 750w, https:\/\/medicina.udd.cl\/doctorado\/files\/2025\/09\/natalia-ibarra-250x250.jpg 250w, https:\/\/medicina.udd.cl\/doctorado\/files\/2025\/09\/natalia-ibarra-126x126.jpg 126w\" \/>\t\t\t<\/div>\n\t\t\t\t\t\t<div class=\"person-modal__data\">\n\t\t\t\t<h1 class=\"person-modal__name\">Natalia Ibarra Cort\u00e9s<\/h1>\n\t\t\t\t\t\t\t<span class=\"person-modal__description\">Generaci\u00f3n 2025<\/span>\n\t\t\t\t\t\t\t\t\t\t\t\t\t\t\t<\/div>\n\t\t<\/div>\n\t<\/header>\n\t<div class=\"modal-container\">\n\t\t\t<div class=\"person-modal__content text\">\n\t\t\t\t\t\t\t\t\t\t<ul>\n<li>Kinesi\u00f3loga. Universidad de Talca. Chile.<\/li>\n<li>Mag\u00edster en Gesti\u00f3n Tecnol\u00f3gica. Universidad de Talca. Chile.<\/li>\n<\/ul>\n\t\t<\/div>\n\t<\/div>\n<\/div>\n"},"identifier":"0f321df39b05d82e7f93182d21809078009a31f4","has_credential":[],"given_name":"Natalia","family_name":"Ibarra Cort\u00e9s","name":"Natalia Ibarra Cort\u00e9s","job_title":"Generaci\u00f3n 2025","telephone":"","note":"","im":"","_self_schedule":null,"_links":{"self":[{"href":"https:\/\/medicina.udd.cl\/doctorado\/wp-json\/wp\/v2\/people\/2982","targetHints":{"allow":["GET"]}}],"collection":[{"href":"https:\/\/medicina.udd.cl\/doctorado\/wp-json\/wp\/v2\/people"}],"about":[{"href":"https:\/\/medicina.udd.cl\/doctorado\/wp-json\/wp\/v2\/types\/person"}],"wp:featuredmedia":[{"embeddable":true,"href":"https:\/\/medicina.udd.cl\/doctorado\/wp-json\/wp\/v2\/media\/2963"}],"wp:attachment":[{"href":"https:\/\/medicina.udd.cl\/doctorado\/wp-json\/wp\/v2\/media?parent=2982"}],"wp:term":[{"taxonomy":"people_tax","embeddable":true,"href":"https:\/\/medicina.udd.cl\/doctorado\/wp-json\/wp\/v2\/people_tax?post=2982"},{"taxonomy":"people_areas","embeddable":true,"href":"https:\/\/medicina.udd.cl\/doctorado\/wp-json\/wp\/v2\/people_areas?post=2982"},{"taxonomy":"people_levels","embeddable":true,"href":"https:\/\/medicina.udd.cl\/doctorado\/wp-json\/wp\/v2\/people_levels?post=2982"}],"curies":[{"name":"wp","href":"https:\/\/api.w.org\/{rel}","templated":true}]}}

Natalia Ibarra Cortés

<!-- This site is optimized with the Yoast SEO plugin v26.9 - https://yoast.com/product/yoast-seo-wordpress/ -->
<title>Natalia Ibarra Cortés - Doctorado en Ciencias e Innovación en Medicina</title>
<meta name="robots" content="noindex, follow, max-snippet:-1, max-image-preview:large, max-video-preview:-1" />
<meta property="og:locale" content="es_ES" />
<meta property="og:type" content="article" />
<meta property="og:title" content="Natalia Ibarra Cortés - Doctorado en Ciencias e Innovación en Medicina" />
<meta property="og:url" content="https://medicina.udd.cl/doctorado/persona/natalia-ibarra-cortes/" />
<meta property="og:site_name" content="Doctorado en Ciencias e Innovación en Medicina" />
<meta property="og:image" content="http://medicina.udd.cl/doctorado/files/2025/09/natalia-ibarra-scaled.jpg" />
	<meta property="og:image:width" content="1922" />
	<meta property="og:image:height" content="2560" />
	<meta property="og:image:type" content="image/jpeg" />
<meta name="twitter:card" content="summary_large_image" />
<meta name="twitter:label1" content="Tiempo de lectura" />
	<meta name="twitter:data1" content="1 minuto" />
<script type="application/ld+json" class="yoast-schema-graph">{"@context":"https://schema.org","@graph":[{"@type":"WebPage","@id":"https://medicina.udd.cl/doctorado/persona/natalia-ibarra-cortes/","url":"https://medicina.udd.cl/doctorado/persona/natalia-ibarra-cortes/","name":"Natalia Ibarra Cortés - Doctorado en Ciencias e Innovación en Medicina","isPartOf":{"@id":"https://medicina.udd.cl/doctorado/#website"},"primaryImageOfPage":{"@id":"https://medicina.udd.cl/doctorado/persona/natalia-ibarra-cortes/#primaryimage"},"image":{"@id":"https://medicina.udd.cl/doctorado/persona/natalia-ibarra-cortes/#primaryimage"},"thumbnailUrl":"https://medicina.udd.cl/doctorado/files/2025/09/natalia-ibarra-scaled.jpg","datePublished":"2025-09-03T21:29:24+00:00","breadcrumb":{"@id":"https://medicina.udd.cl/doctorado/persona/natalia-ibarra-cortes/#breadcrumb"},"inLanguage":"es","potentialAction":[{"@type":"ReadAction","target":["https://medicina.udd.cl/doctorado/persona/natalia-ibarra-cortes/"]}]},{"@type":"ImageObject","inLanguage":"es","@id":"https://medicina.udd.cl/doctorado/persona/natalia-ibarra-cortes/#primaryimage","url":"https://medicina.udd.cl/doctorado/files/2025/09/natalia-ibarra-scaled.jpg","contentUrl":"https://medicina.udd.cl/doctorado/files/2025/09/natalia-ibarra-scaled.jpg","width":1922,"height":2560},{"@type":"BreadcrumbList","@id":"https://medicina.udd.cl/doctorado/persona/natalia-ibarra-cortes/#breadcrumb","itemListElement":[{"@type":"ListItem","position":1,"name":"Personas","item":"https://medicina.udd.cl/doctorado/persona/"},{"@type":"ListItem","position":2,"name":"Natalia Ibarra Cortés"}]},{"@type":"WebSite","@id":"https://medicina.udd.cl/doctorado/#website","url":"https://medicina.udd.cl/doctorado/","name":"Doctorado en Ciencias e Innovación en Medicina","description":"","inLanguage":"es"}]}</script>
<!-- / Yoast SEO plugin. -->

Natalia Ibarra Cortés - Doctorado en Ciencias e Innovación en Medicina

Doctorado en Ciencias e Innovación en Medicina

Generación 2025

<div class="person-modal person-modal--scl">
	<header class="person-modal__header">
		<div class="person-modal__bg"></div>
		<div class="modal-container">
						<div class="person-modal__media">
				<img width="500" height="500" src="https://medicina.udd.cl/doctorado/files/2025/09/natalia-ibarra-62x62.jpg" class="person-modal__image wp-post-image lazyload" alt="" decoding="async" loading="lazy" sizes="auto, (max-width: 500px) 100vw, 500px" data-src="https://medicina.udd.cl/doctorado/files/2025/09/natalia-ibarra-500x500.jpg" data-srcset="https://medicina.udd.cl/doctorado/files/2025/09/natalia-ibarra-500x500.jpg 500w, https://medicina.udd.cl/doctorado/files/2025/09/natalia-ibarra-150x150.jpg 150w, https://medicina.udd.cl/doctorado/files/2025/09/natalia-ibarra-62x62.jpg 62w, https://medicina.udd.cl/doctorado/files/2025/09/natalia-ibarra-750x750.jpg 750w, https://medicina.udd.cl/doctorado/files/2025/09/natalia-ibarra-250x250.jpg 250w, https://medicina.udd.cl/doctorado/files/2025/09/natalia-ibarra-126x126.jpg 126w" />			</div>
						<div class="person-modal__data">
				<h1 class="person-modal__name">Natalia Ibarra Cortés</h1>
							<span class="person-modal__description">Generación 2025</span>
															</div>
		</div>
	</header>
	<div class="modal-container">
			<div class="person-modal__content text">
										<ul>
<li>Kinesióloga. Universidad de Talca. Chile.</li>
<li>Magíster en Gestión Tecnológica. Universidad de Talca. Chile.</li>
</ul>
		</div>
	</div>
</div>

Ibarra Cortés
