{"id":257,"date":"2012-05-16T15:35:59","date_gmt":"2012-05-16T19:35:59","guid":{"rendered":"http:\/\/medicina.udd.cl\/egresados\/"},"modified":"2012-05-17T15:03:32","modified_gmt":"2012-05-17T19:03:32","slug":"generacion-2009","status":"publish","type":"page","link":"https:\/\/medicina.udd.cl\/egresados\/exalumnos\/generaciones\/medicina\/generacion-2009\/","title":{"rendered":"Generaci\u00f3n 2009"},"content":{"rendered":"<p style=\"text-align: center;\"><a href=\"http:\/\/medicina.udd.cl\/egresados\/files\/2012\/05\/Generaci\u00f3n-2009.jpg\" class=\"thickbox\"><img loading=\"lazy\" decoding=\"async\" class=\"aligncenter size-large wp-image-380\" title=\"Medicina UDD 2009\" src=\"http:\/\/medicina.udd.cl\/egresados\/files\/2012\/05\/Generaci\u00f3n-2009-1024x633.jpg\" alt=\"\" width=\"614\" height=\"380\" srcset=\"https:\/\/medicina.udd.cl\/egresados\/files\/2012\/05\/Generaci\u00f3n-2009-1024x633.jpg 1024w, https:\/\/medicina.udd.cl\/egresados\/files\/2012\/05\/Generaci\u00f3n-2009-300x185.jpg 300w, https:\/\/medicina.udd.cl\/egresados\/files\/2012\/05\/Generaci\u00f3n-2009-768x475.jpg 768w, https:\/\/medicina.udd.cl\/egresados\/files\/2012\/05\/Generaci\u00f3n-2009.jpg 1218w\" sizes=\"auto, (max-width: 614px) 100vw, 614px\" \/><\/a><\/p>\n<table style=\"width: 673px;\" border=\"0\" cellspacing=\"0\" cellpadding=\"0\">\n<colgroup>\n<col width=\"328\"><\/col>\n<col width=\"345\"><\/col>\n<\/colgroup>\n<tbody>\n<tr height=\"20\">\n<td width=\"328\" height=\"20\"><strong>Generaci\u00f3n   2009<\/strong><\/td>\n<td width=\"345\"><\/td>\n<\/tr>\n<tr height=\"20\">\n<td height=\"20\">Alexander Boris Bataszew Von Dessauer<\/td>\n<td>Fernando Manr\u00edquez Vargas<\/td>\n<\/tr>\n<tr height=\"20\">\n<td height=\"20\">Carla Pamela   L\u00f3pez Merino<\/td>\n<td>Gabriel Mezzano Puentes<\/td>\n<\/tr>\n<tr height=\"20\">\n<td height=\"20\">Maria Fernanda   Verdugo Ram\u00edrez<\/td>\n<td>Felipe Mingo Fern\u00e1ndez<\/td>\n<\/tr>\n<tr height=\"20\">\n<td height=\"20\">Maria Fernanda   Rozas Villanueva<\/td>\n<td>Pablo Mococain Mac-Iver<\/td>\n<\/tr>\n<tr height=\"20\">\n<td height=\"20\">Javiera Acu\u00f1a   Ruz<\/td>\n<td>Alejandro Ali Molina Cordero<\/td>\n<\/tr>\n<tr height=\"20\">\n<td height=\"20\">Mar\u00eda Jos\u00e9   Aldunce Soto<\/td>\n<td>Diego Mora Clericus<\/td>\n<\/tr>\n<tr height=\"20\">\n<td height=\"20\">Andrea Carolina   Aliste Moreno<\/td>\n<td>Cristian Clemente Mu\u00f1oz Herrera<\/td>\n<\/tr>\n<tr height=\"20\">\n<td height=\"20\">Javiera   Arancibia Henr\u00edquez<\/td>\n<td>Camila Ortega Cuevas<\/td>\n<\/tr>\n<tr height=\"20\">\n<td height=\"20\">Joanna   Britzmann Lewinsohn<\/td>\n<td>Melanie Florence Paccot Burnens<\/td>\n<\/tr>\n<tr height=\"20\">\n<td height=\"20\">Mar\u00eda Magdalena   Canals Cavagnaro<\/td>\n<td>Francisco Javier Pinto Grez<\/td>\n<\/tr>\n<tr height=\"20\">\n<td height=\"20\">Danka Andrea   C\u00e1rdenas Fuentes<\/td>\n<td>Mar\u00eda Paz Pinto Jaramillo<\/td>\n<\/tr>\n<tr height=\"20\">\n<td height=\"20\">Arturo   Cavagnaro Infante<\/td>\n<td>Francisca Pizarro Herrera<\/td>\n<\/tr>\n<tr height=\"20\">\n<td height=\"20\">Claudia Cele   Traverso<\/td>\n<td>Simone Pohlhammer Iturra<\/td>\n<\/tr>\n<tr height=\"20\">\n<td height=\"20\">Valeria Cordero   Kolff<\/td>\n<td>Constanza Pola Segovia<\/td>\n<\/tr>\n<tr height=\"20\">\n<td height=\"20\">\u00d3scar Andr\u00e9s   Cuevas Herreros<\/td>\n<td>Constanza Pulgar Morales<\/td>\n<\/tr>\n<tr height=\"20\">\n<td height=\"20\">Catherin Davies   Parot<\/td>\n<td>Benjam\u00edn Riesco Urrejola<\/td>\n<\/tr>\n<tr height=\"20\">\n<td height=\"20\">Sebasti\u00e1n del   Solar Torres<\/td>\n<td>Jos\u00e9 Luis Riquelme Baechler<\/td>\n<\/tr>\n<tr height=\"20\">\n<td height=\"20\">Maria Gabriela   Doberti Dragnic<\/td>\n<td>Mar\u00eda Jos\u00e9 Roa L\u00f3pez de Heredia<\/td>\n<\/tr>\n<tr height=\"20\">\n<td height=\"20\">Jos\u00e9 Manuel   Fern\u00e1ndez Correa<\/td>\n<td>Catalina Maria Rodr\u00edguez Abraham<\/td>\n<\/tr>\n<tr height=\"20\">\n<td height=\"20\">Andrea Isabell   Fuentealba Cargill<\/td>\n<td>Javiera Catalina Saavedra Nazer<\/td>\n<\/tr>\n<tr height=\"20\">\n<td height=\"20\">\u00c1lvaro Gallardo   Villalobos<\/td>\n<td>Camila Paz Salas Alvarado<\/td>\n<\/tr>\n<tr height=\"20\">\n<td height=\"20\">Eduardo Nicol\u00e1s   Gardella Gardella<\/td>\n<td>Phillipe Salles Gandara<\/td>\n<\/tr>\n<tr height=\"20\">\n<td height=\"20\">Daniela G\u00fcede   Rojas<\/td>\n<td>Andres Schmidt-Hebbel Niehaus<\/td>\n<\/tr>\n<tr height=\"20\">\n<td height=\"20\">Lucas Guti\u00e9rrez   Lafrentz<\/td>\n<td>Pamela Sierra Sim\u00f3n<\/td>\n<\/tr>\n<tr height=\"20\">\n<td height=\"20\">Carlos   Hermansen Ram\u00edrez<\/td>\n<td>Catalina Silva Bonometti<\/td>\n<\/tr>\n<tr height=\"20\">\n<td height=\"20\">Macarena   Honorato Olivares<\/td>\n<td>Milena Stambuk Bic<\/td>\n<\/tr>\n<tr height=\"20\">\n<td height=\"20\">Carolina Andrea   Huerta Estrada<\/td>\n<td>Kristel Strodthoff Simunovic<\/td>\n<\/tr>\n<tr height=\"20\">\n<td height=\"20\">Trinidad   Infante Le\u00f3n<\/td>\n<td>Mar\u00eda Isabel Tagle Reszczynski<\/td>\n<\/tr>\n<tr height=\"20\">\n<td height=\"20\">Jos\u00e9 Vicente   Jara Escobar<\/td>\n<td>Tatiana Torres Astorga<\/td>\n<\/tr>\n<tr height=\"20\">\n<td height=\"20\">David Kohn   Bitr\u00e1n<\/td>\n<td>Joaqu\u00edn Valenzuela Velasco<\/td>\n<\/tr>\n<tr height=\"20\">\n<td height=\"20\">Ana Mar\u00eda Kutz   Escobar<\/td>\n<td>Fernanda Vargas Del Valle<\/td>\n<\/tr>\n<tr height=\"20\">\n<td height=\"20\">Barbara   Christine Laage Vaccaro<\/td>\n<td>Cristian Vergara Flores<\/td>\n<\/tr>\n<tr height=\"20\">\n<td height=\"20\">Francisca Le\u00f3n   Berlec<\/td>\n<td>Bernardita Walker Labarca<\/td>\n<\/tr>\n<tr height=\"20\">\n<td height=\"20\">Camila Letelier   Cosmelli<\/td>\n<td>Rodrigo Alfonso Wulf Iba\u00f1ez<\/td>\n<\/tr>\n<tr height=\"20\">\n<td height=\"20\">Nicol\u00e1s Lira   Orphanopoulos<\/td>\n<td>Mar\u00eda Fernanda Yarad Auad<\/td>\n<\/tr>\n<tr height=\"20\">\n<td height=\"20\">Felipe Andr\u00e9s   Mandujano Torres<\/td>\n<td>Diego Zamorano Valenzuela<\/td>\n<\/tr>\n<\/tbody>\n<\/table>\n","protected":false},"excerpt":{"rendered":"<p>Generaci\u00f3n 2009 Alexander Boris Bataszew Von Dessauer Fernando Manr\u00edquez Vargas Carla Pamela L\u00f3pez Merino Gabriel Mezzano Puentes Maria Fernanda Verdugo Ram\u00edrez Felipe Mingo Fern\u00e1ndez Maria Fernanda Rozas Villanueva Pablo Mococain Mac-Iver Javiera Acu\u00f1a Ruz Alejandro Ali Molina Cordero Mar\u00eda Jos\u00e9 Aldunce Soto Diego Mora Clericus Andrea Carolina Aliste Moreno Cristian Clemente Mu\u00f1oz Herrera Javiera Arancibia [&hellip;]<\/p>\n","protected":false},"author":9192219,"featured_media":0,"parent":251,"menu_order":0,"comment_status":"open","ping_status":"open","template":"wide-default.php","meta":{"footnotes":""},"class_list":["post-257","page","type-page","status-publish","hentry"],"yoast_head":"<!-- This site is optimized with the Yoast SEO plugin v26.9 - https:\/\/yoast.com\/product\/yoast-seo-wordpress\/ -->\n<title>Generaci\u00f3n 2009 - Red de Egresados<\/title>\n<meta name=\"robots\" content=\"index, follow, max-snippet:-1, max-image-preview:large, max-video-preview:-1\" \/>\n<link rel=\"canonical\" href=\"https:\/\/medicina.udd.cl\/egresados\/exalumnos\/generaciones\/medicina\/generacion-2009\/\" \/>\n<meta property=\"og:locale\" content=\"es_ES\" \/>\n<meta property=\"og:type\" content=\"article\" \/>\n<meta property=\"og:title\" content=\"Generaci\u00f3n 2009 - Red de Egresados\" \/>\n<meta property=\"og:description\" content=\"Generaci\u00f3n 2009 Alexander Boris Bataszew Von Dessauer Fernando Manr\u00edquez Vargas Carla Pamela L\u00f3pez Merino Gabriel Mezzano Puentes Maria Fernanda Verdugo Ram\u00edrez Felipe Mingo Fern\u00e1ndez Maria Fernanda Rozas Villanueva Pablo Mococain Mac-Iver Javiera Acu\u00f1a Ruz Alejandro Ali Molina Cordero Mar\u00eda Jos\u00e9 Aldunce Soto Diego Mora Clericus Andrea Carolina Aliste Moreno Cristian Clemente Mu\u00f1oz Herrera Javiera Arancibia [&hellip;]\" \/>\n<meta property=\"og:url\" content=\"https:\/\/medicina.udd.cl\/egresados\/exalumnos\/generaciones\/medicina\/generacion-2009\/\" \/>\n<meta property=\"og:site_name\" content=\"Red de Egresados\" \/>\n<meta property=\"article:modified_time\" content=\"2012-05-17T19:03:32+00:00\" \/>\n<meta name=\"twitter:label1\" content=\"Tiempo de lectura\" \/>\n\t<meta name=\"twitter:data1\" content=\"1 minuto\" \/>\n<script type=\"application\/ld+json\" class=\"yoast-schema-graph\">{\"@context\":\"https:\/\/schema.org\",\"@graph\":[{\"@type\":\"WebPage\",\"@id\":\"https:\/\/medicina.udd.cl\/egresados\/exalumnos\/generaciones\/medicina\/generacion-2009\/\",\"url\":\"https:\/\/medicina.udd.cl\/egresados\/exalumnos\/generaciones\/medicina\/generacion-2009\/\",\"name\":\"Generaci\u00f3n 2009 - Red de Egresados\",\"isPartOf\":{\"@id\":\"https:\/\/medicina.udd.cl\/egresados\/#website\"},\"datePublished\":\"2012-05-16T19:35:59+00:00\",\"dateModified\":\"2012-05-17T19:03:32+00:00\",\"breadcrumb\":{\"@id\":\"https:\/\/medicina.udd.cl\/egresados\/exalumnos\/generaciones\/medicina\/generacion-2009\/#breadcrumb\"},\"inLanguage\":\"es\",\"potentialAction\":[{\"@type\":\"ReadAction\",\"target\":[\"https:\/\/medicina.udd.cl\/egresados\/exalumnos\/generaciones\/medicina\/generacion-2009\/\"]}]},{\"@type\":\"BreadcrumbList\",\"@id\":\"https:\/\/medicina.udd.cl\/egresados\/exalumnos\/generaciones\/medicina\/generacion-2009\/#breadcrumb\",\"itemListElement\":[{\"@type\":\"ListItem\",\"position\":1,\"name\":\"Home\",\"item\":\"https:\/\/medicina.udd.cl\/egresados\/\"},{\"@type\":\"ListItem\",\"position\":2,\"name\":\"Ex Alumnos\",\"item\":\"https:\/\/medicina.udd.cl\/egresados\/exalumnos\/\"},{\"@type\":\"ListItem\",\"position\":3,\"name\":\"Generaciones\",\"item\":\"https:\/\/medicina.udd.cl\/egresados\/exalumnos\/generaciones\/\"},{\"@type\":\"ListItem\",\"position\":4,\"name\":\"Medicina\",\"item\":\"https:\/\/medicina.udd.cl\/egresados\/exalumnos\/generaciones\/medicina\/\"},{\"@type\":\"ListItem\",\"position\":5,\"name\":\"Generaci\u00f3n 2009\"}]},{\"@type\":\"WebSite\",\"@id\":\"https:\/\/medicina.udd.cl\/egresados\/#website\",\"url\":\"https:\/\/medicina.udd.cl\/egresados\/\",\"name\":\"Red de Egresados\",\"description\":\"Just another Medicina site\",\"potentialAction\":[{\"@type\":\"SearchAction\",\"target\":{\"@type\":\"EntryPoint\",\"urlTemplate\":\"https:\/\/medicina.udd.cl\/egresados\/?s={search_term_string}\"},\"query-input\":{\"@type\":\"PropertyValueSpecification\",\"valueRequired\":true,\"valueName\":\"search_term_string\"}}],\"inLanguage\":\"es\"}]}<\/script>\n<!-- \/ Yoast SEO plugin. -->","yoast_head_json":{"title":"Generaci\u00f3n 2009 - Red de Egresados","robots":{"index":"index","follow":"follow","max-snippet":"max-snippet:-1","max-image-preview":"max-image-preview:large","max-video-preview":"max-video-preview:-1"},"canonical":"https:\/\/medicina.udd.cl\/egresados\/exalumnos\/generaciones\/medicina\/generacion-2009\/","og_locale":"es_ES","og_type":"article","og_title":"Generaci\u00f3n 2009 - Red de Egresados","og_description":"Generaci\u00f3n 2009 Alexander Boris Bataszew Von Dessauer Fernando Manr\u00edquez Vargas Carla Pamela L\u00f3pez Merino Gabriel Mezzano Puentes Maria Fernanda Verdugo Ram\u00edrez Felipe Mingo Fern\u00e1ndez Maria Fernanda Rozas Villanueva Pablo Mococain Mac-Iver Javiera Acu\u00f1a Ruz Alejandro Ali Molina Cordero Mar\u00eda Jos\u00e9 Aldunce Soto Diego Mora Clericus Andrea Carolina Aliste Moreno Cristian Clemente Mu\u00f1oz Herrera Javiera Arancibia [&hellip;]","og_url":"https:\/\/medicina.udd.cl\/egresados\/exalumnos\/generaciones\/medicina\/generacion-2009\/","og_site_name":"Red de Egresados","article_modified_time":"2012-05-17T19:03:32+00:00","twitter_misc":{"Tiempo de lectura":"1 minuto"},"schema":{"@context":"https:\/\/schema.org","@graph":[{"@type":"WebPage","@id":"https:\/\/medicina.udd.cl\/egresados\/exalumnos\/generaciones\/medicina\/generacion-2009\/","url":"https:\/\/medicina.udd.cl\/egresados\/exalumnos\/generaciones\/medicina\/generacion-2009\/","name":"Generaci\u00f3n 2009 - Red de Egresados","isPartOf":{"@id":"https:\/\/medicina.udd.cl\/egresados\/#website"},"datePublished":"2012-05-16T19:35:59+00:00","dateModified":"2012-05-17T19:03:32+00:00","breadcrumb":{"@id":"https:\/\/medicina.udd.cl\/egresados\/exalumnos\/generaciones\/medicina\/generacion-2009\/#breadcrumb"},"inLanguage":"es","potentialAction":[{"@type":"ReadAction","target":["https:\/\/medicina.udd.cl\/egresados\/exalumnos\/generaciones\/medicina\/generacion-2009\/"]}]},{"@type":"BreadcrumbList","@id":"https:\/\/medicina.udd.cl\/egresados\/exalumnos\/generaciones\/medicina\/generacion-2009\/#breadcrumb","itemListElement":[{"@type":"ListItem","position":1,"name":"Home","item":"https:\/\/medicina.udd.cl\/egresados\/"},{"@type":"ListItem","position":2,"name":"Ex Alumnos","item":"https:\/\/medicina.udd.cl\/egresados\/exalumnos\/"},{"@type":"ListItem","position":3,"name":"Generaciones","item":"https:\/\/medicina.udd.cl\/egresados\/exalumnos\/generaciones\/"},{"@type":"ListItem","position":4,"name":"Medicina","item":"https:\/\/medicina.udd.cl\/egresados\/exalumnos\/generaciones\/medicina\/"},{"@type":"ListItem","position":5,"name":"Generaci\u00f3n 2009"}]},{"@type":"WebSite","@id":"https:\/\/medicina.udd.cl\/egresados\/#website","url":"https:\/\/medicina.udd.cl\/egresados\/","name":"Red de Egresados","description":"Just another Medicina site","potentialAction":[{"@type":"SearchAction","target":{"@type":"EntryPoint","urlTemplate":"https:\/\/medicina.udd.cl\/egresados\/?s={search_term_string}"},"query-input":{"@type":"PropertyValueSpecification","valueRequired":true,"valueName":"search_term_string"}}],"inLanguage":"es"}]}},"_links":{"self":[{"href":"https:\/\/medicina.udd.cl\/egresados\/wp-json\/wp\/v2\/pages\/257","targetHints":{"allow":["GET"]}}],"collection":[{"href":"https:\/\/medicina.udd.cl\/egresados\/wp-json\/wp\/v2\/pages"}],"about":[{"href":"https:\/\/medicina.udd.cl\/egresados\/wp-json\/wp\/v2\/types\/page"}],"author":[{"embeddable":true,"href":"https:\/\/medicina.udd.cl\/egresados\/wp-json\/wp\/v2\/users\/9192219"}],"replies":[{"embeddable":true,"href":"https:\/\/medicina.udd.cl\/egresados\/wp-json\/wp\/v2\/comments?post=257"}],"version-history":[{"count":7,"href":"https:\/\/medicina.udd.cl\/egresados\/wp-json\/wp\/v2\/pages\/257\/revisions"}],"predecessor-version":[{"id":440,"href":"https:\/\/medicina.udd.cl\/egresados\/wp-json\/wp\/v2\/pages\/257\/revisions\/440"}],"up":[{"embeddable":true,"href":"https:\/\/medicina.udd.cl\/egresados\/wp-json\/wp\/v2\/pages\/251"}],"wp:attachment":[{"href":"https:\/\/medicina.udd.cl\/egresados\/wp-json\/wp\/v2\/media?parent=257"}],"curies":[{"name":"wp","href":"https:\/\/api.w.org\/{rel}","templated":true}]}}