{"id":36,"date":"2011-10-04T12:19:49","date_gmt":"2011-10-04T15:19:49","guid":{"rendered":"http:\/\/medicina.udd.cl\/egresados\/"},"modified":"2011-10-20T15:12:39","modified_gmt":"2011-10-20T18:12:39","slug":"%c2%bfcomo-trabajamos","status":"publish","type":"page","link":"https:\/\/medicina.udd.cl\/egresados\/exalumnos\/%c2%bfcomo-trabajamos\/","title":{"rendered":"\u00bfC\u00f3mo trabajamos?"},"content":{"rendered":"<ul>\n<li>\n<div style=\"text-align: justify;\">Mantenemos continuamente actualizada una base de datos que permite realizar un seguimiento de los egresados y as\u00ed detectar sus necesidades acad\u00e9micas, laborales, de actualizaci\u00f3n y su distribuci\u00f3n geogr\u00e1fica.<\/div>\n<\/li>\n<li>\n<div style=\"text-align: justify;\">Realizamos actividades de vinculaci\u00f3n con los egresados, tales como encuentros acad\u00e9micos, sociales, deportivos o culturales.<\/div>\n<\/li>\n<li>\n<div style=\"text-align: justify;\">Promovemos el intercambio acad\u00e9mico de alumnos, ex alumnos y docentes con facultades extranjeras, con el fin de posicionar la Facultad de Medicina CAS-UDD en el \u00e1mbito internacional.<\/div>\n<\/li>\n<\/ul>\n","protected":false},"excerpt":{"rendered":"<p>Conoce nuestros objetivos. <\/p>\n","protected":false},"author":9192219,"featured_media":0,"parent":3,"menu_order":3,"comment_status":"open","ping_status":"open","template":"wide-default.php","meta":{"footnotes":""},"class_list":["post-36","page","type-page","status-publish","hentry"],"yoast_head":"<!-- This site is optimized with the Yoast SEO plugin v26.9 - https:\/\/yoast.com\/product\/yoast-seo-wordpress\/ -->\n<title>\u00bfC\u00f3mo trabajamos? - Red de Egresados<\/title>\n<meta name=\"robots\" content=\"index, follow, max-snippet:-1, max-image-preview:large, max-video-preview:-1\" \/>\n<link rel=\"canonical\" href=\"https:\/\/medicina.udd.cl\/egresados\/exalumnos\/\u00bfcomo-trabajamos\/\" \/>\n<meta property=\"og:locale\" content=\"es_ES\" \/>\n<meta property=\"og:type\" content=\"article\" \/>\n<meta property=\"og:title\" content=\"\u00bfC\u00f3mo trabajamos? - Red de Egresados\" \/>\n<meta property=\"og:description\" content=\"Conoce nuestros objetivos.\" \/>\n<meta property=\"og:url\" content=\"https:\/\/medicina.udd.cl\/egresados\/exalumnos\/\u00bfcomo-trabajamos\/\" \/>\n<meta property=\"og:site_name\" content=\"Red de Egresados\" \/>\n<meta property=\"article:modified_time\" content=\"2011-10-20T18:12:39+00:00\" \/>\n<script type=\"application\/ld+json\" class=\"yoast-schema-graph\">{\"@context\":\"https:\/\/schema.org\",\"@graph\":[{\"@type\":\"WebPage\",\"@id\":\"https:\/\/medicina.udd.cl\/egresados\/exalumnos\/%c2%bfcomo-trabajamos\/\",\"url\":\"https:\/\/medicina.udd.cl\/egresados\/exalumnos\/%c2%bfcomo-trabajamos\/\",\"name\":\"\u00bfC\u00f3mo trabajamos? - Red de Egresados\",\"isPartOf\":{\"@id\":\"https:\/\/medicina.udd.cl\/egresados\/#website\"},\"datePublished\":\"2011-10-04T15:19:49+00:00\",\"dateModified\":\"2011-10-20T18:12:39+00:00\",\"breadcrumb\":{\"@id\":\"https:\/\/medicina.udd.cl\/egresados\/exalumnos\/%c2%bfcomo-trabajamos\/#breadcrumb\"},\"inLanguage\":\"es\",\"potentialAction\":[{\"@type\":\"ReadAction\",\"target\":[\"https:\/\/medicina.udd.cl\/egresados\/exalumnos\/%c2%bfcomo-trabajamos\/\"]}]},{\"@type\":\"BreadcrumbList\",\"@id\":\"https:\/\/medicina.udd.cl\/egresados\/exalumnos\/%c2%bfcomo-trabajamos\/#breadcrumb\",\"itemListElement\":[{\"@type\":\"ListItem\",\"position\":1,\"name\":\"Home\",\"item\":\"https:\/\/medicina.udd.cl\/egresados\/\"},{\"@type\":\"ListItem\",\"position\":2,\"name\":\"Ex Alumnos\",\"item\":\"https:\/\/medicina.udd.cl\/egresados\/exalumnos\/\"},{\"@type\":\"ListItem\",\"position\":3,\"name\":\"\u00bfC\u00f3mo trabajamos?\"}]},{\"@type\":\"WebSite\",\"@id\":\"https:\/\/medicina.udd.cl\/egresados\/#website\",\"url\":\"https:\/\/medicina.udd.cl\/egresados\/\",\"name\":\"Red de Egresados\",\"description\":\"Just another Medicina site\",\"potentialAction\":[{\"@type\":\"SearchAction\",\"target\":{\"@type\":\"EntryPoint\",\"urlTemplate\":\"https:\/\/medicina.udd.cl\/egresados\/?s={search_term_string}\"},\"query-input\":{\"@type\":\"PropertyValueSpecification\",\"valueRequired\":true,\"valueName\":\"search_term_string\"}}],\"inLanguage\":\"es\"}]}<\/script>\n<!-- \/ Yoast SEO plugin. -->","yoast_head_json":{"title":"\u00bfC\u00f3mo trabajamos? - Red de Egresados","robots":{"index":"index","follow":"follow","max-snippet":"max-snippet:-1","max-image-preview":"max-image-preview:large","max-video-preview":"max-video-preview:-1"},"canonical":"https:\/\/medicina.udd.cl\/egresados\/exalumnos\/\u00bfcomo-trabajamos\/","og_locale":"es_ES","og_type":"article","og_title":"\u00bfC\u00f3mo trabajamos? - Red de Egresados","og_description":"Conoce nuestros objetivos.","og_url":"https:\/\/medicina.udd.cl\/egresados\/exalumnos\/\u00bfcomo-trabajamos\/","og_site_name":"Red de Egresados","article_modified_time":"2011-10-20T18:12:39+00:00","schema":{"@context":"https:\/\/schema.org","@graph":[{"@type":"WebPage","@id":"https:\/\/medicina.udd.cl\/egresados\/exalumnos\/%c2%bfcomo-trabajamos\/","url":"https:\/\/medicina.udd.cl\/egresados\/exalumnos\/%c2%bfcomo-trabajamos\/","name":"\u00bfC\u00f3mo trabajamos? - Red de Egresados","isPartOf":{"@id":"https:\/\/medicina.udd.cl\/egresados\/#website"},"datePublished":"2011-10-04T15:19:49+00:00","dateModified":"2011-10-20T18:12:39+00:00","breadcrumb":{"@id":"https:\/\/medicina.udd.cl\/egresados\/exalumnos\/%c2%bfcomo-trabajamos\/#breadcrumb"},"inLanguage":"es","potentialAction":[{"@type":"ReadAction","target":["https:\/\/medicina.udd.cl\/egresados\/exalumnos\/%c2%bfcomo-trabajamos\/"]}]},{"@type":"BreadcrumbList","@id":"https:\/\/medicina.udd.cl\/egresados\/exalumnos\/%c2%bfcomo-trabajamos\/#breadcrumb","itemListElement":[{"@type":"ListItem","position":1,"name":"Home","item":"https:\/\/medicina.udd.cl\/egresados\/"},{"@type":"ListItem","position":2,"name":"Ex Alumnos","item":"https:\/\/medicina.udd.cl\/egresados\/exalumnos\/"},{"@type":"ListItem","position":3,"name":"\u00bfC\u00f3mo trabajamos?"}]},{"@type":"WebSite","@id":"https:\/\/medicina.udd.cl\/egresados\/#website","url":"https:\/\/medicina.udd.cl\/egresados\/","name":"Red de Egresados","description":"Just another Medicina site","potentialAction":[{"@type":"SearchAction","target":{"@type":"EntryPoint","urlTemplate":"https:\/\/medicina.udd.cl\/egresados\/?s={search_term_string}"},"query-input":{"@type":"PropertyValueSpecification","valueRequired":true,"valueName":"search_term_string"}}],"inLanguage":"es"}]}},"_links":{"self":[{"href":"https:\/\/medicina.udd.cl\/egresados\/wp-json\/wp\/v2\/pages\/36","targetHints":{"allow":["GET"]}}],"collection":[{"href":"https:\/\/medicina.udd.cl\/egresados\/wp-json\/wp\/v2\/pages"}],"about":[{"href":"https:\/\/medicina.udd.cl\/egresados\/wp-json\/wp\/v2\/types\/page"}],"author":[{"embeddable":true,"href":"https:\/\/medicina.udd.cl\/egresados\/wp-json\/wp\/v2\/users\/9192219"}],"replies":[{"embeddable":true,"href":"https:\/\/medicina.udd.cl\/egresados\/wp-json\/wp\/v2\/comments?post=36"}],"version-history":[{"count":3,"href":"https:\/\/medicina.udd.cl\/egresados\/wp-json\/wp\/v2\/pages\/36\/revisions"}],"predecessor-version":[{"id":119,"href":"https:\/\/medicina.udd.cl\/egresados\/wp-json\/wp\/v2\/pages\/36\/revisions\/119"}],"up":[{"embeddable":true,"href":"https:\/\/medicina.udd.cl\/egresados\/wp-json\/wp\/v2\/pages\/3"}],"wp:attachment":[{"href":"https:\/\/medicina.udd.cl\/egresados\/wp-json\/wp\/v2\/media?parent=36"}],"curies":[{"name":"wp","href":"https:\/\/api.w.org\/{rel}","templated":true}]}}